{"id":73156,"date":"2025-07-25T09:36:56","date_gmt":"2025-07-25T09:36:56","guid":{"rendered":"https:\/\/autorival.ro\/volvo\/product\/bieleta-directie-volvo-c30-533-t5-benzina-220-cai-meyle-516-031-0003\/"},"modified":"2025-07-25T09:36:56","modified_gmt":"2025-07-25T09:36:56","slug":"bieleta-directie-volvo-c30-533-t5-benzina-220-cai-meyle-516-031-0003","status":"publish","type":"product","link":"https:\/\/autorival.ro\/volvo\/product\/bieleta-directie-volvo-c30-533-t5-benzina-220-cai-meyle-516-031-0003\/","title":{"rendered":"Bieleta directie VOLVO C30 (533) T5 benzina 220 cai MEYLE 516 031 0003"},"content":{"rendered":"<p>Partea de montare: Axa fata stanga, Axa fata dreapta ->Lungime [mm]: 294 ->Dimensiune filet 1: M14x1,5 ->Dimensiune filet 2: M16x1,5\u00eenlocuire \u00een pereche recomandat\u0103Numar bucati necesare: 2<\/p>\n","protected":false},"excerpt":{"rendered":"<p>Producator: MEYLE Cod producator: 516 031 0003<\/p>\n","protected":false},"featured_media":73157,"comment_status":"open","ping_status":"closed","template":"","meta":[],"product_brand":[1071],"product_cat":[4943],"product_tag":[77652,77705,78084,77651,77985,77891,77628],"class_list":{"0":"post-73156","1":"product","2":"type-product","3":"status-publish","4":"has-post-thumbnail","6":"product_brand-meyle","7":"product_cat-bieleta-directie-533-t5-benzina-220","8":"product_tag-77652","9":"product_tag-benzina","10":"product_tag-bieleta","11":"product_tag-c30","12":"product_tag-directie","13":"product_tag-meyle","14":"product_tag-volvo","16":"first","17":"instock","18":"shipping-taxable","19":"purchasable","20":"product-type-simple"},"yoast_head":"<!-- This site is optimized with the Yoast SEO plugin v27.3 - https:\/\/yoast.com\/product\/yoast-seo-wordpress\/ -->\n<title>Bieleta directie VOLVO C30 (533) T5 benzina 220 cai MEYLE 516 031 0003 VOLVO | MEYLE - Autorival<\/title>\n<meta name=\"description\" content=\"\u26a1 Bieleta directie VOLVO C30 (533) T5 benzina 220 cai MEYLE 516 031 0003 pentru VOLVO. \u2713 Cod: 516 \u2713 Brand: MEYLE \u2713 \u00cen stoc \u2713 Livrare 24h \u2713 Garan\u021bie!\" \/>\n<meta name=\"robots\" content=\"index, follow, max-snippet:-1, max-image-preview:large, max-video-preview:-1\" \/>\n<meta property=\"og:locale\" content=\"en_US\" \/>\n<meta property=\"og:type\" content=\"article\" \/>\n<meta property=\"og:title\" content=\"Bieleta directie VOLVO C30 (533) T5 benzina 220 cai MEYLE 516 031 0003 VOLVO | MEYLE - Autorival\" \/>\n<meta property=\"og:description\" content=\"\u26a1 Bieleta directie VOLVO C30 (533) T5 benzina 220 cai MEYLE 516 031 0003 pentru VOLVO. \u2713 Cod: 516 \u2713 Brand: MEYLE \u2713 \u00cen stoc \u2713 Livrare 24h \u2713 Garan\u021bie!\" \/>\n<meta property=\"og:url\" content=\"https:\/\/autorival.ro\/volvo\/product\/bieleta-directie-volvo-c30-533-t5-benzina-220-cai-meyle-516-031-0003\/\" \/>\n<meta property=\"og:site_name\" content=\"VOLVO\" \/>\n<meta property=\"og:image\" content=\"https:\/\/autorival.ro\/volvo\/wp-content\/uploads\/sites\/20\/2025\/07\/fs_5160310003_1-14.jpg\" \/>\n\t<meta property=\"og:image:width\" content=\"600\" \/>\n\t<meta property=\"og:image:height\" content=\"400\" \/>\n\t<meta property=\"og:image:type\" content=\"image\/jpeg\" \/>\n<meta name=\"twitter:card\" content=\"summary_large_image\" \/>\n<meta name=\"twitter:title\" content=\"Bieleta directie VOLVO C30 (533) T5 benzina 220 cai MEYLE 516 031 0003 VOLVO | MEYLE - Autorival\" \/>\n<meta name=\"twitter:description\" content=\"\u26a1 Bieleta directie VOLVO C30 (533) T5 benzina 220 cai MEYLE 516 031 0003 pentru VOLVO. \u2713 Cod: 516 \u2713 Brand: MEYLE \u2713 \u00cen stoc \u2713 Livrare 24h \u2713 Garan\u021bie!\" \/>\n<script type=\"application\/ld+json\" class=\"yoast-schema-graph\">{\"@context\":\"https:\\\/\\\/schema.org\",\"@graph\":[{\"@type\":\"WebPage\",\"@id\":\"https:\\\/\\\/autorival.ro\\\/volvo\\\/product\\\/bieleta-directie-volvo-c30-533-t5-benzina-220-cai-meyle-516-031-0003\\\/\",\"url\":\"https:\\\/\\\/autorival.ro\\\/volvo\\\/product\\\/bieleta-directie-volvo-c30-533-t5-benzina-220-cai-meyle-516-031-0003\\\/\",\"name\":\"Bieleta directie VOLVO C30 (533) T5 benzina 220 cai MEYLE 516 031 0003 VOLVO | MEYLE - Autorival\",\"isPartOf\":{\"@id\":\"https:\\\/\\\/autorival.ro\\\/volvo\\\/#website\"},\"primaryImageOfPage\":{\"@id\":\"https:\\\/\\\/autorival.ro\\\/volvo\\\/product\\\/bieleta-directie-volvo-c30-533-t5-benzina-220-cai-meyle-516-031-0003\\\/#primaryimage\"},\"image\":{\"@id\":\"https:\\\/\\\/autorival.ro\\\/volvo\\\/product\\\/bieleta-directie-volvo-c30-533-t5-benzina-220-cai-meyle-516-031-0003\\\/#primaryimage\"},\"thumbnailUrl\":\"https:\\\/\\\/autorival.ro\\\/volvo\\\/wp-content\\\/uploads\\\/sites\\\/20\\\/2025\\\/07\\\/fs_5160310003_1-14.jpg\",\"datePublished\":\"2025-07-25T09:36:56+00:00\",\"description\":\"\u26a1 Bieleta directie VOLVO C30 (533) T5 benzina 220 cai MEYLE 516 031 0003 pentru VOLVO. \u2713 Cod: 516 \u2713 Brand: MEYLE \u2713 \u00cen stoc \u2713 Livrare 24h \u2713 Garan\u021bie!\",\"breadcrumb\":{\"@id\":\"https:\\\/\\\/autorival.ro\\\/volvo\\\/product\\\/bieleta-directie-volvo-c30-533-t5-benzina-220-cai-meyle-516-031-0003\\\/#breadcrumb\"},\"inLanguage\":\"en-US\",\"potentialAction\":[{\"@type\":\"ReadAction\",\"target\":[\"https:\\\/\\\/autorival.ro\\\/volvo\\\/product\\\/bieleta-directie-volvo-c30-533-t5-benzina-220-cai-meyle-516-031-0003\\\/\"]}]},{\"@type\":\"ImageObject\",\"inLanguage\":\"en-US\",\"@id\":\"https:\\\/\\\/autorival.ro\\\/volvo\\\/product\\\/bieleta-directie-volvo-c30-533-t5-benzina-220-cai-meyle-516-031-0003\\\/#primaryimage\",\"url\":\"https:\\\/\\\/autorival.ro\\\/volvo\\\/wp-content\\\/uploads\\\/sites\\\/20\\\/2025\\\/07\\\/fs_5160310003_1-14.jpg\",\"contentUrl\":\"https:\\\/\\\/autorival.ro\\\/volvo\\\/wp-content\\\/uploads\\\/sites\\\/20\\\/2025\\\/07\\\/fs_5160310003_1-14.jpg\",\"width\":600,\"height\":400},{\"@type\":\"BreadcrumbList\",\"@id\":\"https:\\\/\\\/autorival.ro\\\/volvo\\\/product\\\/bieleta-directie-volvo-c30-533-t5-benzina-220-cai-meyle-516-031-0003\\\/#breadcrumb\",\"itemListElement\":[{\"@type\":\"ListItem\",\"position\":1,\"name\":\"Prima pagin\u0103\",\"item\":\"https:\\\/\\\/autorival.ro\\\/volvo\\\/\"},{\"@type\":\"ListItem\",\"position\":2,\"name\":\"Piese auto VOLVO\",\"item\":\"https:\\\/\\\/autorival.ro\\\/volvo\\\/\"},{\"@type\":\"ListItem\",\"position\":3,\"name\":\"Bieleta directie VOLVO C30 (533) T5 benzina 220 cai MEYLE 516 031 0003\"}]},{\"@type\":\"WebSite\",\"@id\":\"https:\\\/\\\/autorival.ro\\\/volvo\\\/#website\",\"url\":\"https:\\\/\\\/autorival.ro\\\/volvo\\\/\",\"name\":\"VOLVO\",\"description\":\"\",\"potentialAction\":[{\"@type\":\"SearchAction\",\"target\":{\"@type\":\"EntryPoint\",\"urlTemplate\":\"https:\\\/\\\/autorival.ro\\\/volvo\\\/?s={search_term_string}\"},\"query-input\":{\"@type\":\"PropertyValueSpecification\",\"valueRequired\":true,\"valueName\":\"search_term_string\"}}],\"inLanguage\":\"en-US\"}]}<\/script>\n<!-- \/ Yoast SEO plugin. -->","yoast_head_json":{"title":"Bieleta directie VOLVO C30 (533) T5 benzina 220 cai MEYLE 516 031 0003 VOLVO | MEYLE - Autorival","description":"\u26a1 Bieleta directie VOLVO C30 (533) T5 benzina 220 cai MEYLE 516 031 0003 pentru VOLVO. \u2713 Cod: 516 \u2713 Brand: MEYLE \u2713 \u00cen stoc \u2713 Livrare 24h \u2713 Garan\u021bie!","robots":{"index":"index","follow":"follow","max-snippet":"max-snippet:-1","max-image-preview":"max-image-preview:large","max-video-preview":"max-video-preview:-1"},"og_locale":"en_US","og_type":"article","og_title":"Bieleta directie VOLVO C30 (533) T5 benzina 220 cai MEYLE 516 031 0003 VOLVO | MEYLE - Autorival","og_description":"\u26a1 Bieleta directie VOLVO C30 (533) T5 benzina 220 cai MEYLE 516 031 0003 pentru VOLVO. \u2713 Cod: 516 \u2713 Brand: MEYLE \u2713 \u00cen stoc \u2713 Livrare 24h \u2713 Garan\u021bie!","og_url":"https:\/\/autorival.ro\/volvo\/product\/bieleta-directie-volvo-c30-533-t5-benzina-220-cai-meyle-516-031-0003\/","og_site_name":"VOLVO","og_image":[{"width":600,"height":400,"url":"https:\/\/autorival.ro\/volvo\/wp-content\/uploads\/sites\/20\/2025\/07\/fs_5160310003_1-14.jpg","type":"image\/jpeg"}],"twitter_card":"summary_large_image","twitter_title":"Bieleta directie VOLVO C30 (533) T5 benzina 220 cai MEYLE 516 031 0003 VOLVO | MEYLE - Autorival","twitter_description":"\u26a1 Bieleta directie VOLVO C30 (533) T5 benzina 220 cai MEYLE 516 031 0003 pentru VOLVO. \u2713 Cod: 516 \u2713 Brand: MEYLE \u2713 \u00cen stoc \u2713 Livrare 24h \u2713 Garan\u021bie!","schema":{"@context":"https:\/\/schema.org","@graph":[{"@type":"WebPage","@id":"https:\/\/autorival.ro\/volvo\/product\/bieleta-directie-volvo-c30-533-t5-benzina-220-cai-meyle-516-031-0003\/","url":"https:\/\/autorival.ro\/volvo\/product\/bieleta-directie-volvo-c30-533-t5-benzina-220-cai-meyle-516-031-0003\/","name":"Bieleta directie VOLVO C30 (533) T5 benzina 220 cai MEYLE 516 031 0003 VOLVO | MEYLE - Autorival","isPartOf":{"@id":"https:\/\/autorival.ro\/volvo\/#website"},"primaryImageOfPage":{"@id":"https:\/\/autorival.ro\/volvo\/product\/bieleta-directie-volvo-c30-533-t5-benzina-220-cai-meyle-516-031-0003\/#primaryimage"},"image":{"@id":"https:\/\/autorival.ro\/volvo\/product\/bieleta-directie-volvo-c30-533-t5-benzina-220-cai-meyle-516-031-0003\/#primaryimage"},"thumbnailUrl":"https:\/\/autorival.ro\/volvo\/wp-content\/uploads\/sites\/20\/2025\/07\/fs_5160310003_1-14.jpg","datePublished":"2025-07-25T09:36:56+00:00","description":"\u26a1 Bieleta directie VOLVO C30 (533) T5 benzina 220 cai MEYLE 516 031 0003 pentru VOLVO. \u2713 Cod: 516 \u2713 Brand: MEYLE \u2713 \u00cen stoc \u2713 Livrare 24h \u2713 Garan\u021bie!","breadcrumb":{"@id":"https:\/\/autorival.ro\/volvo\/product\/bieleta-directie-volvo-c30-533-t5-benzina-220-cai-meyle-516-031-0003\/#breadcrumb"},"inLanguage":"en-US","potentialAction":[{"@type":"ReadAction","target":["https:\/\/autorival.ro\/volvo\/product\/bieleta-directie-volvo-c30-533-t5-benzina-220-cai-meyle-516-031-0003\/"]}]},{"@type":"ImageObject","inLanguage":"en-US","@id":"https:\/\/autorival.ro\/volvo\/product\/bieleta-directie-volvo-c30-533-t5-benzina-220-cai-meyle-516-031-0003\/#primaryimage","url":"https:\/\/autorival.ro\/volvo\/wp-content\/uploads\/sites\/20\/2025\/07\/fs_5160310003_1-14.jpg","contentUrl":"https:\/\/autorival.ro\/volvo\/wp-content\/uploads\/sites\/20\/2025\/07\/fs_5160310003_1-14.jpg","width":600,"height":400},{"@type":"BreadcrumbList","@id":"https:\/\/autorival.ro\/volvo\/product\/bieleta-directie-volvo-c30-533-t5-benzina-220-cai-meyle-516-031-0003\/#breadcrumb","itemListElement":[{"@type":"ListItem","position":1,"name":"Prima pagin\u0103","item":"https:\/\/autorival.ro\/volvo\/"},{"@type":"ListItem","position":2,"name":"Piese auto VOLVO","item":"https:\/\/autorival.ro\/volvo\/"},{"@type":"ListItem","position":3,"name":"Bieleta directie VOLVO C30 (533) T5 benzina 220 cai MEYLE 516 031 0003"}]},{"@type":"WebSite","@id":"https:\/\/autorival.ro\/volvo\/#website","url":"https:\/\/autorival.ro\/volvo\/","name":"VOLVO","description":"","potentialAction":[{"@type":"SearchAction","target":{"@type":"EntryPoint","urlTemplate":"https:\/\/autorival.ro\/volvo\/?s={search_term_string}"},"query-input":{"@type":"PropertyValueSpecification","valueRequired":true,"valueName":"search_term_string"}}],"inLanguage":"en-US"}]}},"_links":{"self":[{"href":"https:\/\/autorival.ro\/volvo\/wp-json\/wp\/v2\/product\/73156","targetHints":{"allow":["GET"]}}],"collection":[{"href":"https:\/\/autorival.ro\/volvo\/wp-json\/wp\/v2\/product"}],"about":[{"href":"https:\/\/autorival.ro\/volvo\/wp-json\/wp\/v2\/types\/product"}],"replies":[{"embeddable":true,"href":"https:\/\/autorival.ro\/volvo\/wp-json\/wp\/v2\/comments?post=73156"}],"wp:featuredmedia":[{"embeddable":true,"href":"https:\/\/autorival.ro\/volvo\/wp-json\/wp\/v2\/media\/73157"}],"wp:attachment":[{"href":"https:\/\/autorival.ro\/volvo\/wp-json\/wp\/v2\/media?parent=73156"}],"wp:term":[{"taxonomy":"product_brand","embeddable":true,"href":"https:\/\/autorival.ro\/volvo\/wp-json\/wp\/v2\/product_brand?post=73156"},{"taxonomy":"product_cat","embeddable":true,"href":"https:\/\/autorival.ro\/volvo\/wp-json\/wp\/v2\/product_cat?post=73156"},{"taxonomy":"product_tag","embeddable":true,"href":"https:\/\/autorival.ro\/volvo\/wp-json\/wp\/v2\/product_tag?post=73156"}],"curies":[{"name":"wp","href":"https:\/\/api.w.org\/{rel}","templated":true}]}}