{"id":497002,"date":"2025-07-31T22:46:44","date_gmt":"2025-07-31T22:46:44","guid":{"rendered":"https:\/\/autorival.ro\/volvo\/product\/sensor-ajutor-parcare-volvo-c30-533-1-8-flexfuel-benzina-etanol-125-cai-metzger-0901460\/"},"modified":"2025-07-31T22:46:44","modified_gmt":"2025-07-31T22:46:44","slug":"sensor-ajutor-parcare-volvo-c30-533-1-8-flexfuel-benzina-etanol-125-cai-metzger-0901460","status":"publish","type":"product","link":"https:\/\/autorival.ro\/volvo\/product\/sensor-ajutor-parcare-volvo-c30-533-1-8-flexfuel-benzina-etanol-125-cai-metzger-0901460\/","title":{"rendered":"Sensor ajutor parcare VOLVO C30 (533) 1.8 FlexFuel Benzina\/Etanol 125 cai METZGER 0901460"},"content":{"rendered":"<p>Partea de montare: spate, centruNumar bucati necesare: 2Variant\u0103 de echipare: EfficiencyTip senzor: senzor ultrasuneteNum\u0103rul conexiunilor cu muf\u0103: 3Culoare: negruProprietati chimice: vopsibil<\/p>\n","protected":false},"excerpt":{"rendered":"<p>Producator: METZGER Cod producator: 0901460<\/p>\n","protected":false},"featured_media":497003,"comment_status":"open","ping_status":"closed","template":"","meta":[],"product_brand":[2187],"product_cat":[50671],"product_tag":[77652,78990,77651,77979,78254,78989,77628],"class_list":{"0":"post-497002","1":"product","2":"type-product","3":"status-publish","4":"has-post-thumbnail","6":"product_brand-metzger","7":"product_cat-sensor-ajutor-parcare-533-1-8-flexfuel-benzina-etanol-125","8":"product_tag-77652","9":"product_tag-ajutor","10":"product_tag-c30","11":"product_tag-metzger","12":"product_tag-parcare","13":"product_tag-sensor","14":"product_tag-volvo","16":"first","17":"instock","18":"shipping-taxable","19":"purchasable","20":"product-type-simple"},"yoast_head":"<!-- This site is optimized with the Yoast SEO plugin v27.3 - https:\/\/yoast.com\/product\/yoast-seo-wordpress\/ -->\n<title>Sensor ajutor parcare VOLVO C30 (533) 1.8 FlexFuel Benzina\/Etanol 125 cai METZGER 0901460 VOLVO | METZGER - Autorival<\/title>\n<meta name=\"description\" content=\"\u26a1 Sensor ajutor parcare VOLVO C30 (533) 1.8 FlexFuel Benzina\/Etanol 125 cai METZGER 0901460 pentru VOLVO. \u2713 Cod: 0901460 \u2713 Brand: METZGER \u2713 \u00cen stoc \u2713 Livrare 24h \u2713 Garan\u021bie!\" \/>\n<meta name=\"robots\" content=\"index, follow, max-snippet:-1, max-image-preview:large, max-video-preview:-1\" \/>\n<meta property=\"og:locale\" content=\"en_US\" \/>\n<meta property=\"og:type\" content=\"article\" \/>\n<meta property=\"og:title\" content=\"Sensor ajutor parcare VOLVO C30 (533) 1.8 FlexFuel Benzina\/Etanol 125 cai METZGER 0901460 VOLVO | METZGER - Autorival\" \/>\n<meta property=\"og:description\" content=\"\u26a1 Sensor ajutor parcare VOLVO C30 (533) 1.8 FlexFuel Benzina\/Etanol 125 cai METZGER 0901460 pentru VOLVO. \u2713 Cod: 0901460 \u2713 Brand: METZGER \u2713 \u00cen stoc \u2713 Livrare 24h \u2713 Garan\u021bie!\" \/>\n<meta property=\"og:url\" content=\"https:\/\/autorival.ro\/volvo\/product\/sensor-ajutor-parcare-volvo-c30-533-1-8-flexfuel-benzina-etanol-125-cai-metzger-0901460\/\" \/>\n<meta property=\"og:site_name\" content=\"VOLVO\" \/>\n<meta property=\"og:image\" content=\"https:\/\/autorival.ro\/volvo\/wp-content\/uploads\/sites\/20\/2025\/07\/0901460_1-2.jpg\" \/>\n\t<meta property=\"og:image:width\" content=\"900\" \/>\n\t<meta property=\"og:image:height\" content=\"600\" \/>\n\t<meta property=\"og:image:type\" content=\"image\/jpeg\" \/>\n<meta name=\"twitter:card\" content=\"summary_large_image\" \/>\n<meta name=\"twitter:title\" content=\"Sensor ajutor parcare VOLVO C30 (533) 1.8 FlexFuel Benzina\/Etanol 125 cai METZGER 0901460 VOLVO | METZGER - Autorival\" \/>\n<meta name=\"twitter:description\" content=\"\u26a1 Sensor ajutor parcare VOLVO C30 (533) 1.8 FlexFuel Benzina\/Etanol 125 cai METZGER 0901460 pentru VOLVO. \u2713 Cod: 0901460 \u2713 Brand: METZGER \u2713 \u00cen stoc \u2713 Livrare 24h \u2713 Garan\u021bie!\" \/>\n<script type=\"application\/ld+json\" class=\"yoast-schema-graph\">{\"@context\":\"https:\\\/\\\/schema.org\",\"@graph\":[{\"@type\":\"WebPage\",\"@id\":\"https:\\\/\\\/autorival.ro\\\/volvo\\\/product\\\/sensor-ajutor-parcare-volvo-c30-533-1-8-flexfuel-benzina-etanol-125-cai-metzger-0901460\\\/\",\"url\":\"https:\\\/\\\/autorival.ro\\\/volvo\\\/product\\\/sensor-ajutor-parcare-volvo-c30-533-1-8-flexfuel-benzina-etanol-125-cai-metzger-0901460\\\/\",\"name\":\"Sensor ajutor parcare VOLVO C30 (533) 1.8 FlexFuel Benzina\\\/Etanol 125 cai METZGER 0901460 VOLVO | METZGER - Autorival\",\"isPartOf\":{\"@id\":\"https:\\\/\\\/autorival.ro\\\/volvo\\\/#website\"},\"primaryImageOfPage\":{\"@id\":\"https:\\\/\\\/autorival.ro\\\/volvo\\\/product\\\/sensor-ajutor-parcare-volvo-c30-533-1-8-flexfuel-benzina-etanol-125-cai-metzger-0901460\\\/#primaryimage\"},\"image\":{\"@id\":\"https:\\\/\\\/autorival.ro\\\/volvo\\\/product\\\/sensor-ajutor-parcare-volvo-c30-533-1-8-flexfuel-benzina-etanol-125-cai-metzger-0901460\\\/#primaryimage\"},\"thumbnailUrl\":\"https:\\\/\\\/autorival.ro\\\/volvo\\\/wp-content\\\/uploads\\\/sites\\\/20\\\/2025\\\/07\\\/0901460_1-2.jpg\",\"datePublished\":\"2025-07-31T22:46:44+00:00\",\"description\":\"\u26a1 Sensor ajutor parcare VOLVO C30 (533) 1.8 FlexFuel Benzina\\\/Etanol 125 cai METZGER 0901460 pentru VOLVO. \u2713 Cod: 0901460 \u2713 Brand: METZGER \u2713 \u00cen stoc \u2713 Livrare 24h \u2713 Garan\u021bie!\",\"breadcrumb\":{\"@id\":\"https:\\\/\\\/autorival.ro\\\/volvo\\\/product\\\/sensor-ajutor-parcare-volvo-c30-533-1-8-flexfuel-benzina-etanol-125-cai-metzger-0901460\\\/#breadcrumb\"},\"inLanguage\":\"en-US\",\"potentialAction\":[{\"@type\":\"ReadAction\",\"target\":[\"https:\\\/\\\/autorival.ro\\\/volvo\\\/product\\\/sensor-ajutor-parcare-volvo-c30-533-1-8-flexfuel-benzina-etanol-125-cai-metzger-0901460\\\/\"]}]},{\"@type\":\"ImageObject\",\"inLanguage\":\"en-US\",\"@id\":\"https:\\\/\\\/autorival.ro\\\/volvo\\\/product\\\/sensor-ajutor-parcare-volvo-c30-533-1-8-flexfuel-benzina-etanol-125-cai-metzger-0901460\\\/#primaryimage\",\"url\":\"https:\\\/\\\/autorival.ro\\\/volvo\\\/wp-content\\\/uploads\\\/sites\\\/20\\\/2025\\\/07\\\/0901460_1-2.jpg\",\"contentUrl\":\"https:\\\/\\\/autorival.ro\\\/volvo\\\/wp-content\\\/uploads\\\/sites\\\/20\\\/2025\\\/07\\\/0901460_1-2.jpg\",\"width\":900,\"height\":600},{\"@type\":\"BreadcrumbList\",\"@id\":\"https:\\\/\\\/autorival.ro\\\/volvo\\\/product\\\/sensor-ajutor-parcare-volvo-c30-533-1-8-flexfuel-benzina-etanol-125-cai-metzger-0901460\\\/#breadcrumb\",\"itemListElement\":[{\"@type\":\"ListItem\",\"position\":1,\"name\":\"Prima pagin\u0103\",\"item\":\"https:\\\/\\\/autorival.ro\\\/volvo\\\/\"},{\"@type\":\"ListItem\",\"position\":2,\"name\":\"Piese auto VOLVO\",\"item\":\"https:\\\/\\\/autorival.ro\\\/volvo\\\/\"},{\"@type\":\"ListItem\",\"position\":3,\"name\":\"Sensor ajutor parcare VOLVO C30 (533) 1.8 FlexFuel Benzina\\\/Etanol 125 cai METZGER 0901460\"}]},{\"@type\":\"WebSite\",\"@id\":\"https:\\\/\\\/autorival.ro\\\/volvo\\\/#website\",\"url\":\"https:\\\/\\\/autorival.ro\\\/volvo\\\/\",\"name\":\"VOLVO\",\"description\":\"\",\"potentialAction\":[{\"@type\":\"SearchAction\",\"target\":{\"@type\":\"EntryPoint\",\"urlTemplate\":\"https:\\\/\\\/autorival.ro\\\/volvo\\\/?s={search_term_string}\"},\"query-input\":{\"@type\":\"PropertyValueSpecification\",\"valueRequired\":true,\"valueName\":\"search_term_string\"}}],\"inLanguage\":\"en-US\"}]}<\/script>\n<!-- \/ Yoast SEO plugin. -->","yoast_head_json":{"title":"Sensor ajutor parcare VOLVO C30 (533) 1.8 FlexFuel Benzina\/Etanol 125 cai METZGER 0901460 VOLVO | METZGER - Autorival","description":"\u26a1 Sensor ajutor parcare VOLVO C30 (533) 1.8 FlexFuel Benzina\/Etanol 125 cai METZGER 0901460 pentru VOLVO. \u2713 Cod: 0901460 \u2713 Brand: METZGER \u2713 \u00cen stoc \u2713 Livrare 24h \u2713 Garan\u021bie!","robots":{"index":"index","follow":"follow","max-snippet":"max-snippet:-1","max-image-preview":"max-image-preview:large","max-video-preview":"max-video-preview:-1"},"og_locale":"en_US","og_type":"article","og_title":"Sensor ajutor parcare VOLVO C30 (533) 1.8 FlexFuel Benzina\/Etanol 125 cai METZGER 0901460 VOLVO | METZGER - Autorival","og_description":"\u26a1 Sensor ajutor parcare VOLVO C30 (533) 1.8 FlexFuel Benzina\/Etanol 125 cai METZGER 0901460 pentru VOLVO. \u2713 Cod: 0901460 \u2713 Brand: METZGER \u2713 \u00cen stoc \u2713 Livrare 24h \u2713 Garan\u021bie!","og_url":"https:\/\/autorival.ro\/volvo\/product\/sensor-ajutor-parcare-volvo-c30-533-1-8-flexfuel-benzina-etanol-125-cai-metzger-0901460\/","og_site_name":"VOLVO","og_image":[{"width":900,"height":600,"url":"https:\/\/autorival.ro\/volvo\/wp-content\/uploads\/sites\/20\/2025\/07\/0901460_1-2.jpg","type":"image\/jpeg"}],"twitter_card":"summary_large_image","twitter_title":"Sensor ajutor parcare VOLVO C30 (533) 1.8 FlexFuel Benzina\/Etanol 125 cai METZGER 0901460 VOLVO | METZGER - Autorival","twitter_description":"\u26a1 Sensor ajutor parcare VOLVO C30 (533) 1.8 FlexFuel Benzina\/Etanol 125 cai METZGER 0901460 pentru VOLVO. \u2713 Cod: 0901460 \u2713 Brand: METZGER \u2713 \u00cen stoc \u2713 Livrare 24h \u2713 Garan\u021bie!","schema":{"@context":"https:\/\/schema.org","@graph":[{"@type":"WebPage","@id":"https:\/\/autorival.ro\/volvo\/product\/sensor-ajutor-parcare-volvo-c30-533-1-8-flexfuel-benzina-etanol-125-cai-metzger-0901460\/","url":"https:\/\/autorival.ro\/volvo\/product\/sensor-ajutor-parcare-volvo-c30-533-1-8-flexfuel-benzina-etanol-125-cai-metzger-0901460\/","name":"Sensor ajutor parcare VOLVO C30 (533) 1.8 FlexFuel Benzina\/Etanol 125 cai METZGER 0901460 VOLVO | METZGER - Autorival","isPartOf":{"@id":"https:\/\/autorival.ro\/volvo\/#website"},"primaryImageOfPage":{"@id":"https:\/\/autorival.ro\/volvo\/product\/sensor-ajutor-parcare-volvo-c30-533-1-8-flexfuel-benzina-etanol-125-cai-metzger-0901460\/#primaryimage"},"image":{"@id":"https:\/\/autorival.ro\/volvo\/product\/sensor-ajutor-parcare-volvo-c30-533-1-8-flexfuel-benzina-etanol-125-cai-metzger-0901460\/#primaryimage"},"thumbnailUrl":"https:\/\/autorival.ro\/volvo\/wp-content\/uploads\/sites\/20\/2025\/07\/0901460_1-2.jpg","datePublished":"2025-07-31T22:46:44+00:00","description":"\u26a1 Sensor ajutor parcare VOLVO C30 (533) 1.8 FlexFuel Benzina\/Etanol 125 cai METZGER 0901460 pentru VOLVO. \u2713 Cod: 0901460 \u2713 Brand: METZGER \u2713 \u00cen stoc \u2713 Livrare 24h \u2713 Garan\u021bie!","breadcrumb":{"@id":"https:\/\/autorival.ro\/volvo\/product\/sensor-ajutor-parcare-volvo-c30-533-1-8-flexfuel-benzina-etanol-125-cai-metzger-0901460\/#breadcrumb"},"inLanguage":"en-US","potentialAction":[{"@type":"ReadAction","target":["https:\/\/autorival.ro\/volvo\/product\/sensor-ajutor-parcare-volvo-c30-533-1-8-flexfuel-benzina-etanol-125-cai-metzger-0901460\/"]}]},{"@type":"ImageObject","inLanguage":"en-US","@id":"https:\/\/autorival.ro\/volvo\/product\/sensor-ajutor-parcare-volvo-c30-533-1-8-flexfuel-benzina-etanol-125-cai-metzger-0901460\/#primaryimage","url":"https:\/\/autorival.ro\/volvo\/wp-content\/uploads\/sites\/20\/2025\/07\/0901460_1-2.jpg","contentUrl":"https:\/\/autorival.ro\/volvo\/wp-content\/uploads\/sites\/20\/2025\/07\/0901460_1-2.jpg","width":900,"height":600},{"@type":"BreadcrumbList","@id":"https:\/\/autorival.ro\/volvo\/product\/sensor-ajutor-parcare-volvo-c30-533-1-8-flexfuel-benzina-etanol-125-cai-metzger-0901460\/#breadcrumb","itemListElement":[{"@type":"ListItem","position":1,"name":"Prima pagin\u0103","item":"https:\/\/autorival.ro\/volvo\/"},{"@type":"ListItem","position":2,"name":"Piese auto VOLVO","item":"https:\/\/autorival.ro\/volvo\/"},{"@type":"ListItem","position":3,"name":"Sensor ajutor parcare VOLVO C30 (533) 1.8 FlexFuel Benzina\/Etanol 125 cai METZGER 0901460"}]},{"@type":"WebSite","@id":"https:\/\/autorival.ro\/volvo\/#website","url":"https:\/\/autorival.ro\/volvo\/","name":"VOLVO","description":"","potentialAction":[{"@type":"SearchAction","target":{"@type":"EntryPoint","urlTemplate":"https:\/\/autorival.ro\/volvo\/?s={search_term_string}"},"query-input":{"@type":"PropertyValueSpecification","valueRequired":true,"valueName":"search_term_string"}}],"inLanguage":"en-US"}]}},"_links":{"self":[{"href":"https:\/\/autorival.ro\/volvo\/wp-json\/wp\/v2\/product\/497002","targetHints":{"allow":["GET"]}}],"collection":[{"href":"https:\/\/autorival.ro\/volvo\/wp-json\/wp\/v2\/product"}],"about":[{"href":"https:\/\/autorival.ro\/volvo\/wp-json\/wp\/v2\/types\/product"}],"replies":[{"embeddable":true,"href":"https:\/\/autorival.ro\/volvo\/wp-json\/wp\/v2\/comments?post=497002"}],"wp:featuredmedia":[{"embeddable":true,"href":"https:\/\/autorival.ro\/volvo\/wp-json\/wp\/v2\/media\/497003"}],"wp:attachment":[{"href":"https:\/\/autorival.ro\/volvo\/wp-json\/wp\/v2\/media?parent=497002"}],"wp:term":[{"taxonomy":"product_brand","embeddable":true,"href":"https:\/\/autorival.ro\/volvo\/wp-json\/wp\/v2\/product_brand?post=497002"},{"taxonomy":"product_cat","embeddable":true,"href":"https:\/\/autorival.ro\/volvo\/wp-json\/wp\/v2\/product_cat?post=497002"},{"taxonomy":"product_tag","embeddable":true,"href":"https:\/\/autorival.ro\/volvo\/wp-json\/wp\/v2\/product_tag?post=497002"}],"curies":[{"name":"wp","href":"https:\/\/api.w.org\/{rel}","templated":true}]}}