{"id":268536,"date":"2025-07-27T00:49:22","date_gmt":"2025-07-27T00:49:22","guid":{"rendered":"https:\/\/autorival.ro\/volvo\/product\/evaporator-aer-conditionat-volvo-fl-iii-fl-280-18-diesel-280-cai-nissens-92329\/"},"modified":"2025-07-27T00:49:22","modified_gmt":"2025-07-27T00:49:22","slug":"evaporator-aer-conditionat-volvo-fl-iii-fl-280-18-diesel-280-cai-nissens-92329","status":"publish","type":"product","link":"https:\/\/autorival.ro\/volvo\/product\/evaporator-aer-conditionat-volvo-fl-iii-fl-280-18-diesel-280-cai-nissens-92329\/","title":{"rendered":"Evaporator aer conditionat VOLVO FL III FL 280-18 diesel 280 cai NISSENS 92329"},"content":{"rendered":"<p>Ad\u00e2ncimea plasei [mm]: 38 ->Lungime plas\u0103 [mm]: 172L\u0103\u021bimea plasei [mm]: 303Material: aluminiuAgent frigorific: R 134a, R 1234yf<\/p>\n","protected":false},"excerpt":{"rendered":"<p>Producator: NISSENS Cod producator: 92329<\/p>\n","protected":false},"featured_media":268537,"comment_status":"open","ping_status":"closed","template":"","meta":[],"product_brand":[13716],"product_cat":[25746],"product_tag":[77935,78388,78543,77639,77640,78304,77628],"class_list":{"0":"post-268536","1":"product","2":"type-product","3":"status-publish","4":"has-post-thumbnail","6":"product_brand-nissens","7":"product_cat-evaporator-aer-conditionat-iii-fl-280-18-diesel-280","8":"product_tag-aer","9":"product_tag-conditionat","10":"product_tag-evaporator","11":"product_tag-fl","12":"product_tag-iii","13":"product_tag-nissens","14":"product_tag-volvo","16":"first","17":"instock","18":"shipping-taxable","19":"purchasable","20":"product-type-simple"},"yoast_head":"<!-- This site is optimized with the Yoast SEO plugin v27.3 - https:\/\/yoast.com\/product\/yoast-seo-wordpress\/ -->\n<title>Evaporator aer conditionat VOLVO FL III FL 280-18 diesel 280 cai NISSENS 92329 VOLVO | NISSENS - Autorival<\/title>\n<meta name=\"description\" content=\"\u26a1 Evaporator aer conditionat VOLVO FL III FL 280-18 diesel 280 cai NISSENS 92329 pentru VOLVO. \u2713 Cod: 92329 \u2713 Brand: NISSENS \u2713 \u00cen stoc \u2713 Livrare 24h \u2713 Garan\u021bie!\" \/>\n<meta name=\"robots\" content=\"index, follow, max-snippet:-1, max-image-preview:large, max-video-preview:-1\" \/>\n<meta property=\"og:locale\" content=\"en_US\" \/>\n<meta property=\"og:type\" content=\"article\" \/>\n<meta property=\"og:title\" content=\"Evaporator aer conditionat VOLVO FL III FL 280-18 diesel 280 cai NISSENS 92329 VOLVO | NISSENS - Autorival\" \/>\n<meta property=\"og:description\" content=\"\u26a1 Evaporator aer conditionat VOLVO FL III FL 280-18 diesel 280 cai NISSENS 92329 pentru VOLVO. \u2713 Cod: 92329 \u2713 Brand: NISSENS \u2713 \u00cen stoc \u2713 Livrare 24h \u2713 Garan\u021bie!\" \/>\n<meta property=\"og:url\" content=\"https:\/\/autorival.ro\/volvo\/product\/evaporator-aer-conditionat-volvo-fl-iii-fl-280-18-diesel-280-cai-nissens-92329\/\" \/>\n<meta property=\"og:site_name\" content=\"VOLVO\" \/>\n<meta property=\"og:image\" content=\"https:\/\/autorival.ro\/volvo\/wp-content\/uploads\/sites\/20\/2025\/07\/nissens_i92329-14.jpg\" \/>\n\t<meta property=\"og:image:width\" content=\"600\" \/>\n\t<meta property=\"og:image:height\" content=\"400\" \/>\n\t<meta property=\"og:image:type\" content=\"image\/jpeg\" \/>\n<meta name=\"twitter:card\" content=\"summary_large_image\" \/>\n<meta name=\"twitter:title\" content=\"Evaporator aer conditionat VOLVO FL III FL 280-18 diesel 280 cai NISSENS 92329 VOLVO | NISSENS - Autorival\" \/>\n<meta name=\"twitter:description\" content=\"\u26a1 Evaporator aer conditionat VOLVO FL III FL 280-18 diesel 280 cai NISSENS 92329 pentru VOLVO. \u2713 Cod: 92329 \u2713 Brand: NISSENS \u2713 \u00cen stoc \u2713 Livrare 24h \u2713 Garan\u021bie!\" \/>\n<script type=\"application\/ld+json\" class=\"yoast-schema-graph\">{\"@context\":\"https:\\\/\\\/schema.org\",\"@graph\":[{\"@type\":\"WebPage\",\"@id\":\"https:\\\/\\\/autorival.ro\\\/volvo\\\/product\\\/evaporator-aer-conditionat-volvo-fl-iii-fl-280-18-diesel-280-cai-nissens-92329\\\/\",\"url\":\"https:\\\/\\\/autorival.ro\\\/volvo\\\/product\\\/evaporator-aer-conditionat-volvo-fl-iii-fl-280-18-diesel-280-cai-nissens-92329\\\/\",\"name\":\"Evaporator aer conditionat VOLVO FL III FL 280-18 diesel 280 cai NISSENS 92329 VOLVO | NISSENS - Autorival\",\"isPartOf\":{\"@id\":\"https:\\\/\\\/autorival.ro\\\/volvo\\\/#website\"},\"primaryImageOfPage\":{\"@id\":\"https:\\\/\\\/autorival.ro\\\/volvo\\\/product\\\/evaporator-aer-conditionat-volvo-fl-iii-fl-280-18-diesel-280-cai-nissens-92329\\\/#primaryimage\"},\"image\":{\"@id\":\"https:\\\/\\\/autorival.ro\\\/volvo\\\/product\\\/evaporator-aer-conditionat-volvo-fl-iii-fl-280-18-diesel-280-cai-nissens-92329\\\/#primaryimage\"},\"thumbnailUrl\":\"https:\\\/\\\/autorival.ro\\\/volvo\\\/wp-content\\\/uploads\\\/sites\\\/20\\\/2025\\\/07\\\/nissens_i92329-14.jpg\",\"datePublished\":\"2025-07-27T00:49:22+00:00\",\"description\":\"\u26a1 Evaporator aer conditionat VOLVO FL III FL 280-18 diesel 280 cai NISSENS 92329 pentru VOLVO. \u2713 Cod: 92329 \u2713 Brand: NISSENS \u2713 \u00cen stoc \u2713 Livrare 24h \u2713 Garan\u021bie!\",\"breadcrumb\":{\"@id\":\"https:\\\/\\\/autorival.ro\\\/volvo\\\/product\\\/evaporator-aer-conditionat-volvo-fl-iii-fl-280-18-diesel-280-cai-nissens-92329\\\/#breadcrumb\"},\"inLanguage\":\"en-US\",\"potentialAction\":[{\"@type\":\"ReadAction\",\"target\":[\"https:\\\/\\\/autorival.ro\\\/volvo\\\/product\\\/evaporator-aer-conditionat-volvo-fl-iii-fl-280-18-diesel-280-cai-nissens-92329\\\/\"]}]},{\"@type\":\"ImageObject\",\"inLanguage\":\"en-US\",\"@id\":\"https:\\\/\\\/autorival.ro\\\/volvo\\\/product\\\/evaporator-aer-conditionat-volvo-fl-iii-fl-280-18-diesel-280-cai-nissens-92329\\\/#primaryimage\",\"url\":\"https:\\\/\\\/autorival.ro\\\/volvo\\\/wp-content\\\/uploads\\\/sites\\\/20\\\/2025\\\/07\\\/nissens_i92329-14.jpg\",\"contentUrl\":\"https:\\\/\\\/autorival.ro\\\/volvo\\\/wp-content\\\/uploads\\\/sites\\\/20\\\/2025\\\/07\\\/nissens_i92329-14.jpg\",\"width\":600,\"height\":400},{\"@type\":\"BreadcrumbList\",\"@id\":\"https:\\\/\\\/autorival.ro\\\/volvo\\\/product\\\/evaporator-aer-conditionat-volvo-fl-iii-fl-280-18-diesel-280-cai-nissens-92329\\\/#breadcrumb\",\"itemListElement\":[{\"@type\":\"ListItem\",\"position\":1,\"name\":\"Prima pagin\u0103\",\"item\":\"https:\\\/\\\/autorival.ro\\\/volvo\\\/\"},{\"@type\":\"ListItem\",\"position\":2,\"name\":\"Piese auto VOLVO\",\"item\":\"https:\\\/\\\/autorival.ro\\\/volvo\\\/\"},{\"@type\":\"ListItem\",\"position\":3,\"name\":\"Evaporator aer conditionat VOLVO FL III FL 280-18 diesel 280 cai NISSENS 92329\"}]},{\"@type\":\"WebSite\",\"@id\":\"https:\\\/\\\/autorival.ro\\\/volvo\\\/#website\",\"url\":\"https:\\\/\\\/autorival.ro\\\/volvo\\\/\",\"name\":\"VOLVO\",\"description\":\"\",\"potentialAction\":[{\"@type\":\"SearchAction\",\"target\":{\"@type\":\"EntryPoint\",\"urlTemplate\":\"https:\\\/\\\/autorival.ro\\\/volvo\\\/?s={search_term_string}\"},\"query-input\":{\"@type\":\"PropertyValueSpecification\",\"valueRequired\":true,\"valueName\":\"search_term_string\"}}],\"inLanguage\":\"en-US\"}]}<\/script>\n<!-- \/ Yoast SEO plugin. -->","yoast_head_json":{"title":"Evaporator aer conditionat VOLVO FL III FL 280-18 diesel 280 cai NISSENS 92329 VOLVO | NISSENS - Autorival","description":"\u26a1 Evaporator aer conditionat VOLVO FL III FL 280-18 diesel 280 cai NISSENS 92329 pentru VOLVO. \u2713 Cod: 92329 \u2713 Brand: NISSENS \u2713 \u00cen stoc \u2713 Livrare 24h \u2713 Garan\u021bie!","robots":{"index":"index","follow":"follow","max-snippet":"max-snippet:-1","max-image-preview":"max-image-preview:large","max-video-preview":"max-video-preview:-1"},"og_locale":"en_US","og_type":"article","og_title":"Evaporator aer conditionat VOLVO FL III FL 280-18 diesel 280 cai NISSENS 92329 VOLVO | NISSENS - Autorival","og_description":"\u26a1 Evaporator aer conditionat VOLVO FL III FL 280-18 diesel 280 cai NISSENS 92329 pentru VOLVO. \u2713 Cod: 92329 \u2713 Brand: NISSENS \u2713 \u00cen stoc \u2713 Livrare 24h \u2713 Garan\u021bie!","og_url":"https:\/\/autorival.ro\/volvo\/product\/evaporator-aer-conditionat-volvo-fl-iii-fl-280-18-diesel-280-cai-nissens-92329\/","og_site_name":"VOLVO","og_image":[{"width":600,"height":400,"url":"https:\/\/autorival.ro\/volvo\/wp-content\/uploads\/sites\/20\/2025\/07\/nissens_i92329-14.jpg","type":"image\/jpeg"}],"twitter_card":"summary_large_image","twitter_title":"Evaporator aer conditionat VOLVO FL III FL 280-18 diesel 280 cai NISSENS 92329 VOLVO | NISSENS - Autorival","twitter_description":"\u26a1 Evaporator aer conditionat VOLVO FL III FL 280-18 diesel 280 cai NISSENS 92329 pentru VOLVO. \u2713 Cod: 92329 \u2713 Brand: NISSENS \u2713 \u00cen stoc \u2713 Livrare 24h \u2713 Garan\u021bie!","schema":{"@context":"https:\/\/schema.org","@graph":[{"@type":"WebPage","@id":"https:\/\/autorival.ro\/volvo\/product\/evaporator-aer-conditionat-volvo-fl-iii-fl-280-18-diesel-280-cai-nissens-92329\/","url":"https:\/\/autorival.ro\/volvo\/product\/evaporator-aer-conditionat-volvo-fl-iii-fl-280-18-diesel-280-cai-nissens-92329\/","name":"Evaporator aer conditionat VOLVO FL III FL 280-18 diesel 280 cai NISSENS 92329 VOLVO | NISSENS - Autorival","isPartOf":{"@id":"https:\/\/autorival.ro\/volvo\/#website"},"primaryImageOfPage":{"@id":"https:\/\/autorival.ro\/volvo\/product\/evaporator-aer-conditionat-volvo-fl-iii-fl-280-18-diesel-280-cai-nissens-92329\/#primaryimage"},"image":{"@id":"https:\/\/autorival.ro\/volvo\/product\/evaporator-aer-conditionat-volvo-fl-iii-fl-280-18-diesel-280-cai-nissens-92329\/#primaryimage"},"thumbnailUrl":"https:\/\/autorival.ro\/volvo\/wp-content\/uploads\/sites\/20\/2025\/07\/nissens_i92329-14.jpg","datePublished":"2025-07-27T00:49:22+00:00","description":"\u26a1 Evaporator aer conditionat VOLVO FL III FL 280-18 diesel 280 cai NISSENS 92329 pentru VOLVO. \u2713 Cod: 92329 \u2713 Brand: NISSENS \u2713 \u00cen stoc \u2713 Livrare 24h \u2713 Garan\u021bie!","breadcrumb":{"@id":"https:\/\/autorival.ro\/volvo\/product\/evaporator-aer-conditionat-volvo-fl-iii-fl-280-18-diesel-280-cai-nissens-92329\/#breadcrumb"},"inLanguage":"en-US","potentialAction":[{"@type":"ReadAction","target":["https:\/\/autorival.ro\/volvo\/product\/evaporator-aer-conditionat-volvo-fl-iii-fl-280-18-diesel-280-cai-nissens-92329\/"]}]},{"@type":"ImageObject","inLanguage":"en-US","@id":"https:\/\/autorival.ro\/volvo\/product\/evaporator-aer-conditionat-volvo-fl-iii-fl-280-18-diesel-280-cai-nissens-92329\/#primaryimage","url":"https:\/\/autorival.ro\/volvo\/wp-content\/uploads\/sites\/20\/2025\/07\/nissens_i92329-14.jpg","contentUrl":"https:\/\/autorival.ro\/volvo\/wp-content\/uploads\/sites\/20\/2025\/07\/nissens_i92329-14.jpg","width":600,"height":400},{"@type":"BreadcrumbList","@id":"https:\/\/autorival.ro\/volvo\/product\/evaporator-aer-conditionat-volvo-fl-iii-fl-280-18-diesel-280-cai-nissens-92329\/#breadcrumb","itemListElement":[{"@type":"ListItem","position":1,"name":"Prima pagin\u0103","item":"https:\/\/autorival.ro\/volvo\/"},{"@type":"ListItem","position":2,"name":"Piese auto VOLVO","item":"https:\/\/autorival.ro\/volvo\/"},{"@type":"ListItem","position":3,"name":"Evaporator aer conditionat VOLVO FL III FL 280-18 diesel 280 cai NISSENS 92329"}]},{"@type":"WebSite","@id":"https:\/\/autorival.ro\/volvo\/#website","url":"https:\/\/autorival.ro\/volvo\/","name":"VOLVO","description":"","potentialAction":[{"@type":"SearchAction","target":{"@type":"EntryPoint","urlTemplate":"https:\/\/autorival.ro\/volvo\/?s={search_term_string}"},"query-input":{"@type":"PropertyValueSpecification","valueRequired":true,"valueName":"search_term_string"}}],"inLanguage":"en-US"}]}},"_links":{"self":[{"href":"https:\/\/autorival.ro\/volvo\/wp-json\/wp\/v2\/product\/268536","targetHints":{"allow":["GET"]}}],"collection":[{"href":"https:\/\/autorival.ro\/volvo\/wp-json\/wp\/v2\/product"}],"about":[{"href":"https:\/\/autorival.ro\/volvo\/wp-json\/wp\/v2\/types\/product"}],"replies":[{"embeddable":true,"href":"https:\/\/autorival.ro\/volvo\/wp-json\/wp\/v2\/comments?post=268536"}],"wp:featuredmedia":[{"embeddable":true,"href":"https:\/\/autorival.ro\/volvo\/wp-json\/wp\/v2\/media\/268537"}],"wp:attachment":[{"href":"https:\/\/autorival.ro\/volvo\/wp-json\/wp\/v2\/media?parent=268536"}],"wp:term":[{"taxonomy":"product_brand","embeddable":true,"href":"https:\/\/autorival.ro\/volvo\/wp-json\/wp\/v2\/product_brand?post=268536"},{"taxonomy":"product_cat","embeddable":true,"href":"https:\/\/autorival.ro\/volvo\/wp-json\/wp\/v2\/product_cat?post=268536"},{"taxonomy":"product_tag","embeddable":true,"href":"https:\/\/autorival.ro\/volvo\/wp-json\/wp\/v2\/product_tag?post=268536"}],"curies":[{"name":"wp","href":"https:\/\/api.w.org\/{rel}","templated":true}]}}