{"id":2002524,"date":"2026-02-10T01:37:24","date_gmt":"2026-02-10T01:37:24","guid":{"rendered":"https:\/\/autorival.ro\/toyot\/produs\/etrier-frana-toyota-proace-caroserie-mdx_-2-0-d-mdx6-diesel-163-cai-triscan-8170-344167\/"},"modified":"2026-02-10T01:37:24","modified_gmt":"2026-02-10T01:37:24","slug":"etrier-frana-toyota-proace-caroserie-mdx_-2-0-d-mdx6-diesel-163-cai-triscan-8170-344167","status":"publish","type":"product","link":"https:\/\/autorival.ro\/toyot\/produs\/etrier-frana-toyota-proace-caroserie-mdx_-2-0-d-mdx6-diesel-163-cai-triscan-8170-344167\/","title":{"rendered":"Etrier frana TOYOTA PROACE caroserie (MDX_) 2.0 D (MDX6) diesel 163 cai TRISCAN 8170 344167"},"content":{"rendered":"<p>Partea de montare: Axa spate dreapta, in spatele puntiiNumar articol par: 344166Sistem de fr\u00e2nare: TRWTip etrier fr\u00e2na: Etrier de fr\u00e2n\u0103 (1 piston)Grosime disc fr\u00e2na [mm]: 14Diametru [mm]: 41<\/p>\n","protected":false},"excerpt":{"rendered":"<p>Producator: TRISCAN Cod producator: 8170 344167<\/p>\n","protected":false},"featured_media":2002525,"comment_status":"open","ping_status":"closed","template":"","meta":[],"product_brand":[2916],"product_cat":[38253],"product_tag":[],"class_list":{"0":"post-2002524","1":"product","2":"type-product","3":"status-publish","4":"has-post-thumbnail","6":"product_brand-triscan","7":"product_cat-etrier-frana-mdx-2-0-d-mdx6-diesel-163","9":"first","10":"instock","11":"shipping-taxable","12":"purchasable","13":"product-type-simple"},"yoast_head":"<!-- This site is optimized with the Yoast SEO plugin v27.4 - https:\/\/yoast.com\/product\/yoast-seo-wordpress\/ -->\n<title>Etrier frana TOYOTA PROACE caroserie (MDX_) 2.0 D (MDX6) diesel 163 cai TRISCAN 8170 344167 Toyota | TRISCAN - Autorival<\/title>\n<meta name=\"description\" content=\"\u26a1 Etrier frana TOYOTA PROACE caroserie (MDX_) 2.0 D (MDX6) diesel 163 cai TRISCAN 8170 344167 pentru Toyota. \u2713 Cod: 8170 \u2713 Brand: TRISCAN \u2713 \u00cen stoc \u2713 Livrare 24h \u2713 Garan\u021bie!\" \/>\n<meta name=\"robots\" content=\"index, follow, max-snippet:-1, max-image-preview:large, max-video-preview:-1\" \/>\n<meta property=\"og:locale\" content=\"ro_RO\" \/>\n<meta property=\"og:type\" content=\"article\" \/>\n<meta property=\"og:title\" content=\"Etrier frana TOYOTA PROACE caroserie (MDX_) 2.0 D (MDX6) diesel 163 cai TRISCAN 8170 344167 Toyota | TRISCAN - Autorival\" \/>\n<meta property=\"og:description\" content=\"\u26a1 Etrier frana TOYOTA PROACE caroserie (MDX_) 2.0 D (MDX6) diesel 163 cai TRISCAN 8170 344167 pentru Toyota. \u2713 Cod: 8170 \u2713 Brand: TRISCAN \u2713 \u00cen stoc \u2713 Livrare 24h \u2713 Garan\u021bie!\" \/>\n<meta property=\"og:url\" content=\"https:\/\/autorival.ro\/toyot\/produs\/etrier-frana-toyota-proace-caroserie-mdx_-2-0-d-mdx6-diesel-163-cai-triscan-8170-344167\/\" \/>\n<meta property=\"og:site_name\" content=\"Toyota\" \/>\n<meta property=\"og:image\" content=\"https:\/\/autorival.ro\/toyot\/wp-content\/uploads\/sites\/29\/2026\/02\/8170344167-2.jpg\" \/>\n\t<meta property=\"og:image:width\" content=\"500\" \/>\n\t<meta property=\"og:image:height\" content=\"240\" \/>\n\t<meta property=\"og:image:type\" content=\"image\/jpeg\" \/>\n<meta name=\"twitter:card\" content=\"summary_large_image\" \/>\n<meta name=\"twitter:title\" content=\"Etrier frana TOYOTA PROACE caroserie (MDX_) 2.0 D (MDX6) diesel 163 cai TRISCAN 8170 344167 Toyota | TRISCAN - Autorival\" \/>\n<meta name=\"twitter:description\" content=\"\u26a1 Etrier frana TOYOTA PROACE caroserie (MDX_) 2.0 D (MDX6) diesel 163 cai TRISCAN 8170 344167 pentru Toyota. \u2713 Cod: 8170 \u2713 Brand: TRISCAN \u2713 \u00cen stoc \u2713 Livrare 24h \u2713 Garan\u021bie!\" \/>\n<script type=\"application\/ld+json\" class=\"yoast-schema-graph\">{\"@context\":\"https:\\\/\\\/schema.org\",\"@graph\":[{\"@type\":\"WebPage\",\"@id\":\"https:\\\/\\\/autorival.ro\\\/toyot\\\/produs\\\/etrier-frana-toyota-proace-caroserie-mdx_-2-0-d-mdx6-diesel-163-cai-triscan-8170-344167\\\/\",\"url\":\"https:\\\/\\\/autorival.ro\\\/toyot\\\/produs\\\/etrier-frana-toyota-proace-caroserie-mdx_-2-0-d-mdx6-diesel-163-cai-triscan-8170-344167\\\/\",\"name\":\"Etrier frana TOYOTA PROACE caroserie (MDX_) 2.0 D (MDX6) diesel 163 cai TRISCAN 8170 344167 Toyota | TRISCAN - Autorival\",\"isPartOf\":{\"@id\":\"https:\\\/\\\/autorival.ro\\\/toyot\\\/#website\"},\"primaryImageOfPage\":{\"@id\":\"https:\\\/\\\/autorival.ro\\\/toyot\\\/produs\\\/etrier-frana-toyota-proace-caroserie-mdx_-2-0-d-mdx6-diesel-163-cai-triscan-8170-344167\\\/#primaryimage\"},\"image\":{\"@id\":\"https:\\\/\\\/autorival.ro\\\/toyot\\\/produs\\\/etrier-frana-toyota-proace-caroserie-mdx_-2-0-d-mdx6-diesel-163-cai-triscan-8170-344167\\\/#primaryimage\"},\"thumbnailUrl\":\"https:\\\/\\\/autorival.ro\\\/toyot\\\/wp-content\\\/uploads\\\/sites\\\/29\\\/2026\\\/02\\\/8170344167-2.jpg\",\"datePublished\":\"2026-02-10T01:37:24+00:00\",\"description\":\"\u26a1 Etrier frana TOYOTA PROACE caroserie (MDX_) 2.0 D (MDX6) diesel 163 cai TRISCAN 8170 344167 pentru Toyota. \u2713 Cod: 8170 \u2713 Brand: TRISCAN \u2713 \u00cen stoc \u2713 Livrare 24h \u2713 Garan\u021bie!\",\"breadcrumb\":{\"@id\":\"https:\\\/\\\/autorival.ro\\\/toyot\\\/produs\\\/etrier-frana-toyota-proace-caroserie-mdx_-2-0-d-mdx6-diesel-163-cai-triscan-8170-344167\\\/#breadcrumb\"},\"inLanguage\":\"ro-RO\",\"potentialAction\":[{\"@type\":\"ReadAction\",\"target\":[\"https:\\\/\\\/autorival.ro\\\/toyot\\\/produs\\\/etrier-frana-toyota-proace-caroserie-mdx_-2-0-d-mdx6-diesel-163-cai-triscan-8170-344167\\\/\"]}]},{\"@type\":\"ImageObject\",\"inLanguage\":\"ro-RO\",\"@id\":\"https:\\\/\\\/autorival.ro\\\/toyot\\\/produs\\\/etrier-frana-toyota-proace-caroserie-mdx_-2-0-d-mdx6-diesel-163-cai-triscan-8170-344167\\\/#primaryimage\",\"url\":\"https:\\\/\\\/autorival.ro\\\/toyot\\\/wp-content\\\/uploads\\\/sites\\\/29\\\/2026\\\/02\\\/8170344167-2.jpg\",\"contentUrl\":\"https:\\\/\\\/autorival.ro\\\/toyot\\\/wp-content\\\/uploads\\\/sites\\\/29\\\/2026\\\/02\\\/8170344167-2.jpg\",\"width\":500,\"height\":240},{\"@type\":\"BreadcrumbList\",\"@id\":\"https:\\\/\\\/autorival.ro\\\/toyot\\\/produs\\\/etrier-frana-toyota-proace-caroserie-mdx_-2-0-d-mdx6-diesel-163-cai-triscan-8170-344167\\\/#breadcrumb\",\"itemListElement\":[{\"@type\":\"ListItem\",\"position\":1,\"name\":\"Prima pagin\u0103\",\"item\":\"https:\\\/\\\/autorival.ro\\\/toyot\\\/\"},{\"@type\":\"ListItem\",\"position\":2,\"name\":\"TOYOTA\",\"item\":\"https:\\\/\\\/autorival.ro\\\/toyot\\\/\"},{\"@type\":\"ListItem\",\"position\":3,\"name\":\"Etrier frana TOYOTA PROACE caroserie (MDX_) 2.0 D (MDX6) diesel 163 cai TRISCAN 8170 344167\"}]},{\"@type\":\"WebSite\",\"@id\":\"https:\\\/\\\/autorival.ro\\\/toyot\\\/#website\",\"url\":\"https:\\\/\\\/autorival.ro\\\/toyot\\\/\",\"name\":\"Toyota\",\"description\":\"\",\"potentialAction\":[{\"@type\":\"SearchAction\",\"target\":{\"@type\":\"EntryPoint\",\"urlTemplate\":\"https:\\\/\\\/autorival.ro\\\/toyot\\\/?s={search_term_string}\"},\"query-input\":{\"@type\":\"PropertyValueSpecification\",\"valueRequired\":true,\"valueName\":\"search_term_string\"}}],\"inLanguage\":\"ro-RO\"}]}<\/script>\n<!-- \/ Yoast SEO plugin. -->","yoast_head_json":{"title":"Etrier frana TOYOTA PROACE caroserie (MDX_) 2.0 D (MDX6) diesel 163 cai TRISCAN 8170 344167 Toyota | TRISCAN - Autorival","description":"\u26a1 Etrier frana TOYOTA PROACE caroserie (MDX_) 2.0 D (MDX6) diesel 163 cai TRISCAN 8170 344167 pentru Toyota. \u2713 Cod: 8170 \u2713 Brand: TRISCAN \u2713 \u00cen stoc \u2713 Livrare 24h \u2713 Garan\u021bie!","robots":{"index":"index","follow":"follow","max-snippet":"max-snippet:-1","max-image-preview":"max-image-preview:large","max-video-preview":"max-video-preview:-1"},"og_locale":"ro_RO","og_type":"article","og_title":"Etrier frana TOYOTA PROACE caroserie (MDX_) 2.0 D (MDX6) diesel 163 cai TRISCAN 8170 344167 Toyota | TRISCAN - Autorival","og_description":"\u26a1 Etrier frana TOYOTA PROACE caroserie (MDX_) 2.0 D (MDX6) diesel 163 cai TRISCAN 8170 344167 pentru Toyota. \u2713 Cod: 8170 \u2713 Brand: TRISCAN \u2713 \u00cen stoc \u2713 Livrare 24h \u2713 Garan\u021bie!","og_url":"https:\/\/autorival.ro\/toyot\/produs\/etrier-frana-toyota-proace-caroserie-mdx_-2-0-d-mdx6-diesel-163-cai-triscan-8170-344167\/","og_site_name":"Toyota","og_image":[{"width":500,"height":240,"url":"https:\/\/autorival.ro\/toyot\/wp-content\/uploads\/sites\/29\/2026\/02\/8170344167-2.jpg","type":"image\/jpeg"}],"twitter_card":"summary_large_image","twitter_title":"Etrier frana TOYOTA PROACE caroserie (MDX_) 2.0 D (MDX6) diesel 163 cai TRISCAN 8170 344167 Toyota | TRISCAN - Autorival","twitter_description":"\u26a1 Etrier frana TOYOTA PROACE caroserie (MDX_) 2.0 D (MDX6) diesel 163 cai TRISCAN 8170 344167 pentru Toyota. \u2713 Cod: 8170 \u2713 Brand: TRISCAN \u2713 \u00cen stoc \u2713 Livrare 24h \u2713 Garan\u021bie!","schema":{"@context":"https:\/\/schema.org","@graph":[{"@type":"WebPage","@id":"https:\/\/autorival.ro\/toyot\/produs\/etrier-frana-toyota-proace-caroserie-mdx_-2-0-d-mdx6-diesel-163-cai-triscan-8170-344167\/","url":"https:\/\/autorival.ro\/toyot\/produs\/etrier-frana-toyota-proace-caroserie-mdx_-2-0-d-mdx6-diesel-163-cai-triscan-8170-344167\/","name":"Etrier frana TOYOTA PROACE caroserie (MDX_) 2.0 D (MDX6) diesel 163 cai TRISCAN 8170 344167 Toyota | TRISCAN - Autorival","isPartOf":{"@id":"https:\/\/autorival.ro\/toyot\/#website"},"primaryImageOfPage":{"@id":"https:\/\/autorival.ro\/toyot\/produs\/etrier-frana-toyota-proace-caroserie-mdx_-2-0-d-mdx6-diesel-163-cai-triscan-8170-344167\/#primaryimage"},"image":{"@id":"https:\/\/autorival.ro\/toyot\/produs\/etrier-frana-toyota-proace-caroserie-mdx_-2-0-d-mdx6-diesel-163-cai-triscan-8170-344167\/#primaryimage"},"thumbnailUrl":"https:\/\/autorival.ro\/toyot\/wp-content\/uploads\/sites\/29\/2026\/02\/8170344167-2.jpg","datePublished":"2026-02-10T01:37:24+00:00","description":"\u26a1 Etrier frana TOYOTA PROACE caroserie (MDX_) 2.0 D (MDX6) diesel 163 cai TRISCAN 8170 344167 pentru Toyota. \u2713 Cod: 8170 \u2713 Brand: TRISCAN \u2713 \u00cen stoc \u2713 Livrare 24h \u2713 Garan\u021bie!","breadcrumb":{"@id":"https:\/\/autorival.ro\/toyot\/produs\/etrier-frana-toyota-proace-caroserie-mdx_-2-0-d-mdx6-diesel-163-cai-triscan-8170-344167\/#breadcrumb"},"inLanguage":"ro-RO","potentialAction":[{"@type":"ReadAction","target":["https:\/\/autorival.ro\/toyot\/produs\/etrier-frana-toyota-proace-caroserie-mdx_-2-0-d-mdx6-diesel-163-cai-triscan-8170-344167\/"]}]},{"@type":"ImageObject","inLanguage":"ro-RO","@id":"https:\/\/autorival.ro\/toyot\/produs\/etrier-frana-toyota-proace-caroserie-mdx_-2-0-d-mdx6-diesel-163-cai-triscan-8170-344167\/#primaryimage","url":"https:\/\/autorival.ro\/toyot\/wp-content\/uploads\/sites\/29\/2026\/02\/8170344167-2.jpg","contentUrl":"https:\/\/autorival.ro\/toyot\/wp-content\/uploads\/sites\/29\/2026\/02\/8170344167-2.jpg","width":500,"height":240},{"@type":"BreadcrumbList","@id":"https:\/\/autorival.ro\/toyot\/produs\/etrier-frana-toyota-proace-caroserie-mdx_-2-0-d-mdx6-diesel-163-cai-triscan-8170-344167\/#breadcrumb","itemListElement":[{"@type":"ListItem","position":1,"name":"Prima pagin\u0103","item":"https:\/\/autorival.ro\/toyot\/"},{"@type":"ListItem","position":2,"name":"TOYOTA","item":"https:\/\/autorival.ro\/toyot\/"},{"@type":"ListItem","position":3,"name":"Etrier frana TOYOTA PROACE caroserie (MDX_) 2.0 D (MDX6) diesel 163 cai TRISCAN 8170 344167"}]},{"@type":"WebSite","@id":"https:\/\/autorival.ro\/toyot\/#website","url":"https:\/\/autorival.ro\/toyot\/","name":"Toyota","description":"","potentialAction":[{"@type":"SearchAction","target":{"@type":"EntryPoint","urlTemplate":"https:\/\/autorival.ro\/toyot\/?s={search_term_string}"},"query-input":{"@type":"PropertyValueSpecification","valueRequired":true,"valueName":"search_term_string"}}],"inLanguage":"ro-RO"}]}},"_links":{"self":[{"href":"https:\/\/autorival.ro\/toyot\/wp-json\/wp\/v2\/product\/2002524","targetHints":{"allow":["GET"]}}],"collection":[{"href":"https:\/\/autorival.ro\/toyot\/wp-json\/wp\/v2\/product"}],"about":[{"href":"https:\/\/autorival.ro\/toyot\/wp-json\/wp\/v2\/types\/product"}],"replies":[{"embeddable":true,"href":"https:\/\/autorival.ro\/toyot\/wp-json\/wp\/v2\/comments?post=2002524"}],"wp:featuredmedia":[{"embeddable":true,"href":"https:\/\/autorival.ro\/toyot\/wp-json\/wp\/v2\/media\/2002525"}],"wp:attachment":[{"href":"https:\/\/autorival.ro\/toyot\/wp-json\/wp\/v2\/media?parent=2002524"}],"wp:term":[{"taxonomy":"product_brand","embeddable":true,"href":"https:\/\/autorival.ro\/toyot\/wp-json\/wp\/v2\/product_brand?post=2002524"},{"taxonomy":"product_cat","embeddable":true,"href":"https:\/\/autorival.ro\/toyot\/wp-json\/wp\/v2\/product_cat?post=2002524"},{"taxonomy":"product_tag","embeddable":true,"href":"https:\/\/autorival.ro\/toyot\/wp-json\/wp\/v2\/product_tag?post=2002524"}],"curies":[{"name":"wp","href":"https:\/\/api.w.org\/{rel}","templated":true}]}}