{"id":1980824,"date":"2026-02-09T14:02:18","date_gmt":"2026-02-09T14:02:18","guid":{"rendered":"https:\/\/autorival.ro\/toyot\/produs\/distantier-marire-ecartament-toyota-proace-bus-mdz_-1-6-d4d-mdz9-diesel-95-cai-eibach-s90-7-21-003\/"},"modified":"2026-02-09T14:02:18","modified_gmt":"2026-02-09T14:02:18","slug":"distantier-marire-ecartament-toyota-proace-bus-mdz_-1-6-d4d-mdz9-diesel-95-cai-eibach-s90-7-21-003","status":"publish","type":"product","link":"https:\/\/autorival.ro\/toyot\/produs\/distantier-marire-ecartament-toyota-proace-bus-mdz_-1-6-d4d-mdz9-diesel-95-cai-eibach-s90-7-21-003\/","title":{"rendered":"Distantier marire ecartament TOYOTA PROACE bus (MDZ_) 1.6 D4d (MDZ9) diesel 95 cai EIBACH S90-7-21-003"},"content":{"rendered":"<p>Atentie la informatii de serviceTip inmatriculare: f\u0103r\u0103 expertiz\u0103Grosime [mm]: 21Largire ecartament pe axa [mm]: 42Diametru de centrare [mm]: 65Dimensiune filet: M12x1,25Asezare gauri \u00d8 [mm]: 108Numar gauri: 5Suprafata: eloxatCuloare: argintiuModel ranforsaturmariti indicatiile de montaj<\/p>\n","protected":false},"excerpt":{"rendered":"<p>Producator: EIBACH Cod producator: S90-7-21-003<\/p>\n","protected":false},"featured_media":1980825,"comment_status":"open","ping_status":"closed","template":"","meta":[],"product_brand":[36630],"product_cat":[36810],"product_tag":[],"class_list":{"0":"post-1980824","1":"product","2":"type-product","3":"status-publish","4":"has-post-thumbnail","6":"product_brand-eibach","7":"product_cat-distantier-marire-ecartament-mdz-1-6-d4d-mdz9-diesel-95","9":"first","10":"instock","11":"shipping-taxable","12":"purchasable","13":"product-type-simple"},"yoast_head":"<!-- This site is optimized with the Yoast SEO plugin v27.4 - https:\/\/yoast.com\/product\/yoast-seo-wordpress\/ -->\n<title>Distantier marire ecartament TOYOTA PROACE bus (MDZ_) 1.6 D4d (MDZ9) diesel 95 cai EIBACH S90-7-21-003 Toyota | EIBACH - Autorival<\/title>\n<meta name=\"description\" content=\"\u26a1 Distantier marire ecartament TOYOTA PROACE bus (MDZ_) 1.6 D4d (MDZ9) diesel 95 cai EIBACH S90-7-21-003 pentru Toyota. \u2713 Cod: S90-7-21-003 \u2713 Brand: EIBACH \u2713 \u00cen stoc \u2713 Livrare 24h \u2713 Garan\u021bie!\" \/>\n<meta name=\"robots\" content=\"index, follow, max-snippet:-1, max-image-preview:large, max-video-preview:-1\" \/>\n<meta property=\"og:locale\" content=\"ro_RO\" \/>\n<meta property=\"og:type\" content=\"article\" \/>\n<meta property=\"og:title\" content=\"Distantier marire ecartament TOYOTA PROACE bus (MDZ_) 1.6 D4d (MDZ9) diesel 95 cai EIBACH S90-7-21-003 Toyota | EIBACH - Autorival\" \/>\n<meta property=\"og:description\" content=\"\u26a1 Distantier marire ecartament TOYOTA PROACE bus (MDZ_) 1.6 D4d (MDZ9) diesel 95 cai EIBACH S90-7-21-003 pentru Toyota. \u2713 Cod: S90-7-21-003 \u2713 Brand: EIBACH \u2713 \u00cen stoc \u2713 Livrare 24h \u2713 Garan\u021bie!\" \/>\n<meta property=\"og:url\" content=\"https:\/\/autorival.ro\/toyot\/produs\/distantier-marire-ecartament-toyota-proace-bus-mdz_-1-6-d4d-mdz9-diesel-95-cai-eibach-s90-7-21-003\/\" \/>\n<meta property=\"og:site_name\" content=\"Toyota\" \/>\n<meta property=\"og:image\" content=\"https:\/\/autorival.ro\/toyot\/wp-content\/uploads\/sites\/29\/2026\/02\/ps_7-26.jpg\" \/>\n\t<meta property=\"og:image:width\" content=\"1800\" \/>\n\t<meta property=\"og:image:height\" content=\"1800\" \/>\n\t<meta property=\"og:image:type\" content=\"image\/jpeg\" \/>\n<meta name=\"twitter:card\" content=\"summary_large_image\" \/>\n<meta name=\"twitter:title\" content=\"Distantier marire ecartament TOYOTA PROACE bus (MDZ_) 1.6 D4d (MDZ9) diesel 95 cai EIBACH S90-7-21-003 Toyota | EIBACH - Autorival\" \/>\n<meta name=\"twitter:description\" content=\"\u26a1 Distantier marire ecartament TOYOTA PROACE bus (MDZ_) 1.6 D4d (MDZ9) diesel 95 cai EIBACH S90-7-21-003 pentru Toyota. \u2713 Cod: S90-7-21-003 \u2713 Brand: EIBACH \u2713 \u00cen stoc \u2713 Livrare 24h \u2713 Garan\u021bie!\" \/>\n<script type=\"application\/ld+json\" class=\"yoast-schema-graph\">{\"@context\":\"https:\\\/\\\/schema.org\",\"@graph\":[{\"@type\":\"WebPage\",\"@id\":\"https:\\\/\\\/autorival.ro\\\/toyot\\\/produs\\\/distantier-marire-ecartament-toyota-proace-bus-mdz_-1-6-d4d-mdz9-diesel-95-cai-eibach-s90-7-21-003\\\/\",\"url\":\"https:\\\/\\\/autorival.ro\\\/toyot\\\/produs\\\/distantier-marire-ecartament-toyota-proace-bus-mdz_-1-6-d4d-mdz9-diesel-95-cai-eibach-s90-7-21-003\\\/\",\"name\":\"Distantier marire ecartament TOYOTA PROACE bus (MDZ_) 1.6 D4d (MDZ9) diesel 95 cai EIBACH S90-7-21-003 Toyota | EIBACH - Autorival\",\"isPartOf\":{\"@id\":\"https:\\\/\\\/autorival.ro\\\/toyot\\\/#website\"},\"primaryImageOfPage\":{\"@id\":\"https:\\\/\\\/autorival.ro\\\/toyot\\\/produs\\\/distantier-marire-ecartament-toyota-proace-bus-mdz_-1-6-d4d-mdz9-diesel-95-cai-eibach-s90-7-21-003\\\/#primaryimage\"},\"image\":{\"@id\":\"https:\\\/\\\/autorival.ro\\\/toyot\\\/produs\\\/distantier-marire-ecartament-toyota-proace-bus-mdz_-1-6-d4d-mdz9-diesel-95-cai-eibach-s90-7-21-003\\\/#primaryimage\"},\"thumbnailUrl\":\"https:\\\/\\\/autorival.ro\\\/toyot\\\/wp-content\\\/uploads\\\/sites\\\/29\\\/2026\\\/02\\\/ps_7-26.jpg\",\"datePublished\":\"2026-02-09T14:02:18+00:00\",\"description\":\"\u26a1 Distantier marire ecartament TOYOTA PROACE bus (MDZ_) 1.6 D4d (MDZ9) diesel 95 cai EIBACH S90-7-21-003 pentru Toyota. \u2713 Cod: S90-7-21-003 \u2713 Brand: EIBACH \u2713 \u00cen stoc \u2713 Livrare 24h \u2713 Garan\u021bie!\",\"breadcrumb\":{\"@id\":\"https:\\\/\\\/autorival.ro\\\/toyot\\\/produs\\\/distantier-marire-ecartament-toyota-proace-bus-mdz_-1-6-d4d-mdz9-diesel-95-cai-eibach-s90-7-21-003\\\/#breadcrumb\"},\"inLanguage\":\"ro-RO\",\"potentialAction\":[{\"@type\":\"ReadAction\",\"target\":[\"https:\\\/\\\/autorival.ro\\\/toyot\\\/produs\\\/distantier-marire-ecartament-toyota-proace-bus-mdz_-1-6-d4d-mdz9-diesel-95-cai-eibach-s90-7-21-003\\\/\"]}]},{\"@type\":\"ImageObject\",\"inLanguage\":\"ro-RO\",\"@id\":\"https:\\\/\\\/autorival.ro\\\/toyot\\\/produs\\\/distantier-marire-ecartament-toyota-proace-bus-mdz_-1-6-d4d-mdz9-diesel-95-cai-eibach-s90-7-21-003\\\/#primaryimage\",\"url\":\"https:\\\/\\\/autorival.ro\\\/toyot\\\/wp-content\\\/uploads\\\/sites\\\/29\\\/2026\\\/02\\\/ps_7-26.jpg\",\"contentUrl\":\"https:\\\/\\\/autorival.ro\\\/toyot\\\/wp-content\\\/uploads\\\/sites\\\/29\\\/2026\\\/02\\\/ps_7-26.jpg\",\"width\":1800,\"height\":1800},{\"@type\":\"BreadcrumbList\",\"@id\":\"https:\\\/\\\/autorival.ro\\\/toyot\\\/produs\\\/distantier-marire-ecartament-toyota-proace-bus-mdz_-1-6-d4d-mdz9-diesel-95-cai-eibach-s90-7-21-003\\\/#breadcrumb\",\"itemListElement\":[{\"@type\":\"ListItem\",\"position\":1,\"name\":\"Prima pagin\u0103\",\"item\":\"https:\\\/\\\/autorival.ro\\\/toyot\\\/\"},{\"@type\":\"ListItem\",\"position\":2,\"name\":\"TOYOTA\",\"item\":\"https:\\\/\\\/autorival.ro\\\/toyot\\\/\"},{\"@type\":\"ListItem\",\"position\":3,\"name\":\"Distantier marire ecartament TOYOTA PROACE bus (MDZ_) 1.6 D4d (MDZ9) diesel 95 cai EIBACH S90-7-21-003\"}]},{\"@type\":\"WebSite\",\"@id\":\"https:\\\/\\\/autorival.ro\\\/toyot\\\/#website\",\"url\":\"https:\\\/\\\/autorival.ro\\\/toyot\\\/\",\"name\":\"Toyota\",\"description\":\"\",\"potentialAction\":[{\"@type\":\"SearchAction\",\"target\":{\"@type\":\"EntryPoint\",\"urlTemplate\":\"https:\\\/\\\/autorival.ro\\\/toyot\\\/?s={search_term_string}\"},\"query-input\":{\"@type\":\"PropertyValueSpecification\",\"valueRequired\":true,\"valueName\":\"search_term_string\"}}],\"inLanguage\":\"ro-RO\"}]}<\/script>\n<!-- \/ Yoast SEO plugin. -->","yoast_head_json":{"title":"Distantier marire ecartament TOYOTA PROACE bus (MDZ_) 1.6 D4d (MDZ9) diesel 95 cai EIBACH S90-7-21-003 Toyota | EIBACH - Autorival","description":"\u26a1 Distantier marire ecartament TOYOTA PROACE bus (MDZ_) 1.6 D4d (MDZ9) diesel 95 cai EIBACH S90-7-21-003 pentru Toyota. \u2713 Cod: S90-7-21-003 \u2713 Brand: EIBACH \u2713 \u00cen stoc \u2713 Livrare 24h \u2713 Garan\u021bie!","robots":{"index":"index","follow":"follow","max-snippet":"max-snippet:-1","max-image-preview":"max-image-preview:large","max-video-preview":"max-video-preview:-1"},"og_locale":"ro_RO","og_type":"article","og_title":"Distantier marire ecartament TOYOTA PROACE bus (MDZ_) 1.6 D4d (MDZ9) diesel 95 cai EIBACH S90-7-21-003 Toyota | EIBACH - Autorival","og_description":"\u26a1 Distantier marire ecartament TOYOTA PROACE bus (MDZ_) 1.6 D4d (MDZ9) diesel 95 cai EIBACH S90-7-21-003 pentru Toyota. \u2713 Cod: S90-7-21-003 \u2713 Brand: EIBACH \u2713 \u00cen stoc \u2713 Livrare 24h \u2713 Garan\u021bie!","og_url":"https:\/\/autorival.ro\/toyot\/produs\/distantier-marire-ecartament-toyota-proace-bus-mdz_-1-6-d4d-mdz9-diesel-95-cai-eibach-s90-7-21-003\/","og_site_name":"Toyota","og_image":[{"width":1800,"height":1800,"url":"https:\/\/autorival.ro\/toyot\/wp-content\/uploads\/sites\/29\/2026\/02\/ps_7-26.jpg","type":"image\/jpeg"}],"twitter_card":"summary_large_image","twitter_title":"Distantier marire ecartament TOYOTA PROACE bus (MDZ_) 1.6 D4d (MDZ9) diesel 95 cai EIBACH S90-7-21-003 Toyota | EIBACH - Autorival","twitter_description":"\u26a1 Distantier marire ecartament TOYOTA PROACE bus (MDZ_) 1.6 D4d (MDZ9) diesel 95 cai EIBACH S90-7-21-003 pentru Toyota. \u2713 Cod: S90-7-21-003 \u2713 Brand: EIBACH \u2713 \u00cen stoc \u2713 Livrare 24h \u2713 Garan\u021bie!","schema":{"@context":"https:\/\/schema.org","@graph":[{"@type":"WebPage","@id":"https:\/\/autorival.ro\/toyot\/produs\/distantier-marire-ecartament-toyota-proace-bus-mdz_-1-6-d4d-mdz9-diesel-95-cai-eibach-s90-7-21-003\/","url":"https:\/\/autorival.ro\/toyot\/produs\/distantier-marire-ecartament-toyota-proace-bus-mdz_-1-6-d4d-mdz9-diesel-95-cai-eibach-s90-7-21-003\/","name":"Distantier marire ecartament TOYOTA PROACE bus (MDZ_) 1.6 D4d (MDZ9) diesel 95 cai EIBACH S90-7-21-003 Toyota | EIBACH - Autorival","isPartOf":{"@id":"https:\/\/autorival.ro\/toyot\/#website"},"primaryImageOfPage":{"@id":"https:\/\/autorival.ro\/toyot\/produs\/distantier-marire-ecartament-toyota-proace-bus-mdz_-1-6-d4d-mdz9-diesel-95-cai-eibach-s90-7-21-003\/#primaryimage"},"image":{"@id":"https:\/\/autorival.ro\/toyot\/produs\/distantier-marire-ecartament-toyota-proace-bus-mdz_-1-6-d4d-mdz9-diesel-95-cai-eibach-s90-7-21-003\/#primaryimage"},"thumbnailUrl":"https:\/\/autorival.ro\/toyot\/wp-content\/uploads\/sites\/29\/2026\/02\/ps_7-26.jpg","datePublished":"2026-02-09T14:02:18+00:00","description":"\u26a1 Distantier marire ecartament TOYOTA PROACE bus (MDZ_) 1.6 D4d (MDZ9) diesel 95 cai EIBACH S90-7-21-003 pentru Toyota. \u2713 Cod: S90-7-21-003 \u2713 Brand: EIBACH \u2713 \u00cen stoc \u2713 Livrare 24h \u2713 Garan\u021bie!","breadcrumb":{"@id":"https:\/\/autorival.ro\/toyot\/produs\/distantier-marire-ecartament-toyota-proace-bus-mdz_-1-6-d4d-mdz9-diesel-95-cai-eibach-s90-7-21-003\/#breadcrumb"},"inLanguage":"ro-RO","potentialAction":[{"@type":"ReadAction","target":["https:\/\/autorival.ro\/toyot\/produs\/distantier-marire-ecartament-toyota-proace-bus-mdz_-1-6-d4d-mdz9-diesel-95-cai-eibach-s90-7-21-003\/"]}]},{"@type":"ImageObject","inLanguage":"ro-RO","@id":"https:\/\/autorival.ro\/toyot\/produs\/distantier-marire-ecartament-toyota-proace-bus-mdz_-1-6-d4d-mdz9-diesel-95-cai-eibach-s90-7-21-003\/#primaryimage","url":"https:\/\/autorival.ro\/toyot\/wp-content\/uploads\/sites\/29\/2026\/02\/ps_7-26.jpg","contentUrl":"https:\/\/autorival.ro\/toyot\/wp-content\/uploads\/sites\/29\/2026\/02\/ps_7-26.jpg","width":1800,"height":1800},{"@type":"BreadcrumbList","@id":"https:\/\/autorival.ro\/toyot\/produs\/distantier-marire-ecartament-toyota-proace-bus-mdz_-1-6-d4d-mdz9-diesel-95-cai-eibach-s90-7-21-003\/#breadcrumb","itemListElement":[{"@type":"ListItem","position":1,"name":"Prima pagin\u0103","item":"https:\/\/autorival.ro\/toyot\/"},{"@type":"ListItem","position":2,"name":"TOYOTA","item":"https:\/\/autorival.ro\/toyot\/"},{"@type":"ListItem","position":3,"name":"Distantier marire ecartament TOYOTA PROACE bus (MDZ_) 1.6 D4d (MDZ9) diesel 95 cai EIBACH S90-7-21-003"}]},{"@type":"WebSite","@id":"https:\/\/autorival.ro\/toyot\/#website","url":"https:\/\/autorival.ro\/toyot\/","name":"Toyota","description":"","potentialAction":[{"@type":"SearchAction","target":{"@type":"EntryPoint","urlTemplate":"https:\/\/autorival.ro\/toyot\/?s={search_term_string}"},"query-input":{"@type":"PropertyValueSpecification","valueRequired":true,"valueName":"search_term_string"}}],"inLanguage":"ro-RO"}]}},"_links":{"self":[{"href":"https:\/\/autorival.ro\/toyot\/wp-json\/wp\/v2\/product\/1980824","targetHints":{"allow":["GET"]}}],"collection":[{"href":"https:\/\/autorival.ro\/toyot\/wp-json\/wp\/v2\/product"}],"about":[{"href":"https:\/\/autorival.ro\/toyot\/wp-json\/wp\/v2\/types\/product"}],"replies":[{"embeddable":true,"href":"https:\/\/autorival.ro\/toyot\/wp-json\/wp\/v2\/comments?post=1980824"}],"wp:featuredmedia":[{"embeddable":true,"href":"https:\/\/autorival.ro\/toyot\/wp-json\/wp\/v2\/media\/1980825"}],"wp:attachment":[{"href":"https:\/\/autorival.ro\/toyot\/wp-json\/wp\/v2\/media?parent=1980824"}],"wp:term":[{"taxonomy":"product_brand","embeddable":true,"href":"https:\/\/autorival.ro\/toyot\/wp-json\/wp\/v2\/product_brand?post=1980824"},{"taxonomy":"product_cat","embeddable":true,"href":"https:\/\/autorival.ro\/toyot\/wp-json\/wp\/v2\/product_cat?post=1980824"},{"taxonomy":"product_tag","embeddable":true,"href":"https:\/\/autorival.ro\/toyot\/wp-json\/wp\/v2\/product_tag?post=1980824"}],"curies":[{"name":"wp","href":"https:\/\/api.w.org\/{rel}","templated":true}]}}