{"id":1961428,"date":"2026-02-09T02:48:21","date_gmt":"2026-02-09T02:48:21","guid":{"rendered":"https:\/\/autorival.ro\/toyot\/produs\/disc-frana-toyota-gt-86-cupe-zn6_-2-0-zn6-benzina-203-cai-krieger-0950004109\/"},"modified":"2026-02-09T02:48:21","modified_gmt":"2026-02-09T02:48:21","slug":"disc-frana-toyota-gt-86-cupe-zn6_-2-0-zn6-benzina-203-cai-krieger-0950004109","status":"publish","type":"product","link":"https:\/\/autorival.ro\/toyot\/produs\/disc-frana-toyota-gt-86-cupe-zn6_-2-0-zn6-benzina-203-cai-krieger-0950004109\/","title":{"rendered":"Disc frana TOYOTA GT 86 cupe (ZN6_) 2.0 (ZN6) benzina 203 cai KRIEGER 0950004109"},"content":{"rendered":"<p>Tip disc fr\u00e2na: ventilat interiorDiametru exterior [mm]: 277Grosime disc fr\u00e2na [mm]: 24\u00cenaltime [mm]: 56,6Grosime minima [mm]: 22Suprafata: acoperit (cu un strat protector)Diametru interior [mm]: 129Asezare gauri \u00d8 [mm]: 100Diametru de centrare [mm]: 58Asezare gauri\/numar gauri: 05\/07Diametru alezaj bol\u021b roat\u0103 [mm]: 12,7Articol completare\/Info suplimentar 2: fara butuc roata, fara rulment roata, fara suruburi de fixare roataLungime ambalaj [cm]: 31,3Latime ambalaj [cm]: 31,3Inaltime ambalaj [cm]: 14Greutate [kg]: 6,2<\/p>\n","protected":false},"excerpt":{"rendered":"<p>Producator: KRIEGER Cod producator: 0950004109<\/p>\n","protected":false},"featured_media":1961429,"comment_status":"open","ping_status":"closed","template":"","meta":[],"product_brand":[20593],"product_cat":[36243],"product_tag":[],"class_list":{"0":"post-1961428","1":"product","2":"type-product","3":"status-publish","4":"has-post-thumbnail","6":"product_brand-krieger","7":"product_cat-disc-frana-zn6-2-0-zn6-benzina-203","9":"first","10":"instock","11":"shipping-taxable","12":"purchasable","13":"product-type-simple"},"yoast_head":"<!-- This site is optimized with the Yoast SEO plugin v27.4 - https:\/\/yoast.com\/product\/yoast-seo-wordpress\/ -->\n<title>Disc frana TOYOTA GT 86 cupe (ZN6_) 2.0 (ZN6) benzina 203 cai KRIEGER 0950004109 Toyota | KRIEGER - Autorival<\/title>\n<meta name=\"description\" content=\"\u26a1 Disc frana TOYOTA GT 86 cupe (ZN6_) 2.0 (ZN6) benzina 203 cai KRIEGER 0950004109 pentru Toyota. \u2713 Cod: 0950004109 \u2713 Brand: KRIEGER \u2713 \u00cen stoc \u2713 Livrare 24h \u2713 Garan\u021bie!\" \/>\n<meta name=\"robots\" content=\"index, follow, max-snippet:-1, max-image-preview:large, max-video-preview:-1\" \/>\n<meta property=\"og:locale\" content=\"ro_RO\" \/>\n<meta property=\"og:type\" content=\"article\" \/>\n<meta property=\"og:title\" content=\"Disc frana TOYOTA GT 86 cupe (ZN6_) 2.0 (ZN6) benzina 203 cai KRIEGER 0950004109 Toyota | KRIEGER - Autorival\" \/>\n<meta property=\"og:description\" content=\"\u26a1 Disc frana TOYOTA GT 86 cupe (ZN6_) 2.0 (ZN6) benzina 203 cai KRIEGER 0950004109 pentru Toyota. \u2713 Cod: 0950004109 \u2713 Brand: KRIEGER \u2713 \u00cen stoc \u2713 Livrare 24h \u2713 Garan\u021bie!\" \/>\n<meta property=\"og:url\" content=\"https:\/\/autorival.ro\/toyot\/produs\/disc-frana-toyota-gt-86-cupe-zn6_-2-0-zn6-benzina-203-cai-krieger-0950004109\/\" \/>\n<meta property=\"og:site_name\" content=\"Toyota\" \/>\n<meta property=\"og:image\" content=\"https:\/\/autorival.ro\/toyot\/wp-content\/uploads\/sites\/29\/2026\/02\/toyota0105-3023.png\" \/>\n\t<meta property=\"og:image:width\" content=\"400\" \/>\n\t<meta property=\"og:image:height\" content=\"225\" \/>\n\t<meta property=\"og:image:type\" content=\"image\/png\" \/>\n<meta name=\"twitter:card\" content=\"summary_large_image\" \/>\n<meta name=\"twitter:title\" content=\"Disc frana TOYOTA GT 86 cupe (ZN6_) 2.0 (ZN6) benzina 203 cai KRIEGER 0950004109 Toyota | KRIEGER - Autorival\" \/>\n<meta name=\"twitter:description\" content=\"\u26a1 Disc frana TOYOTA GT 86 cupe (ZN6_) 2.0 (ZN6) benzina 203 cai KRIEGER 0950004109 pentru Toyota. \u2713 Cod: 0950004109 \u2713 Brand: KRIEGER \u2713 \u00cen stoc \u2713 Livrare 24h \u2713 Garan\u021bie!\" \/>\n<script type=\"application\/ld+json\" class=\"yoast-schema-graph\">{\"@context\":\"https:\\\/\\\/schema.org\",\"@graph\":[{\"@type\":\"WebPage\",\"@id\":\"https:\\\/\\\/autorival.ro\\\/toyot\\\/produs\\\/disc-frana-toyota-gt-86-cupe-zn6_-2-0-zn6-benzina-203-cai-krieger-0950004109\\\/\",\"url\":\"https:\\\/\\\/autorival.ro\\\/toyot\\\/produs\\\/disc-frana-toyota-gt-86-cupe-zn6_-2-0-zn6-benzina-203-cai-krieger-0950004109\\\/\",\"name\":\"Disc frana TOYOTA GT 86 cupe (ZN6_) 2.0 (ZN6) benzina 203 cai KRIEGER 0950004109 Toyota | KRIEGER - Autorival\",\"isPartOf\":{\"@id\":\"https:\\\/\\\/autorival.ro\\\/toyot\\\/#website\"},\"primaryImageOfPage\":{\"@id\":\"https:\\\/\\\/autorival.ro\\\/toyot\\\/produs\\\/disc-frana-toyota-gt-86-cupe-zn6_-2-0-zn6-benzina-203-cai-krieger-0950004109\\\/#primaryimage\"},\"image\":{\"@id\":\"https:\\\/\\\/autorival.ro\\\/toyot\\\/produs\\\/disc-frana-toyota-gt-86-cupe-zn6_-2-0-zn6-benzina-203-cai-krieger-0950004109\\\/#primaryimage\"},\"thumbnailUrl\":\"https:\\\/\\\/autorival.ro\\\/toyot\\\/wp-content\\\/uploads\\\/sites\\\/29\\\/2026\\\/02\\\/toyota0105-3023.png\",\"datePublished\":\"2026-02-09T02:48:21+00:00\",\"description\":\"\u26a1 Disc frana TOYOTA GT 86 cupe (ZN6_) 2.0 (ZN6) benzina 203 cai KRIEGER 0950004109 pentru Toyota. \u2713 Cod: 0950004109 \u2713 Brand: KRIEGER \u2713 \u00cen stoc \u2713 Livrare 24h \u2713 Garan\u021bie!\",\"breadcrumb\":{\"@id\":\"https:\\\/\\\/autorival.ro\\\/toyot\\\/produs\\\/disc-frana-toyota-gt-86-cupe-zn6_-2-0-zn6-benzina-203-cai-krieger-0950004109\\\/#breadcrumb\"},\"inLanguage\":\"ro-RO\",\"potentialAction\":[{\"@type\":\"ReadAction\",\"target\":[\"https:\\\/\\\/autorival.ro\\\/toyot\\\/produs\\\/disc-frana-toyota-gt-86-cupe-zn6_-2-0-zn6-benzina-203-cai-krieger-0950004109\\\/\"]}]},{\"@type\":\"ImageObject\",\"inLanguage\":\"ro-RO\",\"@id\":\"https:\\\/\\\/autorival.ro\\\/toyot\\\/produs\\\/disc-frana-toyota-gt-86-cupe-zn6_-2-0-zn6-benzina-203-cai-krieger-0950004109\\\/#primaryimage\",\"url\":\"https:\\\/\\\/autorival.ro\\\/toyot\\\/wp-content\\\/uploads\\\/sites\\\/29\\\/2026\\\/02\\\/toyota0105-3023.png\",\"contentUrl\":\"https:\\\/\\\/autorival.ro\\\/toyot\\\/wp-content\\\/uploads\\\/sites\\\/29\\\/2026\\\/02\\\/toyota0105-3023.png\",\"width\":400,\"height\":225},{\"@type\":\"BreadcrumbList\",\"@id\":\"https:\\\/\\\/autorival.ro\\\/toyot\\\/produs\\\/disc-frana-toyota-gt-86-cupe-zn6_-2-0-zn6-benzina-203-cai-krieger-0950004109\\\/#breadcrumb\",\"itemListElement\":[{\"@type\":\"ListItem\",\"position\":1,\"name\":\"Prima pagin\u0103\",\"item\":\"https:\\\/\\\/autorival.ro\\\/toyot\\\/\"},{\"@type\":\"ListItem\",\"position\":2,\"name\":\"TOYOTA\",\"item\":\"https:\\\/\\\/autorival.ro\\\/toyot\\\/\"},{\"@type\":\"ListItem\",\"position\":3,\"name\":\"Disc frana TOYOTA GT 86 cupe (ZN6_) 2.0 (ZN6) benzina 203 cai KRIEGER 0950004109\"}]},{\"@type\":\"WebSite\",\"@id\":\"https:\\\/\\\/autorival.ro\\\/toyot\\\/#website\",\"url\":\"https:\\\/\\\/autorival.ro\\\/toyot\\\/\",\"name\":\"Toyota\",\"description\":\"\",\"potentialAction\":[{\"@type\":\"SearchAction\",\"target\":{\"@type\":\"EntryPoint\",\"urlTemplate\":\"https:\\\/\\\/autorival.ro\\\/toyot\\\/?s={search_term_string}\"},\"query-input\":{\"@type\":\"PropertyValueSpecification\",\"valueRequired\":true,\"valueName\":\"search_term_string\"}}],\"inLanguage\":\"ro-RO\"}]}<\/script>\n<!-- \/ Yoast SEO plugin. -->","yoast_head_json":{"title":"Disc frana TOYOTA GT 86 cupe (ZN6_) 2.0 (ZN6) benzina 203 cai KRIEGER 0950004109 Toyota | KRIEGER - Autorival","description":"\u26a1 Disc frana TOYOTA GT 86 cupe (ZN6_) 2.0 (ZN6) benzina 203 cai KRIEGER 0950004109 pentru Toyota. \u2713 Cod: 0950004109 \u2713 Brand: KRIEGER \u2713 \u00cen stoc \u2713 Livrare 24h \u2713 Garan\u021bie!","robots":{"index":"index","follow":"follow","max-snippet":"max-snippet:-1","max-image-preview":"max-image-preview:large","max-video-preview":"max-video-preview:-1"},"og_locale":"ro_RO","og_type":"article","og_title":"Disc frana TOYOTA GT 86 cupe (ZN6_) 2.0 (ZN6) benzina 203 cai KRIEGER 0950004109 Toyota | KRIEGER - Autorival","og_description":"\u26a1 Disc frana TOYOTA GT 86 cupe (ZN6_) 2.0 (ZN6) benzina 203 cai KRIEGER 0950004109 pentru Toyota. \u2713 Cod: 0950004109 \u2713 Brand: KRIEGER \u2713 \u00cen stoc \u2713 Livrare 24h \u2713 Garan\u021bie!","og_url":"https:\/\/autorival.ro\/toyot\/produs\/disc-frana-toyota-gt-86-cupe-zn6_-2-0-zn6-benzina-203-cai-krieger-0950004109\/","og_site_name":"Toyota","og_image":[{"width":400,"height":225,"url":"https:\/\/autorival.ro\/toyot\/wp-content\/uploads\/sites\/29\/2026\/02\/toyota0105-3023.png","type":"image\/png"}],"twitter_card":"summary_large_image","twitter_title":"Disc frana TOYOTA GT 86 cupe (ZN6_) 2.0 (ZN6) benzina 203 cai KRIEGER 0950004109 Toyota | KRIEGER - Autorival","twitter_description":"\u26a1 Disc frana TOYOTA GT 86 cupe (ZN6_) 2.0 (ZN6) benzina 203 cai KRIEGER 0950004109 pentru Toyota. \u2713 Cod: 0950004109 \u2713 Brand: KRIEGER \u2713 \u00cen stoc \u2713 Livrare 24h \u2713 Garan\u021bie!","schema":{"@context":"https:\/\/schema.org","@graph":[{"@type":"WebPage","@id":"https:\/\/autorival.ro\/toyot\/produs\/disc-frana-toyota-gt-86-cupe-zn6_-2-0-zn6-benzina-203-cai-krieger-0950004109\/","url":"https:\/\/autorival.ro\/toyot\/produs\/disc-frana-toyota-gt-86-cupe-zn6_-2-0-zn6-benzina-203-cai-krieger-0950004109\/","name":"Disc frana TOYOTA GT 86 cupe (ZN6_) 2.0 (ZN6) benzina 203 cai KRIEGER 0950004109 Toyota | KRIEGER - Autorival","isPartOf":{"@id":"https:\/\/autorival.ro\/toyot\/#website"},"primaryImageOfPage":{"@id":"https:\/\/autorival.ro\/toyot\/produs\/disc-frana-toyota-gt-86-cupe-zn6_-2-0-zn6-benzina-203-cai-krieger-0950004109\/#primaryimage"},"image":{"@id":"https:\/\/autorival.ro\/toyot\/produs\/disc-frana-toyota-gt-86-cupe-zn6_-2-0-zn6-benzina-203-cai-krieger-0950004109\/#primaryimage"},"thumbnailUrl":"https:\/\/autorival.ro\/toyot\/wp-content\/uploads\/sites\/29\/2026\/02\/toyota0105-3023.png","datePublished":"2026-02-09T02:48:21+00:00","description":"\u26a1 Disc frana TOYOTA GT 86 cupe (ZN6_) 2.0 (ZN6) benzina 203 cai KRIEGER 0950004109 pentru Toyota. \u2713 Cod: 0950004109 \u2713 Brand: KRIEGER \u2713 \u00cen stoc \u2713 Livrare 24h \u2713 Garan\u021bie!","breadcrumb":{"@id":"https:\/\/autorival.ro\/toyot\/produs\/disc-frana-toyota-gt-86-cupe-zn6_-2-0-zn6-benzina-203-cai-krieger-0950004109\/#breadcrumb"},"inLanguage":"ro-RO","potentialAction":[{"@type":"ReadAction","target":["https:\/\/autorival.ro\/toyot\/produs\/disc-frana-toyota-gt-86-cupe-zn6_-2-0-zn6-benzina-203-cai-krieger-0950004109\/"]}]},{"@type":"ImageObject","inLanguage":"ro-RO","@id":"https:\/\/autorival.ro\/toyot\/produs\/disc-frana-toyota-gt-86-cupe-zn6_-2-0-zn6-benzina-203-cai-krieger-0950004109\/#primaryimage","url":"https:\/\/autorival.ro\/toyot\/wp-content\/uploads\/sites\/29\/2026\/02\/toyota0105-3023.png","contentUrl":"https:\/\/autorival.ro\/toyot\/wp-content\/uploads\/sites\/29\/2026\/02\/toyota0105-3023.png","width":400,"height":225},{"@type":"BreadcrumbList","@id":"https:\/\/autorival.ro\/toyot\/produs\/disc-frana-toyota-gt-86-cupe-zn6_-2-0-zn6-benzina-203-cai-krieger-0950004109\/#breadcrumb","itemListElement":[{"@type":"ListItem","position":1,"name":"Prima pagin\u0103","item":"https:\/\/autorival.ro\/toyot\/"},{"@type":"ListItem","position":2,"name":"TOYOTA","item":"https:\/\/autorival.ro\/toyot\/"},{"@type":"ListItem","position":3,"name":"Disc frana TOYOTA GT 86 cupe (ZN6_) 2.0 (ZN6) benzina 203 cai KRIEGER 0950004109"}]},{"@type":"WebSite","@id":"https:\/\/autorival.ro\/toyot\/#website","url":"https:\/\/autorival.ro\/toyot\/","name":"Toyota","description":"","potentialAction":[{"@type":"SearchAction","target":{"@type":"EntryPoint","urlTemplate":"https:\/\/autorival.ro\/toyot\/?s={search_term_string}"},"query-input":{"@type":"PropertyValueSpecification","valueRequired":true,"valueName":"search_term_string"}}],"inLanguage":"ro-RO"}]}},"_links":{"self":[{"href":"https:\/\/autorival.ro\/toyot\/wp-json\/wp\/v2\/product\/1961428","targetHints":{"allow":["GET"]}}],"collection":[{"href":"https:\/\/autorival.ro\/toyot\/wp-json\/wp\/v2\/product"}],"about":[{"href":"https:\/\/autorival.ro\/toyot\/wp-json\/wp\/v2\/types\/product"}],"replies":[{"embeddable":true,"href":"https:\/\/autorival.ro\/toyot\/wp-json\/wp\/v2\/comments?post=1961428"}],"wp:featuredmedia":[{"embeddable":true,"href":"https:\/\/autorival.ro\/toyot\/wp-json\/wp\/v2\/media\/1961429"}],"wp:attachment":[{"href":"https:\/\/autorival.ro\/toyot\/wp-json\/wp\/v2\/media?parent=1961428"}],"wp:term":[{"taxonomy":"product_brand","embeddable":true,"href":"https:\/\/autorival.ro\/toyot\/wp-json\/wp\/v2\/product_brand?post=1961428"},{"taxonomy":"product_cat","embeddable":true,"href":"https:\/\/autorival.ro\/toyot\/wp-json\/wp\/v2\/product_cat?post=1961428"},{"taxonomy":"product_tag","embeddable":true,"href":"https:\/\/autorival.ro\/toyot\/wp-json\/wp\/v2\/product_tag?post=1961428"}],"curies":[{"name":"wp","href":"https:\/\/api.w.org\/{rel}","templated":true}]}}