{"id":1211258,"date":"2026-01-18T12:21:37","date_gmt":"2026-01-18T12:21:37","guid":{"rendered":"https:\/\/autorival.ro\/toyot\/produs\/alternator-toyota-liteace-bus-_m3_-_m4_-1-5-km30lg-benzina-69-cai-as-pl-a3412s\/"},"modified":"2026-01-18T12:21:37","modified_gmt":"2026-01-18T12:21:37","slug":"alternator-toyota-liteace-bus-_m3_-_m4_-1-5-km30lg-benzina-69-cai-as-pl-a3412s","status":"publish","type":"product","link":"https:\/\/autorival.ro\/toyot\/produs\/alternator-toyota-liteace-bus-_m3_-_m4_-1-5-km30lg-benzina-69-cai-as-pl-a3412s\/","title":{"rendered":"Alternator TOYOTA LITEACE bus (_M3_, _M4_) 1.5 (KM30LG) benzina 69 cai AS-PL A3412S"},"content":{"rendered":"<p>Restrictiile producatorului: VALEORole: cu rola cureaTensiune [V]: 12Curent de incarcare generator [A]: 70Versiune: A13N162Calitate: STANDARD LINEPies\u0103 nou\u0103 f\u0103r\u0103 gaj<\/p>\n","protected":false},"excerpt":{"rendered":"<p>Producator: AS-PL Cod producator: A3412S<\/p>\n","protected":false},"featured_media":1211259,"comment_status":"open","ping_status":"closed","template":"","meta":[],"product_brand":[1215],"product_cat":[1647],"product_tag":[],"class_list":{"0":"post-1211258","1":"product","2":"type-product","3":"status-publish","4":"has-post-thumbnail","6":"product_brand-as-pl","7":"product_cat-alternator-m3-m4-1-5-km30lg-benzina-69","9":"first","10":"instock","11":"shipping-taxable","12":"purchasable","13":"product-type-simple"},"yoast_head":"<!-- This site is optimized with the Yoast SEO plugin v27.4 - https:\/\/yoast.com\/product\/yoast-seo-wordpress\/ -->\n<title>Alternator TOYOTA LITEACE bus (_M3_, _M4_) 1.5 (KM30LG) benzina 69 cai AS-PL A3412S Toyota | AS-PL - Autorival<\/title>\n<meta name=\"description\" content=\"\u26a1 Alternator TOYOTA LITEACE bus (_M3_, _M4_) 1.5 (KM30LG) benzina 69 cai AS-PL A3412S pentru Toyota. \u2713 Cod: A3412S \u2713 Brand: AS-PL \u2713 \u00cen stoc \u2713 Livrare 24h \u2713 Garan\u021bie!\" \/>\n<meta name=\"robots\" content=\"index, follow, max-snippet:-1, max-image-preview:large, max-video-preview:-1\" \/>\n<meta property=\"og:locale\" content=\"ro_RO\" \/>\n<meta property=\"og:type\" content=\"article\" \/>\n<meta property=\"og:title\" content=\"Alternator TOYOTA LITEACE bus (_M3_, _M4_) 1.5 (KM30LG) benzina 69 cai AS-PL A3412S Toyota | AS-PL - Autorival\" \/>\n<meta property=\"og:description\" content=\"\u26a1 Alternator TOYOTA LITEACE bus (_M3_, _M4_) 1.5 (KM30LG) benzina 69 cai AS-PL A3412S pentru Toyota. \u2713 Cod: A3412S \u2713 Brand: AS-PL \u2713 \u00cen stoc \u2713 Livrare 24h \u2713 Garan\u021bie!\" \/>\n<meta property=\"og:url\" content=\"https:\/\/autorival.ro\/toyot\/produs\/alternator-toyota-liteace-bus-_m3_-_m4_-1-5-km30lg-benzina-69-cai-as-pl-a3412s\/\" \/>\n<meta property=\"og:site_name\" content=\"Toyota\" \/>\n<meta property=\"og:image\" content=\"https:\/\/autorival.ro\/toyot\/wp-content\/uploads\/sites\/29\/2026\/01\/148289-50.jpg\" \/>\n\t<meta property=\"og:image:width\" content=\"1080\" \/>\n\t<meta property=\"og:image:height\" content=\"810\" \/>\n\t<meta property=\"og:image:type\" content=\"image\/jpeg\" \/>\n<meta name=\"twitter:card\" content=\"summary_large_image\" \/>\n<meta name=\"twitter:title\" content=\"Alternator TOYOTA LITEACE bus (_M3_, _M4_) 1.5 (KM30LG) benzina 69 cai AS-PL A3412S Toyota | AS-PL - Autorival\" \/>\n<meta name=\"twitter:description\" content=\"\u26a1 Alternator TOYOTA LITEACE bus (_M3_, _M4_) 1.5 (KM30LG) benzina 69 cai AS-PL A3412S pentru Toyota. \u2713 Cod: A3412S \u2713 Brand: AS-PL \u2713 \u00cen stoc \u2713 Livrare 24h \u2713 Garan\u021bie!\" \/>\n<script type=\"application\/ld+json\" class=\"yoast-schema-graph\">{\"@context\":\"https:\\\/\\\/schema.org\",\"@graph\":[{\"@type\":\"WebPage\",\"@id\":\"https:\\\/\\\/autorival.ro\\\/toyot\\\/produs\\\/alternator-toyota-liteace-bus-_m3_-_m4_-1-5-km30lg-benzina-69-cai-as-pl-a3412s\\\/\",\"url\":\"https:\\\/\\\/autorival.ro\\\/toyot\\\/produs\\\/alternator-toyota-liteace-bus-_m3_-_m4_-1-5-km30lg-benzina-69-cai-as-pl-a3412s\\\/\",\"name\":\"Alternator TOYOTA LITEACE bus (_M3_, _M4_) 1.5 (KM30LG) benzina 69 cai AS-PL A3412S Toyota | AS-PL - Autorival\",\"isPartOf\":{\"@id\":\"https:\\\/\\\/autorival.ro\\\/toyot\\\/#website\"},\"primaryImageOfPage\":{\"@id\":\"https:\\\/\\\/autorival.ro\\\/toyot\\\/produs\\\/alternator-toyota-liteace-bus-_m3_-_m4_-1-5-km30lg-benzina-69-cai-as-pl-a3412s\\\/#primaryimage\"},\"image\":{\"@id\":\"https:\\\/\\\/autorival.ro\\\/toyot\\\/produs\\\/alternator-toyota-liteace-bus-_m3_-_m4_-1-5-km30lg-benzina-69-cai-as-pl-a3412s\\\/#primaryimage\"},\"thumbnailUrl\":\"https:\\\/\\\/autorival.ro\\\/toyot\\\/wp-content\\\/uploads\\\/sites\\\/29\\\/2026\\\/01\\\/148289-50.jpg\",\"datePublished\":\"2026-01-18T12:21:37+00:00\",\"description\":\"\u26a1 Alternator TOYOTA LITEACE bus (_M3_, _M4_) 1.5 (KM30LG) benzina 69 cai AS-PL A3412S pentru Toyota. \u2713 Cod: A3412S \u2713 Brand: AS-PL \u2713 \u00cen stoc \u2713 Livrare 24h \u2713 Garan\u021bie!\",\"breadcrumb\":{\"@id\":\"https:\\\/\\\/autorival.ro\\\/toyot\\\/produs\\\/alternator-toyota-liteace-bus-_m3_-_m4_-1-5-km30lg-benzina-69-cai-as-pl-a3412s\\\/#breadcrumb\"},\"inLanguage\":\"ro-RO\",\"potentialAction\":[{\"@type\":\"ReadAction\",\"target\":[\"https:\\\/\\\/autorival.ro\\\/toyot\\\/produs\\\/alternator-toyota-liteace-bus-_m3_-_m4_-1-5-km30lg-benzina-69-cai-as-pl-a3412s\\\/\"]}]},{\"@type\":\"ImageObject\",\"inLanguage\":\"ro-RO\",\"@id\":\"https:\\\/\\\/autorival.ro\\\/toyot\\\/produs\\\/alternator-toyota-liteace-bus-_m3_-_m4_-1-5-km30lg-benzina-69-cai-as-pl-a3412s\\\/#primaryimage\",\"url\":\"https:\\\/\\\/autorival.ro\\\/toyot\\\/wp-content\\\/uploads\\\/sites\\\/29\\\/2026\\\/01\\\/148289-50.jpg\",\"contentUrl\":\"https:\\\/\\\/autorival.ro\\\/toyot\\\/wp-content\\\/uploads\\\/sites\\\/29\\\/2026\\\/01\\\/148289-50.jpg\",\"width\":1080,\"height\":810},{\"@type\":\"BreadcrumbList\",\"@id\":\"https:\\\/\\\/autorival.ro\\\/toyot\\\/produs\\\/alternator-toyota-liteace-bus-_m3_-_m4_-1-5-km30lg-benzina-69-cai-as-pl-a3412s\\\/#breadcrumb\",\"itemListElement\":[{\"@type\":\"ListItem\",\"position\":1,\"name\":\"Prima pagin\u0103\",\"item\":\"https:\\\/\\\/autorival.ro\\\/toyot\\\/\"},{\"@type\":\"ListItem\",\"position\":2,\"name\":\"TOYOTA\",\"item\":\"https:\\\/\\\/autorival.ro\\\/toyot\\\/\"},{\"@type\":\"ListItem\",\"position\":3,\"name\":\"Alternator TOYOTA LITEACE bus (_M3_, _M4_) 1.5 (KM30LG) benzina 69 cai AS-PL A3412S\"}]},{\"@type\":\"WebSite\",\"@id\":\"https:\\\/\\\/autorival.ro\\\/toyot\\\/#website\",\"url\":\"https:\\\/\\\/autorival.ro\\\/toyot\\\/\",\"name\":\"Toyota\",\"description\":\"\",\"potentialAction\":[{\"@type\":\"SearchAction\",\"target\":{\"@type\":\"EntryPoint\",\"urlTemplate\":\"https:\\\/\\\/autorival.ro\\\/toyot\\\/?s={search_term_string}\"},\"query-input\":{\"@type\":\"PropertyValueSpecification\",\"valueRequired\":true,\"valueName\":\"search_term_string\"}}],\"inLanguage\":\"ro-RO\"}]}<\/script>\n<!-- \/ Yoast SEO plugin. -->","yoast_head_json":{"title":"Alternator TOYOTA LITEACE bus (_M3_, _M4_) 1.5 (KM30LG) benzina 69 cai AS-PL A3412S Toyota | AS-PL - Autorival","description":"\u26a1 Alternator TOYOTA LITEACE bus (_M3_, _M4_) 1.5 (KM30LG) benzina 69 cai AS-PL A3412S pentru Toyota. \u2713 Cod: A3412S \u2713 Brand: AS-PL \u2713 \u00cen stoc \u2713 Livrare 24h \u2713 Garan\u021bie!","robots":{"index":"index","follow":"follow","max-snippet":"max-snippet:-1","max-image-preview":"max-image-preview:large","max-video-preview":"max-video-preview:-1"},"og_locale":"ro_RO","og_type":"article","og_title":"Alternator TOYOTA LITEACE bus (_M3_, _M4_) 1.5 (KM30LG) benzina 69 cai AS-PL A3412S Toyota | AS-PL - Autorival","og_description":"\u26a1 Alternator TOYOTA LITEACE bus (_M3_, _M4_) 1.5 (KM30LG) benzina 69 cai AS-PL A3412S pentru Toyota. \u2713 Cod: A3412S \u2713 Brand: AS-PL \u2713 \u00cen stoc \u2713 Livrare 24h \u2713 Garan\u021bie!","og_url":"https:\/\/autorival.ro\/toyot\/produs\/alternator-toyota-liteace-bus-_m3_-_m4_-1-5-km30lg-benzina-69-cai-as-pl-a3412s\/","og_site_name":"Toyota","og_image":[{"width":1080,"height":810,"url":"https:\/\/autorival.ro\/toyot\/wp-content\/uploads\/sites\/29\/2026\/01\/148289-50.jpg","type":"image\/jpeg"}],"twitter_card":"summary_large_image","twitter_title":"Alternator TOYOTA LITEACE bus (_M3_, _M4_) 1.5 (KM30LG) benzina 69 cai AS-PL A3412S Toyota | AS-PL - Autorival","twitter_description":"\u26a1 Alternator TOYOTA LITEACE bus (_M3_, _M4_) 1.5 (KM30LG) benzina 69 cai AS-PL A3412S pentru Toyota. \u2713 Cod: A3412S \u2713 Brand: AS-PL \u2713 \u00cen stoc \u2713 Livrare 24h \u2713 Garan\u021bie!","schema":{"@context":"https:\/\/schema.org","@graph":[{"@type":"WebPage","@id":"https:\/\/autorival.ro\/toyot\/produs\/alternator-toyota-liteace-bus-_m3_-_m4_-1-5-km30lg-benzina-69-cai-as-pl-a3412s\/","url":"https:\/\/autorival.ro\/toyot\/produs\/alternator-toyota-liteace-bus-_m3_-_m4_-1-5-km30lg-benzina-69-cai-as-pl-a3412s\/","name":"Alternator TOYOTA LITEACE bus (_M3_, _M4_) 1.5 (KM30LG) benzina 69 cai AS-PL A3412S Toyota | AS-PL - Autorival","isPartOf":{"@id":"https:\/\/autorival.ro\/toyot\/#website"},"primaryImageOfPage":{"@id":"https:\/\/autorival.ro\/toyot\/produs\/alternator-toyota-liteace-bus-_m3_-_m4_-1-5-km30lg-benzina-69-cai-as-pl-a3412s\/#primaryimage"},"image":{"@id":"https:\/\/autorival.ro\/toyot\/produs\/alternator-toyota-liteace-bus-_m3_-_m4_-1-5-km30lg-benzina-69-cai-as-pl-a3412s\/#primaryimage"},"thumbnailUrl":"https:\/\/autorival.ro\/toyot\/wp-content\/uploads\/sites\/29\/2026\/01\/148289-50.jpg","datePublished":"2026-01-18T12:21:37+00:00","description":"\u26a1 Alternator TOYOTA LITEACE bus (_M3_, _M4_) 1.5 (KM30LG) benzina 69 cai AS-PL A3412S pentru Toyota. \u2713 Cod: A3412S \u2713 Brand: AS-PL \u2713 \u00cen stoc \u2713 Livrare 24h \u2713 Garan\u021bie!","breadcrumb":{"@id":"https:\/\/autorival.ro\/toyot\/produs\/alternator-toyota-liteace-bus-_m3_-_m4_-1-5-km30lg-benzina-69-cai-as-pl-a3412s\/#breadcrumb"},"inLanguage":"ro-RO","potentialAction":[{"@type":"ReadAction","target":["https:\/\/autorival.ro\/toyot\/produs\/alternator-toyota-liteace-bus-_m3_-_m4_-1-5-km30lg-benzina-69-cai-as-pl-a3412s\/"]}]},{"@type":"ImageObject","inLanguage":"ro-RO","@id":"https:\/\/autorival.ro\/toyot\/produs\/alternator-toyota-liteace-bus-_m3_-_m4_-1-5-km30lg-benzina-69-cai-as-pl-a3412s\/#primaryimage","url":"https:\/\/autorival.ro\/toyot\/wp-content\/uploads\/sites\/29\/2026\/01\/148289-50.jpg","contentUrl":"https:\/\/autorival.ro\/toyot\/wp-content\/uploads\/sites\/29\/2026\/01\/148289-50.jpg","width":1080,"height":810},{"@type":"BreadcrumbList","@id":"https:\/\/autorival.ro\/toyot\/produs\/alternator-toyota-liteace-bus-_m3_-_m4_-1-5-km30lg-benzina-69-cai-as-pl-a3412s\/#breadcrumb","itemListElement":[{"@type":"ListItem","position":1,"name":"Prima pagin\u0103","item":"https:\/\/autorival.ro\/toyot\/"},{"@type":"ListItem","position":2,"name":"TOYOTA","item":"https:\/\/autorival.ro\/toyot\/"},{"@type":"ListItem","position":3,"name":"Alternator TOYOTA LITEACE bus (_M3_, _M4_) 1.5 (KM30LG) benzina 69 cai AS-PL A3412S"}]},{"@type":"WebSite","@id":"https:\/\/autorival.ro\/toyot\/#website","url":"https:\/\/autorival.ro\/toyot\/","name":"Toyota","description":"","potentialAction":[{"@type":"SearchAction","target":{"@type":"EntryPoint","urlTemplate":"https:\/\/autorival.ro\/toyot\/?s={search_term_string}"},"query-input":{"@type":"PropertyValueSpecification","valueRequired":true,"valueName":"search_term_string"}}],"inLanguage":"ro-RO"}]}},"_links":{"self":[{"href":"https:\/\/autorival.ro\/toyot\/wp-json\/wp\/v2\/product\/1211258","targetHints":{"allow":["GET"]}}],"collection":[{"href":"https:\/\/autorival.ro\/toyot\/wp-json\/wp\/v2\/product"}],"about":[{"href":"https:\/\/autorival.ro\/toyot\/wp-json\/wp\/v2\/types\/product"}],"replies":[{"embeddable":true,"href":"https:\/\/autorival.ro\/toyot\/wp-json\/wp\/v2\/comments?post=1211258"}],"wp:featuredmedia":[{"embeddable":true,"href":"https:\/\/autorival.ro\/toyot\/wp-json\/wp\/v2\/media\/1211259"}],"wp:attachment":[{"href":"https:\/\/autorival.ro\/toyot\/wp-json\/wp\/v2\/media?parent=1211258"}],"wp:term":[{"taxonomy":"product_brand","embeddable":true,"href":"https:\/\/autorival.ro\/toyot\/wp-json\/wp\/v2\/product_brand?post=1211258"},{"taxonomy":"product_cat","embeddable":true,"href":"https:\/\/autorival.ro\/toyot\/wp-json\/wp\/v2\/product_cat?post=1211258"},{"taxonomy":"product_tag","embeddable":true,"href":"https:\/\/autorival.ro\/toyot\/wp-json\/wp\/v2\/product_tag?post=1211258"}],"curies":[{"name":"wp","href":"https:\/\/api.w.org\/{rel}","templated":true}]}}