{"id":78596,"date":"2025-07-17T12:12:26","date_gmt":"2025-07-17T12:12:26","guid":{"rendered":"https:\/\/autorival.ro\/skoda\/product\/bec-semnalizator-skoda-roomster-5j7-1-6-tdi-diesel-90-cai-vemo-v99-84-0001\/"},"modified":"2025-07-17T12:12:26","modified_gmt":"2025-07-17T12:12:26","slug":"bec-semnalizator-skoda-roomster-5j7-1-6-tdi-diesel-90-cai-vemo-v99-84-0001","status":"publish","type":"product","link":"https:\/\/autorival.ro\/skoda\/produs\/bec-semnalizator-skoda-roomster-5j7-1-6-tdi-diesel-90-cai-vemo-v99-84-0001\/","title":{"rendered":"Bec semnalizator SKODA ROOMSTER (5J7) 1.6 TDI diesel 90 cai VEMO V99-84-0001"},"content":{"rendered":"<p>Partea de montare: instalare lateral\u0103Tensiune [V]: 12Putere nominal\u0103 [W]: 5TIp lampa: W5WVariant\u0103 de execu\u021bie soclu lamp\u0103 incandescent\u0103: W2.1&#215;9.5dPartea de montare: exterior, interior ->Greutate [kg]: 0,001<\/p>\n","protected":false},"excerpt":{"rendered":"<p>Producator: VEMO Cod producator: V99-84-0001<\/p>\n","protected":false},"featured_media":78597,"comment_status":"open","ping_status":"closed","template":"","meta":[],"product_brand":[399],"product_cat":[2029],"product_tag":[25847,25611,25869,25586,25594,25654],"class_list":{"0":"post-78596","1":"product","2":"type-product","3":"status-publish","4":"has-post-thumbnail","6":"product_brand-vemo","7":"product_cat-bec-semnalizator-5j7-1-6-tdi-diesel-90","8":"product_tag-bec","9":"product_tag-roomster","10":"product_tag-semnalizator","11":"product_tag-skoda","12":"product_tag-tdi","13":"product_tag-vemo","15":"first","16":"instock","17":"shipping-taxable","18":"purchasable","19":"product-type-simple"},"yoast_head":"<!-- This site is optimized with the Yoast SEO plugin v27.3 - https:\/\/yoast.com\/product\/yoast-seo-wordpress\/ -->\n<title>Bec semnalizator SKODA ROOMSTER (5J7) 1.6 TDI diesel 90 cai VEMO V99-84-0001 SKODA | VEMO - Autorival<\/title>\n<meta name=\"description\" content=\"\u26a1 Bec semnalizator SKODA ROOMSTER (5J7) 1.6 TDI diesel 90 cai VEMO V99-84-0001 pentru SKODA. \u2713 Cod: V99-84-0001 \u2713 Brand: VEMO \u2713 \u00cen stoc \u2713 Livrare 24h \u2713 Garan\u021bie!\" \/>\n<meta name=\"robots\" content=\"index, follow, max-snippet:-1, max-image-preview:large, max-video-preview:-1\" \/>\n<meta property=\"og:locale\" content=\"en_US\" \/>\n<meta property=\"og:type\" content=\"article\" \/>\n<meta property=\"og:title\" content=\"Bec semnalizator SKODA ROOMSTER (5J7) 1.6 TDI diesel 90 cai VEMO V99-84-0001 SKODA | VEMO - Autorival\" \/>\n<meta property=\"og:description\" content=\"\u26a1 Bec semnalizator SKODA ROOMSTER (5J7) 1.6 TDI diesel 90 cai VEMO V99-84-0001 pentru SKODA. \u2713 Cod: V99-84-0001 \u2713 Brand: VEMO \u2713 \u00cen stoc \u2713 Livrare 24h \u2713 Garan\u021bie!\" \/>\n<meta property=\"og:url\" content=\"https:\/\/autorival.ro\/skoda\/produs\/bec-semnalizator-skoda-roomster-5j7-1-6-tdi-diesel-90-cai-vemo-v99-84-0001\/\" \/>\n<meta property=\"og:site_name\" content=\"SKODA\" \/>\n<meta property=\"og:image\" content=\"https:\/\/autorival.ro\/skoda\/wp-content\/uploads\/sites\/10\/2025\/07\/v99-84-0001_02-7.jpg\" \/>\n\t<meta property=\"og:image:width\" content=\"1541\" \/>\n\t<meta property=\"og:image:height\" content=\"1026\" \/>\n\t<meta property=\"og:image:type\" content=\"image\/jpeg\" \/>\n<meta name=\"twitter:card\" content=\"summary_large_image\" \/>\n<meta name=\"twitter:title\" content=\"Bec semnalizator SKODA ROOMSTER (5J7) 1.6 TDI diesel 90 cai VEMO V99-84-0001 SKODA | VEMO - Autorival\" \/>\n<meta name=\"twitter:description\" content=\"\u26a1 Bec semnalizator SKODA ROOMSTER (5J7) 1.6 TDI diesel 90 cai VEMO V99-84-0001 pentru SKODA. \u2713 Cod: V99-84-0001 \u2713 Brand: VEMO \u2713 \u00cen stoc \u2713 Livrare 24h \u2713 Garan\u021bie!\" \/>\n<script type=\"application\/ld+json\" class=\"yoast-schema-graph\">{\"@context\":\"https:\\\/\\\/schema.org\",\"@graph\":[{\"@type\":\"WebPage\",\"@id\":\"https:\\\/\\\/autorival.ro\\\/skoda\\\/produs\\\/bec-semnalizator-skoda-roomster-5j7-1-6-tdi-diesel-90-cai-vemo-v99-84-0001\\\/\",\"url\":\"https:\\\/\\\/autorival.ro\\\/skoda\\\/produs\\\/bec-semnalizator-skoda-roomster-5j7-1-6-tdi-diesel-90-cai-vemo-v99-84-0001\\\/\",\"name\":\"Bec semnalizator SKODA ROOMSTER (5J7) 1.6 TDI diesel 90 cai VEMO V99-84-0001 SKODA | VEMO - Autorival\",\"isPartOf\":{\"@id\":\"https:\\\/\\\/autorival.ro\\\/skoda\\\/#website\"},\"primaryImageOfPage\":{\"@id\":\"https:\\\/\\\/autorival.ro\\\/skoda\\\/produs\\\/bec-semnalizator-skoda-roomster-5j7-1-6-tdi-diesel-90-cai-vemo-v99-84-0001\\\/#primaryimage\"},\"image\":{\"@id\":\"https:\\\/\\\/autorival.ro\\\/skoda\\\/produs\\\/bec-semnalizator-skoda-roomster-5j7-1-6-tdi-diesel-90-cai-vemo-v99-84-0001\\\/#primaryimage\"},\"thumbnailUrl\":\"https:\\\/\\\/autorival.ro\\\/skoda\\\/wp-content\\\/uploads\\\/sites\\\/10\\\/2025\\\/07\\\/v99-84-0001_02-7.jpg\",\"datePublished\":\"2025-07-17T12:12:26+00:00\",\"description\":\"\u26a1 Bec semnalizator SKODA ROOMSTER (5J7) 1.6 TDI diesel 90 cai VEMO V99-84-0001 pentru SKODA. \u2713 Cod: V99-84-0001 \u2713 Brand: VEMO \u2713 \u00cen stoc \u2713 Livrare 24h \u2713 Garan\u021bie!\",\"breadcrumb\":{\"@id\":\"https:\\\/\\\/autorival.ro\\\/skoda\\\/produs\\\/bec-semnalizator-skoda-roomster-5j7-1-6-tdi-diesel-90-cai-vemo-v99-84-0001\\\/#breadcrumb\"},\"inLanguage\":\"en-US\",\"potentialAction\":[{\"@type\":\"ReadAction\",\"target\":[\"https:\\\/\\\/autorival.ro\\\/skoda\\\/produs\\\/bec-semnalizator-skoda-roomster-5j7-1-6-tdi-diesel-90-cai-vemo-v99-84-0001\\\/\"]}]},{\"@type\":\"ImageObject\",\"inLanguage\":\"en-US\",\"@id\":\"https:\\\/\\\/autorival.ro\\\/skoda\\\/produs\\\/bec-semnalizator-skoda-roomster-5j7-1-6-tdi-diesel-90-cai-vemo-v99-84-0001\\\/#primaryimage\",\"url\":\"https:\\\/\\\/autorival.ro\\\/skoda\\\/wp-content\\\/uploads\\\/sites\\\/10\\\/2025\\\/07\\\/v99-84-0001_02-7.jpg\",\"contentUrl\":\"https:\\\/\\\/autorival.ro\\\/skoda\\\/wp-content\\\/uploads\\\/sites\\\/10\\\/2025\\\/07\\\/v99-84-0001_02-7.jpg\",\"width\":1541,\"height\":1026},{\"@type\":\"BreadcrumbList\",\"@id\":\"https:\\\/\\\/autorival.ro\\\/skoda\\\/produs\\\/bec-semnalizator-skoda-roomster-5j7-1-6-tdi-diesel-90-cai-vemo-v99-84-0001\\\/#breadcrumb\",\"itemListElement\":[{\"@type\":\"ListItem\",\"position\":1,\"name\":\"Prima pagin\u0103\",\"item\":\"https:\\\/\\\/autorival.ro\\\/skoda\\\/\"},{\"@type\":\"ListItem\",\"position\":2,\"name\":\"Piese auto SKODA\",\"item\":\"https:\\\/\\\/autorival.ro\\\/skoda\\\/\"},{\"@type\":\"ListItem\",\"position\":3,\"name\":\"Bec semnalizator SKODA ROOMSTER (5J7) 1.6 TDI diesel 90 cai VEMO V99-84-0001\"}]},{\"@type\":\"WebSite\",\"@id\":\"https:\\\/\\\/autorival.ro\\\/skoda\\\/#website\",\"url\":\"https:\\\/\\\/autorival.ro\\\/skoda\\\/\",\"name\":\"SKODA\",\"description\":\"\",\"potentialAction\":[{\"@type\":\"SearchAction\",\"target\":{\"@type\":\"EntryPoint\",\"urlTemplate\":\"https:\\\/\\\/autorival.ro\\\/skoda\\\/?s={search_term_string}\"},\"query-input\":{\"@type\":\"PropertyValueSpecification\",\"valueRequired\":true,\"valueName\":\"search_term_string\"}}],\"inLanguage\":\"en-US\"}]}<\/script>\n<!-- \/ Yoast SEO plugin. -->","yoast_head_json":{"title":"Bec semnalizator SKODA ROOMSTER (5J7) 1.6 TDI diesel 90 cai VEMO V99-84-0001 SKODA | VEMO - Autorival","description":"\u26a1 Bec semnalizator SKODA ROOMSTER (5J7) 1.6 TDI diesel 90 cai VEMO V99-84-0001 pentru SKODA. \u2713 Cod: V99-84-0001 \u2713 Brand: VEMO \u2713 \u00cen stoc \u2713 Livrare 24h \u2713 Garan\u021bie!","robots":{"index":"index","follow":"follow","max-snippet":"max-snippet:-1","max-image-preview":"max-image-preview:large","max-video-preview":"max-video-preview:-1"},"og_locale":"en_US","og_type":"article","og_title":"Bec semnalizator SKODA ROOMSTER (5J7) 1.6 TDI diesel 90 cai VEMO V99-84-0001 SKODA | VEMO - Autorival","og_description":"\u26a1 Bec semnalizator SKODA ROOMSTER (5J7) 1.6 TDI diesel 90 cai VEMO V99-84-0001 pentru SKODA. \u2713 Cod: V99-84-0001 \u2713 Brand: VEMO \u2713 \u00cen stoc \u2713 Livrare 24h \u2713 Garan\u021bie!","og_url":"https:\/\/autorival.ro\/skoda\/produs\/bec-semnalizator-skoda-roomster-5j7-1-6-tdi-diesel-90-cai-vemo-v99-84-0001\/","og_site_name":"SKODA","og_image":[{"width":1541,"height":1026,"url":"https:\/\/autorival.ro\/skoda\/wp-content\/uploads\/sites\/10\/2025\/07\/v99-84-0001_02-7.jpg","type":"image\/jpeg"}],"twitter_card":"summary_large_image","twitter_title":"Bec semnalizator SKODA ROOMSTER (5J7) 1.6 TDI diesel 90 cai VEMO V99-84-0001 SKODA | VEMO - Autorival","twitter_description":"\u26a1 Bec semnalizator SKODA ROOMSTER (5J7) 1.6 TDI diesel 90 cai VEMO V99-84-0001 pentru SKODA. \u2713 Cod: V99-84-0001 \u2713 Brand: VEMO \u2713 \u00cen stoc \u2713 Livrare 24h \u2713 Garan\u021bie!","schema":{"@context":"https:\/\/schema.org","@graph":[{"@type":"WebPage","@id":"https:\/\/autorival.ro\/skoda\/produs\/bec-semnalizator-skoda-roomster-5j7-1-6-tdi-diesel-90-cai-vemo-v99-84-0001\/","url":"https:\/\/autorival.ro\/skoda\/produs\/bec-semnalizator-skoda-roomster-5j7-1-6-tdi-diesel-90-cai-vemo-v99-84-0001\/","name":"Bec semnalizator SKODA ROOMSTER (5J7) 1.6 TDI diesel 90 cai VEMO V99-84-0001 SKODA | VEMO - Autorival","isPartOf":{"@id":"https:\/\/autorival.ro\/skoda\/#website"},"primaryImageOfPage":{"@id":"https:\/\/autorival.ro\/skoda\/produs\/bec-semnalizator-skoda-roomster-5j7-1-6-tdi-diesel-90-cai-vemo-v99-84-0001\/#primaryimage"},"image":{"@id":"https:\/\/autorival.ro\/skoda\/produs\/bec-semnalizator-skoda-roomster-5j7-1-6-tdi-diesel-90-cai-vemo-v99-84-0001\/#primaryimage"},"thumbnailUrl":"https:\/\/autorival.ro\/skoda\/wp-content\/uploads\/sites\/10\/2025\/07\/v99-84-0001_02-7.jpg","datePublished":"2025-07-17T12:12:26+00:00","description":"\u26a1 Bec semnalizator SKODA ROOMSTER (5J7) 1.6 TDI diesel 90 cai VEMO V99-84-0001 pentru SKODA. \u2713 Cod: V99-84-0001 \u2713 Brand: VEMO \u2713 \u00cen stoc \u2713 Livrare 24h \u2713 Garan\u021bie!","breadcrumb":{"@id":"https:\/\/autorival.ro\/skoda\/produs\/bec-semnalizator-skoda-roomster-5j7-1-6-tdi-diesel-90-cai-vemo-v99-84-0001\/#breadcrumb"},"inLanguage":"en-US","potentialAction":[{"@type":"ReadAction","target":["https:\/\/autorival.ro\/skoda\/produs\/bec-semnalizator-skoda-roomster-5j7-1-6-tdi-diesel-90-cai-vemo-v99-84-0001\/"]}]},{"@type":"ImageObject","inLanguage":"en-US","@id":"https:\/\/autorival.ro\/skoda\/produs\/bec-semnalizator-skoda-roomster-5j7-1-6-tdi-diesel-90-cai-vemo-v99-84-0001\/#primaryimage","url":"https:\/\/autorival.ro\/skoda\/wp-content\/uploads\/sites\/10\/2025\/07\/v99-84-0001_02-7.jpg","contentUrl":"https:\/\/autorival.ro\/skoda\/wp-content\/uploads\/sites\/10\/2025\/07\/v99-84-0001_02-7.jpg","width":1541,"height":1026},{"@type":"BreadcrumbList","@id":"https:\/\/autorival.ro\/skoda\/produs\/bec-semnalizator-skoda-roomster-5j7-1-6-tdi-diesel-90-cai-vemo-v99-84-0001\/#breadcrumb","itemListElement":[{"@type":"ListItem","position":1,"name":"Prima pagin\u0103","item":"https:\/\/autorival.ro\/skoda\/"},{"@type":"ListItem","position":2,"name":"Piese auto SKODA","item":"https:\/\/autorival.ro\/skoda\/"},{"@type":"ListItem","position":3,"name":"Bec semnalizator SKODA ROOMSTER (5J7) 1.6 TDI diesel 90 cai VEMO V99-84-0001"}]},{"@type":"WebSite","@id":"https:\/\/autorival.ro\/skoda\/#website","url":"https:\/\/autorival.ro\/skoda\/","name":"SKODA","description":"","potentialAction":[{"@type":"SearchAction","target":{"@type":"EntryPoint","urlTemplate":"https:\/\/autorival.ro\/skoda\/?s={search_term_string}"},"query-input":{"@type":"PropertyValueSpecification","valueRequired":true,"valueName":"search_term_string"}}],"inLanguage":"en-US"}]}},"_links":{"self":[{"href":"https:\/\/autorival.ro\/skoda\/wp-json\/wp\/v2\/product\/78596","targetHints":{"allow":["GET"]}}],"collection":[{"href":"https:\/\/autorival.ro\/skoda\/wp-json\/wp\/v2\/product"}],"about":[{"href":"https:\/\/autorival.ro\/skoda\/wp-json\/wp\/v2\/types\/product"}],"replies":[{"embeddable":true,"href":"https:\/\/autorival.ro\/skoda\/wp-json\/wp\/v2\/comments?post=78596"}],"wp:featuredmedia":[{"embeddable":true,"href":"https:\/\/autorival.ro\/skoda\/wp-json\/wp\/v2\/media\/78597"}],"wp:attachment":[{"href":"https:\/\/autorival.ro\/skoda\/wp-json\/wp\/v2\/media?parent=78596"}],"wp:term":[{"taxonomy":"product_brand","embeddable":true,"href":"https:\/\/autorival.ro\/skoda\/wp-json\/wp\/v2\/product_brand?post=78596"},{"taxonomy":"product_cat","embeddable":true,"href":"https:\/\/autorival.ro\/skoda\/wp-json\/wp\/v2\/product_cat?post=78596"},{"taxonomy":"product_tag","embeddable":true,"href":"https:\/\/autorival.ro\/skoda\/wp-json\/wp\/v2\/product_tag?post=78596"}],"curies":[{"name":"wp","href":"https:\/\/api.w.org\/{rel}","templated":true}]}}