{"id":560527,"date":"2025-07-23T05:05:18","date_gmt":"2025-07-23T05:05:18","guid":{"rendered":"https:\/\/autorival.ro\/skoda\/product\/suport-trapez-skoda-roomster-5j7-1-4-tdi-diesel-80-cai-meyle-100-407-0015\/"},"modified":"2025-07-23T05:05:18","modified_gmt":"2025-07-23T05:05:18","slug":"suport-trapez-skoda-roomster-5j7-1-4-tdi-diesel-80-cai-meyle-100-407-0015","status":"publish","type":"product","link":"https:\/\/autorival.ro\/skoda\/produs\/suport-trapez-skoda-roomster-5j7-1-4-tdi-diesel-80-cai-meyle-100-407-0015\/","title":{"rendered":"Suport trapez SKODA ROOMSTER (5J7) 1.4 TDI diesel 80 cai MEYLE 100 407 0015"},"content":{"rendered":"<p>An fabricatie de la: 200803Partea de montare: fata, partea de jos, Axa fata stanga, Axa fata dreapta\u00cenaltime [mm]: 54 ->Diametru interior [mm]: 12 ->Diametru exterior [mm]: 33Articol extins\/Informatii de extindere: fara suportNumar bucati necesare: 2\u00eenlocuire \u00een pereche recomandat\u0103<\/p>\n","protected":false},"excerpt":{"rendered":"<p>Producator: MEYLE Cod producator: 100 407 0015<\/p>\n","protected":false},"featured_media":0,"comment_status":"open","ping_status":"closed","template":"","meta":[],"product_brand":[469],"product_cat":[23631],"product_tag":[25682,25611,25586,26295,25594,26649],"class_list":{"0":"post-560527","1":"product","2":"type-product","3":"status-publish","5":"product_brand-meyle","6":"product_cat-suport-trapez-5j7-1-4-tdi-diesel-80","7":"product_tag-meyle","8":"product_tag-roomster","9":"product_tag-skoda","10":"product_tag-suport","11":"product_tag-tdi","12":"product_tag-trapez","14":"first","15":"instock","16":"shipping-taxable","17":"purchasable","18":"product-type-simple"},"yoast_head":"<!-- This site is optimized with the Yoast SEO plugin v27.3 - https:\/\/yoast.com\/product\/yoast-seo-wordpress\/ -->\n<title>Suport trapez SKODA ROOMSTER (5J7) 1.4 TDI diesel 80 cai MEYLE 100 407 0015 SKODA | MEYLE - Autorival<\/title>\n<meta name=\"description\" content=\"\u26a1 Suport trapez SKODA ROOMSTER (5J7) 1.4 TDI diesel 80 cai MEYLE 100 407 0015 pentru SKODA. \u2713 Cod: 100 \u2713 Brand: MEYLE \u2713 \u00cen stoc \u2713 Livrare 24h \u2713 Garan\u021bie!\" \/>\n<meta name=\"robots\" content=\"index, follow, max-snippet:-1, max-image-preview:large, max-video-preview:-1\" \/>\n<meta property=\"og:locale\" content=\"en_US\" \/>\n<meta property=\"og:type\" content=\"article\" \/>\n<meta property=\"og:title\" content=\"Suport trapez SKODA ROOMSTER (5J7) 1.4 TDI diesel 80 cai MEYLE 100 407 0015 SKODA | MEYLE - Autorival\" \/>\n<meta property=\"og:description\" content=\"\u26a1 Suport trapez SKODA ROOMSTER (5J7) 1.4 TDI diesel 80 cai MEYLE 100 407 0015 pentru SKODA. \u2713 Cod: 100 \u2713 Brand: MEYLE \u2713 \u00cen stoc \u2713 Livrare 24h \u2713 Garan\u021bie!\" \/>\n<meta property=\"og:url\" content=\"https:\/\/autorival.ro\/skoda\/produs\/suport-trapez-skoda-roomster-5j7-1-4-tdi-diesel-80-cai-meyle-100-407-0015\/\" \/>\n<meta property=\"og:site_name\" content=\"SKODA\" \/>\n<meta name=\"twitter:card\" content=\"summary_large_image\" \/>\n<meta name=\"twitter:title\" content=\"Suport trapez SKODA ROOMSTER (5J7) 1.4 TDI diesel 80 cai MEYLE 100 407 0015 SKODA | MEYLE - Autorival\" \/>\n<meta name=\"twitter:description\" content=\"\u26a1 Suport trapez SKODA ROOMSTER (5J7) 1.4 TDI diesel 80 cai MEYLE 100 407 0015 pentru SKODA. \u2713 Cod: 100 \u2713 Brand: MEYLE \u2713 \u00cen stoc \u2713 Livrare 24h \u2713 Garan\u021bie!\" \/>\n<script type=\"application\/ld+json\" class=\"yoast-schema-graph\">{\"@context\":\"https:\\\/\\\/schema.org\",\"@graph\":[{\"@type\":\"WebPage\",\"@id\":\"https:\\\/\\\/autorival.ro\\\/skoda\\\/produs\\\/suport-trapez-skoda-roomster-5j7-1-4-tdi-diesel-80-cai-meyle-100-407-0015\\\/\",\"url\":\"https:\\\/\\\/autorival.ro\\\/skoda\\\/produs\\\/suport-trapez-skoda-roomster-5j7-1-4-tdi-diesel-80-cai-meyle-100-407-0015\\\/\",\"name\":\"Suport trapez SKODA ROOMSTER (5J7) 1.4 TDI diesel 80 cai MEYLE 100 407 0015 SKODA | MEYLE - Autorival\",\"isPartOf\":{\"@id\":\"https:\\\/\\\/autorival.ro\\\/skoda\\\/#website\"},\"datePublished\":\"2025-07-23T05:05:18+00:00\",\"description\":\"\u26a1 Suport trapez SKODA ROOMSTER (5J7) 1.4 TDI diesel 80 cai MEYLE 100 407 0015 pentru SKODA. \u2713 Cod: 100 \u2713 Brand: MEYLE \u2713 \u00cen stoc \u2713 Livrare 24h \u2713 Garan\u021bie!\",\"breadcrumb\":{\"@id\":\"https:\\\/\\\/autorival.ro\\\/skoda\\\/produs\\\/suport-trapez-skoda-roomster-5j7-1-4-tdi-diesel-80-cai-meyle-100-407-0015\\\/#breadcrumb\"},\"inLanguage\":\"en-US\",\"potentialAction\":[{\"@type\":\"ReadAction\",\"target\":[\"https:\\\/\\\/autorival.ro\\\/skoda\\\/produs\\\/suport-trapez-skoda-roomster-5j7-1-4-tdi-diesel-80-cai-meyle-100-407-0015\\\/\"]}]},{\"@type\":\"BreadcrumbList\",\"@id\":\"https:\\\/\\\/autorival.ro\\\/skoda\\\/produs\\\/suport-trapez-skoda-roomster-5j7-1-4-tdi-diesel-80-cai-meyle-100-407-0015\\\/#breadcrumb\",\"itemListElement\":[{\"@type\":\"ListItem\",\"position\":1,\"name\":\"Prima pagin\u0103\",\"item\":\"https:\\\/\\\/autorival.ro\\\/skoda\\\/\"},{\"@type\":\"ListItem\",\"position\":2,\"name\":\"Piese auto SKODA\",\"item\":\"https:\\\/\\\/autorival.ro\\\/skoda\\\/\"},{\"@type\":\"ListItem\",\"position\":3,\"name\":\"Suport trapez SKODA ROOMSTER (5J7) 1.4 TDI diesel 80 cai MEYLE 100 407 0015\"}]},{\"@type\":\"WebSite\",\"@id\":\"https:\\\/\\\/autorival.ro\\\/skoda\\\/#website\",\"url\":\"https:\\\/\\\/autorival.ro\\\/skoda\\\/\",\"name\":\"SKODA\",\"description\":\"\",\"potentialAction\":[{\"@type\":\"SearchAction\",\"target\":{\"@type\":\"EntryPoint\",\"urlTemplate\":\"https:\\\/\\\/autorival.ro\\\/skoda\\\/?s={search_term_string}\"},\"query-input\":{\"@type\":\"PropertyValueSpecification\",\"valueRequired\":true,\"valueName\":\"search_term_string\"}}],\"inLanguage\":\"en-US\"}]}<\/script>\n<!-- \/ Yoast SEO plugin. -->","yoast_head_json":{"title":"Suport trapez SKODA ROOMSTER (5J7) 1.4 TDI diesel 80 cai MEYLE 100 407 0015 SKODA | MEYLE - Autorival","description":"\u26a1 Suport trapez SKODA ROOMSTER (5J7) 1.4 TDI diesel 80 cai MEYLE 100 407 0015 pentru SKODA. \u2713 Cod: 100 \u2713 Brand: MEYLE \u2713 \u00cen stoc \u2713 Livrare 24h \u2713 Garan\u021bie!","robots":{"index":"index","follow":"follow","max-snippet":"max-snippet:-1","max-image-preview":"max-image-preview:large","max-video-preview":"max-video-preview:-1"},"og_locale":"en_US","og_type":"article","og_title":"Suport trapez SKODA ROOMSTER (5J7) 1.4 TDI diesel 80 cai MEYLE 100 407 0015 SKODA | MEYLE - Autorival","og_description":"\u26a1 Suport trapez SKODA ROOMSTER (5J7) 1.4 TDI diesel 80 cai MEYLE 100 407 0015 pentru SKODA. \u2713 Cod: 100 \u2713 Brand: MEYLE \u2713 \u00cen stoc \u2713 Livrare 24h \u2713 Garan\u021bie!","og_url":"https:\/\/autorival.ro\/skoda\/produs\/suport-trapez-skoda-roomster-5j7-1-4-tdi-diesel-80-cai-meyle-100-407-0015\/","og_site_name":"SKODA","twitter_card":"summary_large_image","twitter_title":"Suport trapez SKODA ROOMSTER (5J7) 1.4 TDI diesel 80 cai MEYLE 100 407 0015 SKODA | MEYLE - Autorival","twitter_description":"\u26a1 Suport trapez SKODA ROOMSTER (5J7) 1.4 TDI diesel 80 cai MEYLE 100 407 0015 pentru SKODA. \u2713 Cod: 100 \u2713 Brand: MEYLE \u2713 \u00cen stoc \u2713 Livrare 24h \u2713 Garan\u021bie!","schema":{"@context":"https:\/\/schema.org","@graph":[{"@type":"WebPage","@id":"https:\/\/autorival.ro\/skoda\/produs\/suport-trapez-skoda-roomster-5j7-1-4-tdi-diesel-80-cai-meyle-100-407-0015\/","url":"https:\/\/autorival.ro\/skoda\/produs\/suport-trapez-skoda-roomster-5j7-1-4-tdi-diesel-80-cai-meyle-100-407-0015\/","name":"Suport trapez SKODA ROOMSTER (5J7) 1.4 TDI diesel 80 cai MEYLE 100 407 0015 SKODA | MEYLE - Autorival","isPartOf":{"@id":"https:\/\/autorival.ro\/skoda\/#website"},"datePublished":"2025-07-23T05:05:18+00:00","description":"\u26a1 Suport trapez SKODA ROOMSTER (5J7) 1.4 TDI diesel 80 cai MEYLE 100 407 0015 pentru SKODA. \u2713 Cod: 100 \u2713 Brand: MEYLE \u2713 \u00cen stoc \u2713 Livrare 24h \u2713 Garan\u021bie!","breadcrumb":{"@id":"https:\/\/autorival.ro\/skoda\/produs\/suport-trapez-skoda-roomster-5j7-1-4-tdi-diesel-80-cai-meyle-100-407-0015\/#breadcrumb"},"inLanguage":"en-US","potentialAction":[{"@type":"ReadAction","target":["https:\/\/autorival.ro\/skoda\/produs\/suport-trapez-skoda-roomster-5j7-1-4-tdi-diesel-80-cai-meyle-100-407-0015\/"]}]},{"@type":"BreadcrumbList","@id":"https:\/\/autorival.ro\/skoda\/produs\/suport-trapez-skoda-roomster-5j7-1-4-tdi-diesel-80-cai-meyle-100-407-0015\/#breadcrumb","itemListElement":[{"@type":"ListItem","position":1,"name":"Prima pagin\u0103","item":"https:\/\/autorival.ro\/skoda\/"},{"@type":"ListItem","position":2,"name":"Piese auto SKODA","item":"https:\/\/autorival.ro\/skoda\/"},{"@type":"ListItem","position":3,"name":"Suport trapez SKODA ROOMSTER (5J7) 1.4 TDI diesel 80 cai MEYLE 100 407 0015"}]},{"@type":"WebSite","@id":"https:\/\/autorival.ro\/skoda\/#website","url":"https:\/\/autorival.ro\/skoda\/","name":"SKODA","description":"","potentialAction":[{"@type":"SearchAction","target":{"@type":"EntryPoint","urlTemplate":"https:\/\/autorival.ro\/skoda\/?s={search_term_string}"},"query-input":{"@type":"PropertyValueSpecification","valueRequired":true,"valueName":"search_term_string"}}],"inLanguage":"en-US"}]}},"_links":{"self":[{"href":"https:\/\/autorival.ro\/skoda\/wp-json\/wp\/v2\/product\/560527","targetHints":{"allow":["GET"]}}],"collection":[{"href":"https:\/\/autorival.ro\/skoda\/wp-json\/wp\/v2\/product"}],"about":[{"href":"https:\/\/autorival.ro\/skoda\/wp-json\/wp\/v2\/types\/product"}],"replies":[{"embeddable":true,"href":"https:\/\/autorival.ro\/skoda\/wp-json\/wp\/v2\/comments?post=560527"}],"wp:attachment":[{"href":"https:\/\/autorival.ro\/skoda\/wp-json\/wp\/v2\/media?parent=560527"}],"wp:term":[{"taxonomy":"product_brand","embeddable":true,"href":"https:\/\/autorival.ro\/skoda\/wp-json\/wp\/v2\/product_brand?post=560527"},{"taxonomy":"product_cat","embeddable":true,"href":"https:\/\/autorival.ro\/skoda\/wp-json\/wp\/v2\/product_cat?post=560527"},{"taxonomy":"product_tag","embeddable":true,"href":"https:\/\/autorival.ro\/skoda\/wp-json\/wp\/v2\/product_tag?post=560527"}],"curies":[{"name":"wp","href":"https:\/\/api.w.org\/{rel}","templated":true}]}}