{"id":372714,"date":"2025-07-20T00:56:14","date_gmt":"2025-07-20T00:56:14","guid":{"rendered":"https:\/\/autorival.ro\/skoda\/product\/placute-frana-skoda-roomster-5j7-1-2-tsi-benzina-86-cai-trw-gdb1658\/"},"modified":"2025-07-20T00:56:14","modified_gmt":"2025-07-20T00:56:14","slug":"placute-frana-skoda-roomster-5j7-1-2-tsi-benzina-86-cai-trw-gdb1658","status":"publish","type":"product","link":"https:\/\/autorival.ro\/skoda\/produs\/placute-frana-skoda-roomster-5j7-1-2-tsi-benzina-86-cai-trw-gdb1658\/","title":{"rendered":"Placute frana SKODA ROOMSTER (5J7) 1.2 TSI benzina 86 cai TRW GDB1658"},"content":{"rendered":"<p>Partea de montare: punte fatapt. numar PR: 1LR, 9U1Marime janta [inch]: 14,0Restrictiile producatorului: ATENum\u0103rul indicatorilor de uzur\u0103 [per ax\u0103]: 1 ->Lungime contact avertizare [mm]: 155 ->Latime [mm]: 146 ->Grosime [mm]: 19\u00cenaltime [mm]: 54,7Contact indicator uzura: inclusiv contact avertizare uzuraPlacuta de frana: cu muchie tesitaAprobare: E9 90R 027004<\/p>\n","protected":false},"excerpt":{"rendered":"<p>Producator: TRW Cod producator: GDB1658<\/p>\n","protected":false},"featured_media":372715,"comment_status":"open","ping_status":"closed","template":"","meta":[],"product_brand":[512],"product_cat":[13777],"product_tag":[25622,26599,26592,25611,25586,25705,25593],"class_list":{"0":"post-372714","1":"product","2":"type-product","3":"status-publish","4":"has-post-thumbnail","6":"product_brand-trw","7":"product_cat-placute-frana-5j7-1-2-tsi-benzina-86","8":"product_tag-frana","9":"product_tag-gdb","10":"product_tag-placute","11":"product_tag-roomster","12":"product_tag-skoda","13":"product_tag-trw","14":"product_tag-tsi","16":"first","17":"instock","18":"shipping-taxable","19":"purchasable","20":"product-type-simple"},"yoast_head":"<!-- This site is optimized with the Yoast SEO plugin v27.3 - https:\/\/yoast.com\/product\/yoast-seo-wordpress\/ -->\n<title>Placute frana SKODA ROOMSTER (5J7) 1.2 TSI benzina 86 cai TRW GDB1658 SKODA | TRW - Autorival<\/title>\n<meta name=\"description\" content=\"\u26a1 Placute frana SKODA ROOMSTER (5J7) 1.2 TSI benzina 86 cai TRW GDB1658 pentru SKODA. \u2713 Cod: GDB1658 \u2713 Brand: TRW \u2713 \u00cen stoc \u2713 Livrare 24h \u2713 Garan\u021bie!\" \/>\n<meta name=\"robots\" content=\"index, follow, max-snippet:-1, max-image-preview:large, max-video-preview:-1\" \/>\n<meta property=\"og:locale\" content=\"en_US\" \/>\n<meta property=\"og:type\" content=\"article\" \/>\n<meta property=\"og:title\" content=\"Placute frana SKODA ROOMSTER (5J7) 1.2 TSI benzina 86 cai TRW GDB1658 SKODA | TRW - Autorival\" \/>\n<meta property=\"og:description\" content=\"\u26a1 Placute frana SKODA ROOMSTER (5J7) 1.2 TSI benzina 86 cai TRW GDB1658 pentru SKODA. \u2713 Cod: GDB1658 \u2713 Brand: TRW \u2713 \u00cen stoc \u2713 Livrare 24h \u2713 Garan\u021bie!\" \/>\n<meta property=\"og:url\" content=\"https:\/\/autorival.ro\/skoda\/produs\/placute-frana-skoda-roomster-5j7-1-2-tsi-benzina-86-cai-trw-gdb1658\/\" \/>\n<meta property=\"og:site_name\" content=\"SKODA\" \/>\n<meta property=\"og:image\" content=\"https:\/\/autorival.ro\/skoda\/wp-content\/uploads\/sites\/10\/2025\/07\/0161gdb1658.jpg\" \/>\n\t<meta property=\"og:image:width\" content=\"1200\" \/>\n\t<meta property=\"og:image:height\" content=\"800\" \/>\n\t<meta property=\"og:image:type\" content=\"image\/jpeg\" \/>\n<meta name=\"twitter:card\" content=\"summary_large_image\" \/>\n<meta name=\"twitter:title\" content=\"Placute frana SKODA ROOMSTER (5J7) 1.2 TSI benzina 86 cai TRW GDB1658 SKODA | TRW - Autorival\" \/>\n<meta name=\"twitter:description\" content=\"\u26a1 Placute frana SKODA ROOMSTER (5J7) 1.2 TSI benzina 86 cai TRW GDB1658 pentru SKODA. \u2713 Cod: GDB1658 \u2713 Brand: TRW \u2713 \u00cen stoc \u2713 Livrare 24h \u2713 Garan\u021bie!\" \/>\n<script type=\"application\/ld+json\" class=\"yoast-schema-graph\">{\"@context\":\"https:\\\/\\\/schema.org\",\"@graph\":[{\"@type\":\"WebPage\",\"@id\":\"https:\\\/\\\/autorival.ro\\\/skoda\\\/produs\\\/placute-frana-skoda-roomster-5j7-1-2-tsi-benzina-86-cai-trw-gdb1658\\\/\",\"url\":\"https:\\\/\\\/autorival.ro\\\/skoda\\\/produs\\\/placute-frana-skoda-roomster-5j7-1-2-tsi-benzina-86-cai-trw-gdb1658\\\/\",\"name\":\"Placute frana SKODA ROOMSTER (5J7) 1.2 TSI benzina 86 cai TRW GDB1658 SKODA | TRW - Autorival\",\"isPartOf\":{\"@id\":\"https:\\\/\\\/autorival.ro\\\/skoda\\\/#website\"},\"primaryImageOfPage\":{\"@id\":\"https:\\\/\\\/autorival.ro\\\/skoda\\\/produs\\\/placute-frana-skoda-roomster-5j7-1-2-tsi-benzina-86-cai-trw-gdb1658\\\/#primaryimage\"},\"image\":{\"@id\":\"https:\\\/\\\/autorival.ro\\\/skoda\\\/produs\\\/placute-frana-skoda-roomster-5j7-1-2-tsi-benzina-86-cai-trw-gdb1658\\\/#primaryimage\"},\"thumbnailUrl\":\"https:\\\/\\\/autorival.ro\\\/skoda\\\/wp-content\\\/uploads\\\/sites\\\/10\\\/2025\\\/07\\\/0161gdb1658.jpg\",\"datePublished\":\"2025-07-20T00:56:14+00:00\",\"description\":\"\u26a1 Placute frana SKODA ROOMSTER (5J7) 1.2 TSI benzina 86 cai TRW GDB1658 pentru SKODA. \u2713 Cod: GDB1658 \u2713 Brand: TRW \u2713 \u00cen stoc \u2713 Livrare 24h \u2713 Garan\u021bie!\",\"breadcrumb\":{\"@id\":\"https:\\\/\\\/autorival.ro\\\/skoda\\\/produs\\\/placute-frana-skoda-roomster-5j7-1-2-tsi-benzina-86-cai-trw-gdb1658\\\/#breadcrumb\"},\"inLanguage\":\"en-US\",\"potentialAction\":[{\"@type\":\"ReadAction\",\"target\":[\"https:\\\/\\\/autorival.ro\\\/skoda\\\/produs\\\/placute-frana-skoda-roomster-5j7-1-2-tsi-benzina-86-cai-trw-gdb1658\\\/\"]}]},{\"@type\":\"ImageObject\",\"inLanguage\":\"en-US\",\"@id\":\"https:\\\/\\\/autorival.ro\\\/skoda\\\/produs\\\/placute-frana-skoda-roomster-5j7-1-2-tsi-benzina-86-cai-trw-gdb1658\\\/#primaryimage\",\"url\":\"https:\\\/\\\/autorival.ro\\\/skoda\\\/wp-content\\\/uploads\\\/sites\\\/10\\\/2025\\\/07\\\/0161gdb1658.jpg\",\"contentUrl\":\"https:\\\/\\\/autorival.ro\\\/skoda\\\/wp-content\\\/uploads\\\/sites\\\/10\\\/2025\\\/07\\\/0161gdb1658.jpg\",\"width\":1200,\"height\":800},{\"@type\":\"BreadcrumbList\",\"@id\":\"https:\\\/\\\/autorival.ro\\\/skoda\\\/produs\\\/placute-frana-skoda-roomster-5j7-1-2-tsi-benzina-86-cai-trw-gdb1658\\\/#breadcrumb\",\"itemListElement\":[{\"@type\":\"ListItem\",\"position\":1,\"name\":\"Prima pagin\u0103\",\"item\":\"https:\\\/\\\/autorival.ro\\\/skoda\\\/\"},{\"@type\":\"ListItem\",\"position\":2,\"name\":\"Piese auto SKODA\",\"item\":\"https:\\\/\\\/autorival.ro\\\/skoda\\\/\"},{\"@type\":\"ListItem\",\"position\":3,\"name\":\"Placute frana SKODA ROOMSTER (5J7) 1.2 TSI benzina 86 cai TRW GDB1658\"}]},{\"@type\":\"WebSite\",\"@id\":\"https:\\\/\\\/autorival.ro\\\/skoda\\\/#website\",\"url\":\"https:\\\/\\\/autorival.ro\\\/skoda\\\/\",\"name\":\"SKODA\",\"description\":\"\",\"potentialAction\":[{\"@type\":\"SearchAction\",\"target\":{\"@type\":\"EntryPoint\",\"urlTemplate\":\"https:\\\/\\\/autorival.ro\\\/skoda\\\/?s={search_term_string}\"},\"query-input\":{\"@type\":\"PropertyValueSpecification\",\"valueRequired\":true,\"valueName\":\"search_term_string\"}}],\"inLanguage\":\"en-US\"}]}<\/script>\n<!-- \/ Yoast SEO plugin. -->","yoast_head_json":{"title":"Placute frana SKODA ROOMSTER (5J7) 1.2 TSI benzina 86 cai TRW GDB1658 SKODA | TRW - Autorival","description":"\u26a1 Placute frana SKODA ROOMSTER (5J7) 1.2 TSI benzina 86 cai TRW GDB1658 pentru SKODA. \u2713 Cod: GDB1658 \u2713 Brand: TRW \u2713 \u00cen stoc \u2713 Livrare 24h \u2713 Garan\u021bie!","robots":{"index":"index","follow":"follow","max-snippet":"max-snippet:-1","max-image-preview":"max-image-preview:large","max-video-preview":"max-video-preview:-1"},"og_locale":"en_US","og_type":"article","og_title":"Placute frana SKODA ROOMSTER (5J7) 1.2 TSI benzina 86 cai TRW GDB1658 SKODA | TRW - Autorival","og_description":"\u26a1 Placute frana SKODA ROOMSTER (5J7) 1.2 TSI benzina 86 cai TRW GDB1658 pentru SKODA. \u2713 Cod: GDB1658 \u2713 Brand: TRW \u2713 \u00cen stoc \u2713 Livrare 24h \u2713 Garan\u021bie!","og_url":"https:\/\/autorival.ro\/skoda\/produs\/placute-frana-skoda-roomster-5j7-1-2-tsi-benzina-86-cai-trw-gdb1658\/","og_site_name":"SKODA","og_image":[{"width":1200,"height":800,"url":"https:\/\/autorival.ro\/skoda\/wp-content\/uploads\/sites\/10\/2025\/07\/0161gdb1658.jpg","type":"image\/jpeg"}],"twitter_card":"summary_large_image","twitter_title":"Placute frana SKODA ROOMSTER (5J7) 1.2 TSI benzina 86 cai TRW GDB1658 SKODA | TRW - Autorival","twitter_description":"\u26a1 Placute frana SKODA ROOMSTER (5J7) 1.2 TSI benzina 86 cai TRW GDB1658 pentru SKODA. \u2713 Cod: GDB1658 \u2713 Brand: TRW \u2713 \u00cen stoc \u2713 Livrare 24h \u2713 Garan\u021bie!","schema":{"@context":"https:\/\/schema.org","@graph":[{"@type":"WebPage","@id":"https:\/\/autorival.ro\/skoda\/produs\/placute-frana-skoda-roomster-5j7-1-2-tsi-benzina-86-cai-trw-gdb1658\/","url":"https:\/\/autorival.ro\/skoda\/produs\/placute-frana-skoda-roomster-5j7-1-2-tsi-benzina-86-cai-trw-gdb1658\/","name":"Placute frana SKODA ROOMSTER (5J7) 1.2 TSI benzina 86 cai TRW GDB1658 SKODA | TRW - Autorival","isPartOf":{"@id":"https:\/\/autorival.ro\/skoda\/#website"},"primaryImageOfPage":{"@id":"https:\/\/autorival.ro\/skoda\/produs\/placute-frana-skoda-roomster-5j7-1-2-tsi-benzina-86-cai-trw-gdb1658\/#primaryimage"},"image":{"@id":"https:\/\/autorival.ro\/skoda\/produs\/placute-frana-skoda-roomster-5j7-1-2-tsi-benzina-86-cai-trw-gdb1658\/#primaryimage"},"thumbnailUrl":"https:\/\/autorival.ro\/skoda\/wp-content\/uploads\/sites\/10\/2025\/07\/0161gdb1658.jpg","datePublished":"2025-07-20T00:56:14+00:00","description":"\u26a1 Placute frana SKODA ROOMSTER (5J7) 1.2 TSI benzina 86 cai TRW GDB1658 pentru SKODA. \u2713 Cod: GDB1658 \u2713 Brand: TRW \u2713 \u00cen stoc \u2713 Livrare 24h \u2713 Garan\u021bie!","breadcrumb":{"@id":"https:\/\/autorival.ro\/skoda\/produs\/placute-frana-skoda-roomster-5j7-1-2-tsi-benzina-86-cai-trw-gdb1658\/#breadcrumb"},"inLanguage":"en-US","potentialAction":[{"@type":"ReadAction","target":["https:\/\/autorival.ro\/skoda\/produs\/placute-frana-skoda-roomster-5j7-1-2-tsi-benzina-86-cai-trw-gdb1658\/"]}]},{"@type":"ImageObject","inLanguage":"en-US","@id":"https:\/\/autorival.ro\/skoda\/produs\/placute-frana-skoda-roomster-5j7-1-2-tsi-benzina-86-cai-trw-gdb1658\/#primaryimage","url":"https:\/\/autorival.ro\/skoda\/wp-content\/uploads\/sites\/10\/2025\/07\/0161gdb1658.jpg","contentUrl":"https:\/\/autorival.ro\/skoda\/wp-content\/uploads\/sites\/10\/2025\/07\/0161gdb1658.jpg","width":1200,"height":800},{"@type":"BreadcrumbList","@id":"https:\/\/autorival.ro\/skoda\/produs\/placute-frana-skoda-roomster-5j7-1-2-tsi-benzina-86-cai-trw-gdb1658\/#breadcrumb","itemListElement":[{"@type":"ListItem","position":1,"name":"Prima pagin\u0103","item":"https:\/\/autorival.ro\/skoda\/"},{"@type":"ListItem","position":2,"name":"Piese auto SKODA","item":"https:\/\/autorival.ro\/skoda\/"},{"@type":"ListItem","position":3,"name":"Placute frana SKODA ROOMSTER (5J7) 1.2 TSI benzina 86 cai TRW GDB1658"}]},{"@type":"WebSite","@id":"https:\/\/autorival.ro\/skoda\/#website","url":"https:\/\/autorival.ro\/skoda\/","name":"SKODA","description":"","potentialAction":[{"@type":"SearchAction","target":{"@type":"EntryPoint","urlTemplate":"https:\/\/autorival.ro\/skoda\/?s={search_term_string}"},"query-input":{"@type":"PropertyValueSpecification","valueRequired":true,"valueName":"search_term_string"}}],"inLanguage":"en-US"}]}},"_links":{"self":[{"href":"https:\/\/autorival.ro\/skoda\/wp-json\/wp\/v2\/product\/372714","targetHints":{"allow":["GET"]}}],"collection":[{"href":"https:\/\/autorival.ro\/skoda\/wp-json\/wp\/v2\/product"}],"about":[{"href":"https:\/\/autorival.ro\/skoda\/wp-json\/wp\/v2\/types\/product"}],"replies":[{"embeddable":true,"href":"https:\/\/autorival.ro\/skoda\/wp-json\/wp\/v2\/comments?post=372714"}],"wp:featuredmedia":[{"embeddable":true,"href":"https:\/\/autorival.ro\/skoda\/wp-json\/wp\/v2\/media\/372715"}],"wp:attachment":[{"href":"https:\/\/autorival.ro\/skoda\/wp-json\/wp\/v2\/media?parent=372714"}],"wp:term":[{"taxonomy":"product_brand","embeddable":true,"href":"https:\/\/autorival.ro\/skoda\/wp-json\/wp\/v2\/product_brand?post=372714"},{"taxonomy":"product_cat","embeddable":true,"href":"https:\/\/autorival.ro\/skoda\/wp-json\/wp\/v2\/product_cat?post=372714"},{"taxonomy":"product_tag","embeddable":true,"href":"https:\/\/autorival.ro\/skoda\/wp-json\/wp\/v2\/product_tag?post=372714"}],"curies":[{"name":"wp","href":"https:\/\/api.w.org\/{rel}","templated":true}]}}