{"id":416283,"date":"2025-07-21T23:47:17","date_gmt":"2025-07-21T23:47:17","guid":{"rendered":"https:\/\/autorival.ro\/peug\/product\/set-saboti-frana-peugeot-bipper-aa_-1-4-benzina-73-cai-krieger-0950007144\/"},"modified":"2025-07-21T23:47:17","modified_gmt":"2025-07-21T23:47:17","slug":"set-saboti-frana-peugeot-bipper-aa_-1-4-benzina-73-cai-krieger-0950007144","status":"publish","type":"product","link":"https:\/\/autorival.ro\/peug\/product\/set-saboti-frana-peugeot-bipper-aa_-1-4-benzina-73-cai-krieger-0950007144\/","title":{"rendered":"Set saboti frana PEUGEOT BIPPER (AA_) 1.4 benzina 73 cai KRIEGER 0950007144"},"content":{"rendered":"<p>Partea de montare: puntea spate ->Diametru tambur de fr\u00e2n\u0103 interior [mm]: 203 ->Latime [mm]: 38Sistem de fr\u00e2nare: LockheedArticol completare\/Info suplimentar 2: cu maneta frana de mana ->Lungime ambalaj [cm]: 19,8 ->Latime ambalaj [cm]: 12,5 ->Inaltime ambalaj [cm]: 8,2 ->Greutate [kg]: 1,28<\/p>\n","protected":false},"excerpt":{"rendered":"<p>Producator: KRIEGER Cod producator: 0950007144<\/p>\n","protected":false},"featured_media":416284,"comment_status":"open","ping_status":"closed","template":"","meta":[],"product_brand":[3838],"product_cat":[24321],"product_tag":[],"class_list":{"0":"post-416283","1":"product","2":"type-product","3":"status-publish","4":"has-post-thumbnail","6":"product_brand-krieger","7":"product_cat-set-saboti-frana-aa_-1-4-benzina-73","9":"first","10":"instock","11":"shipping-taxable","12":"purchasable","13":"product-type-simple"},"yoast_head":"<!-- This site is optimized with the Yoast SEO plugin v27.3 - https:\/\/yoast.com\/product\/yoast-seo-wordpress\/ -->\n<title>Set saboti frana PEUGEOT BIPPER (AA_) 1.4 benzina 73 cai KRIEGER 0950007144 PEOUGET | KRIEGER - Autorival<\/title>\n<meta name=\"description\" content=\"\u26a1 Set saboti frana PEUGEOT BIPPER (AA_) 1.4 benzina 73 cai KRIEGER 0950007144 pentru PEOUGET. \u2713 Cod: 0950007144 \u2713 Brand: KRIEGER \u2713 \u00cen stoc \u2713 Livrare 24h \u2713 Garan\u021bie!\" \/>\n<meta name=\"robots\" content=\"index, follow, max-snippet:-1, max-image-preview:large, max-video-preview:-1\" \/>\n<meta property=\"og:locale\" content=\"en_US\" \/>\n<meta property=\"og:type\" content=\"article\" \/>\n<meta property=\"og:title\" content=\"Set saboti frana PEUGEOT BIPPER (AA_) 1.4 benzina 73 cai KRIEGER 0950007144 PEOUGET | KRIEGER - Autorival\" \/>\n<meta property=\"og:description\" content=\"\u26a1 Set saboti frana PEUGEOT BIPPER (AA_) 1.4 benzina 73 cai KRIEGER 0950007144 pentru PEOUGET. \u2713 Cod: 0950007144 \u2713 Brand: KRIEGER \u2713 \u00cen stoc \u2713 Livrare 24h \u2713 Garan\u021bie!\" \/>\n<meta property=\"og:url\" content=\"https:\/\/autorival.ro\/peug\/product\/set-saboti-frana-peugeot-bipper-aa_-1-4-benzina-73-cai-krieger-0950007144\/\" \/>\n<meta property=\"og:site_name\" content=\"PEOUGET\" \/>\n<meta property=\"og:image\" content=\"https:\/\/autorival.ro\/peug\/wp-content\/uploads\/sites\/22\/2025\/07\/peugeot0105-21230.png\" \/>\n\t<meta property=\"og:image:width\" content=\"400\" \/>\n\t<meta property=\"og:image:height\" content=\"300\" \/>\n\t<meta property=\"og:image:type\" content=\"image\/png\" \/>\n<meta name=\"twitter:card\" content=\"summary_large_image\" \/>\n<meta name=\"twitter:title\" content=\"Set saboti frana PEUGEOT BIPPER (AA_) 1.4 benzina 73 cai KRIEGER 0950007144 PEOUGET | KRIEGER - Autorival\" \/>\n<meta name=\"twitter:description\" content=\"\u26a1 Set saboti frana PEUGEOT BIPPER (AA_) 1.4 benzina 73 cai KRIEGER 0950007144 pentru PEOUGET. \u2713 Cod: 0950007144 \u2713 Brand: KRIEGER \u2713 \u00cen stoc \u2713 Livrare 24h \u2713 Garan\u021bie!\" \/>\n<script type=\"application\/ld+json\" class=\"yoast-schema-graph\">{\"@context\":\"https:\\\/\\\/schema.org\",\"@graph\":[{\"@type\":\"WebPage\",\"@id\":\"https:\\\/\\\/autorival.ro\\\/peug\\\/product\\\/set-saboti-frana-peugeot-bipper-aa_-1-4-benzina-73-cai-krieger-0950007144\\\/\",\"url\":\"https:\\\/\\\/autorival.ro\\\/peug\\\/product\\\/set-saboti-frana-peugeot-bipper-aa_-1-4-benzina-73-cai-krieger-0950007144\\\/\",\"name\":\"Set saboti frana PEUGEOT BIPPER (AA_) 1.4 benzina 73 cai KRIEGER 0950007144 PEOUGET | KRIEGER - Autorival\",\"isPartOf\":{\"@id\":\"https:\\\/\\\/autorival.ro\\\/peug\\\/#website\"},\"primaryImageOfPage\":{\"@id\":\"https:\\\/\\\/autorival.ro\\\/peug\\\/product\\\/set-saboti-frana-peugeot-bipper-aa_-1-4-benzina-73-cai-krieger-0950007144\\\/#primaryimage\"},\"image\":{\"@id\":\"https:\\\/\\\/autorival.ro\\\/peug\\\/product\\\/set-saboti-frana-peugeot-bipper-aa_-1-4-benzina-73-cai-krieger-0950007144\\\/#primaryimage\"},\"thumbnailUrl\":\"https:\\\/\\\/autorival.ro\\\/peug\\\/wp-content\\\/uploads\\\/sites\\\/22\\\/2025\\\/07\\\/peugeot0105-21230.png\",\"datePublished\":\"2025-07-21T23:47:17+00:00\",\"description\":\"\u26a1 Set saboti frana PEUGEOT BIPPER (AA_) 1.4 benzina 73 cai KRIEGER 0950007144 pentru PEOUGET. \u2713 Cod: 0950007144 \u2713 Brand: KRIEGER \u2713 \u00cen stoc \u2713 Livrare 24h \u2713 Garan\u021bie!\",\"breadcrumb\":{\"@id\":\"https:\\\/\\\/autorival.ro\\\/peug\\\/product\\\/set-saboti-frana-peugeot-bipper-aa_-1-4-benzina-73-cai-krieger-0950007144\\\/#breadcrumb\"},\"inLanguage\":\"en-US\",\"potentialAction\":[{\"@type\":\"ReadAction\",\"target\":[\"https:\\\/\\\/autorival.ro\\\/peug\\\/product\\\/set-saboti-frana-peugeot-bipper-aa_-1-4-benzina-73-cai-krieger-0950007144\\\/\"]}]},{\"@type\":\"ImageObject\",\"inLanguage\":\"en-US\",\"@id\":\"https:\\\/\\\/autorival.ro\\\/peug\\\/product\\\/set-saboti-frana-peugeot-bipper-aa_-1-4-benzina-73-cai-krieger-0950007144\\\/#primaryimage\",\"url\":\"https:\\\/\\\/autorival.ro\\\/peug\\\/wp-content\\\/uploads\\\/sites\\\/22\\\/2025\\\/07\\\/peugeot0105-21230.png\",\"contentUrl\":\"https:\\\/\\\/autorival.ro\\\/peug\\\/wp-content\\\/uploads\\\/sites\\\/22\\\/2025\\\/07\\\/peugeot0105-21230.png\",\"width\":400,\"height\":300},{\"@type\":\"BreadcrumbList\",\"@id\":\"https:\\\/\\\/autorival.ro\\\/peug\\\/product\\\/set-saboti-frana-peugeot-bipper-aa_-1-4-benzina-73-cai-krieger-0950007144\\\/#breadcrumb\",\"itemListElement\":[{\"@type\":\"ListItem\",\"position\":1,\"name\":\"Prima pagin\u0103\",\"item\":\"https:\\\/\\\/autorival.ro\\\/peug\\\/\"},{\"@type\":\"ListItem\",\"position\":2,\"name\":\"Piese auto POEUGET\",\"item\":\"https:\\\/\\\/autorival.ro\\\/peug\\\/\"},{\"@type\":\"ListItem\",\"position\":3,\"name\":\"Set saboti frana PEUGEOT BIPPER (AA_) 1.4 benzina 73 cai KRIEGER 0950007144\"}]},{\"@type\":\"WebSite\",\"@id\":\"https:\\\/\\\/autorival.ro\\\/peug\\\/#website\",\"url\":\"https:\\\/\\\/autorival.ro\\\/peug\\\/\",\"name\":\"PEOUGET\",\"description\":\"\",\"potentialAction\":[{\"@type\":\"SearchAction\",\"target\":{\"@type\":\"EntryPoint\",\"urlTemplate\":\"https:\\\/\\\/autorival.ro\\\/peug\\\/?s={search_term_string}\"},\"query-input\":{\"@type\":\"PropertyValueSpecification\",\"valueRequired\":true,\"valueName\":\"search_term_string\"}}],\"inLanguage\":\"en-US\"}]}<\/script>\n<!-- \/ Yoast SEO plugin. -->","yoast_head_json":{"title":"Set saboti frana PEUGEOT BIPPER (AA_) 1.4 benzina 73 cai KRIEGER 0950007144 PEOUGET | KRIEGER - Autorival","description":"\u26a1 Set saboti frana PEUGEOT BIPPER (AA_) 1.4 benzina 73 cai KRIEGER 0950007144 pentru PEOUGET. \u2713 Cod: 0950007144 \u2713 Brand: KRIEGER \u2713 \u00cen stoc \u2713 Livrare 24h \u2713 Garan\u021bie!","robots":{"index":"index","follow":"follow","max-snippet":"max-snippet:-1","max-image-preview":"max-image-preview:large","max-video-preview":"max-video-preview:-1"},"og_locale":"en_US","og_type":"article","og_title":"Set saboti frana PEUGEOT BIPPER (AA_) 1.4 benzina 73 cai KRIEGER 0950007144 PEOUGET | KRIEGER - Autorival","og_description":"\u26a1 Set saboti frana PEUGEOT BIPPER (AA_) 1.4 benzina 73 cai KRIEGER 0950007144 pentru PEOUGET. \u2713 Cod: 0950007144 \u2713 Brand: KRIEGER \u2713 \u00cen stoc \u2713 Livrare 24h \u2713 Garan\u021bie!","og_url":"https:\/\/autorival.ro\/peug\/product\/set-saboti-frana-peugeot-bipper-aa_-1-4-benzina-73-cai-krieger-0950007144\/","og_site_name":"PEOUGET","og_image":[{"width":400,"height":300,"url":"https:\/\/autorival.ro\/peug\/wp-content\/uploads\/sites\/22\/2025\/07\/peugeot0105-21230.png","type":"image\/png"}],"twitter_card":"summary_large_image","twitter_title":"Set saboti frana PEUGEOT BIPPER (AA_) 1.4 benzina 73 cai KRIEGER 0950007144 PEOUGET | KRIEGER - Autorival","twitter_description":"\u26a1 Set saboti frana PEUGEOT BIPPER (AA_) 1.4 benzina 73 cai KRIEGER 0950007144 pentru PEOUGET. \u2713 Cod: 0950007144 \u2713 Brand: KRIEGER \u2713 \u00cen stoc \u2713 Livrare 24h \u2713 Garan\u021bie!","schema":{"@context":"https:\/\/schema.org","@graph":[{"@type":"WebPage","@id":"https:\/\/autorival.ro\/peug\/product\/set-saboti-frana-peugeot-bipper-aa_-1-4-benzina-73-cai-krieger-0950007144\/","url":"https:\/\/autorival.ro\/peug\/product\/set-saboti-frana-peugeot-bipper-aa_-1-4-benzina-73-cai-krieger-0950007144\/","name":"Set saboti frana PEUGEOT BIPPER (AA_) 1.4 benzina 73 cai KRIEGER 0950007144 PEOUGET | KRIEGER - Autorival","isPartOf":{"@id":"https:\/\/autorival.ro\/peug\/#website"},"primaryImageOfPage":{"@id":"https:\/\/autorival.ro\/peug\/product\/set-saboti-frana-peugeot-bipper-aa_-1-4-benzina-73-cai-krieger-0950007144\/#primaryimage"},"image":{"@id":"https:\/\/autorival.ro\/peug\/product\/set-saboti-frana-peugeot-bipper-aa_-1-4-benzina-73-cai-krieger-0950007144\/#primaryimage"},"thumbnailUrl":"https:\/\/autorival.ro\/peug\/wp-content\/uploads\/sites\/22\/2025\/07\/peugeot0105-21230.png","datePublished":"2025-07-21T23:47:17+00:00","description":"\u26a1 Set saboti frana PEUGEOT BIPPER (AA_) 1.4 benzina 73 cai KRIEGER 0950007144 pentru PEOUGET. \u2713 Cod: 0950007144 \u2713 Brand: KRIEGER \u2713 \u00cen stoc \u2713 Livrare 24h \u2713 Garan\u021bie!","breadcrumb":{"@id":"https:\/\/autorival.ro\/peug\/product\/set-saboti-frana-peugeot-bipper-aa_-1-4-benzina-73-cai-krieger-0950007144\/#breadcrumb"},"inLanguage":"en-US","potentialAction":[{"@type":"ReadAction","target":["https:\/\/autorival.ro\/peug\/product\/set-saboti-frana-peugeot-bipper-aa_-1-4-benzina-73-cai-krieger-0950007144\/"]}]},{"@type":"ImageObject","inLanguage":"en-US","@id":"https:\/\/autorival.ro\/peug\/product\/set-saboti-frana-peugeot-bipper-aa_-1-4-benzina-73-cai-krieger-0950007144\/#primaryimage","url":"https:\/\/autorival.ro\/peug\/wp-content\/uploads\/sites\/22\/2025\/07\/peugeot0105-21230.png","contentUrl":"https:\/\/autorival.ro\/peug\/wp-content\/uploads\/sites\/22\/2025\/07\/peugeot0105-21230.png","width":400,"height":300},{"@type":"BreadcrumbList","@id":"https:\/\/autorival.ro\/peug\/product\/set-saboti-frana-peugeot-bipper-aa_-1-4-benzina-73-cai-krieger-0950007144\/#breadcrumb","itemListElement":[{"@type":"ListItem","position":1,"name":"Prima pagin\u0103","item":"https:\/\/autorival.ro\/peug\/"},{"@type":"ListItem","position":2,"name":"Piese auto POEUGET","item":"https:\/\/autorival.ro\/peug\/"},{"@type":"ListItem","position":3,"name":"Set saboti frana PEUGEOT BIPPER (AA_) 1.4 benzina 73 cai KRIEGER 0950007144"}]},{"@type":"WebSite","@id":"https:\/\/autorival.ro\/peug\/#website","url":"https:\/\/autorival.ro\/peug\/","name":"PEOUGET","description":"","potentialAction":[{"@type":"SearchAction","target":{"@type":"EntryPoint","urlTemplate":"https:\/\/autorival.ro\/peug\/?s={search_term_string}"},"query-input":{"@type":"PropertyValueSpecification","valueRequired":true,"valueName":"search_term_string"}}],"inLanguage":"en-US"}]}},"_links":{"self":[{"href":"https:\/\/autorival.ro\/peug\/wp-json\/wp\/v2\/product\/416283","targetHints":{"allow":["GET"]}}],"collection":[{"href":"https:\/\/autorival.ro\/peug\/wp-json\/wp\/v2\/product"}],"about":[{"href":"https:\/\/autorival.ro\/peug\/wp-json\/wp\/v2\/types\/product"}],"replies":[{"embeddable":true,"href":"https:\/\/autorival.ro\/peug\/wp-json\/wp\/v2\/comments?post=416283"}],"wp:featuredmedia":[{"embeddable":true,"href":"https:\/\/autorival.ro\/peug\/wp-json\/wp\/v2\/media\/416284"}],"wp:attachment":[{"href":"https:\/\/autorival.ro\/peug\/wp-json\/wp\/v2\/media?parent=416283"}],"wp:term":[{"taxonomy":"product_brand","embeddable":true,"href":"https:\/\/autorival.ro\/peug\/wp-json\/wp\/v2\/product_brand?post=416283"},{"taxonomy":"product_cat","embeddable":true,"href":"https:\/\/autorival.ro\/peug\/wp-json\/wp\/v2\/product_cat?post=416283"},{"taxonomy":"product_tag","embeddable":true,"href":"https:\/\/autorival.ro\/peug\/wp-json\/wp\/v2\/product_tag?post=416283"}],"curies":[{"name":"wp","href":"https:\/\/api.w.org\/{rel}","templated":true}]}}