{"id":379797,"date":"2025-07-21T04:39:14","date_gmt":"2025-07-21T04:39:14","guid":{"rendered":"https:\/\/autorival.ro\/peug\/product\/senzor-presiune-gaze-evacuare-peugeot-expert-caroserie-vf3a_-vf3u_-vf3x_-2-0-hdi-140-diesel-136-cai-hjs-92-09-1022\/"},"modified":"2025-07-21T04:39:14","modified_gmt":"2025-07-21T04:39:14","slug":"senzor-presiune-gaze-evacuare-peugeot-expert-caroserie-vf3a_-vf3u_-vf3x_-2-0-hdi-140-diesel-136-cai-hjs-92-09-1022","status":"publish","type":"product","link":"https:\/\/autorival.ro\/peug\/product\/senzor-presiune-gaze-evacuare-peugeot-expert-caroserie-vf3a_-vf3u_-vf3x_-2-0-hdi-140-diesel-136-cai-hjs-92-09-1022\/","title":{"rendered":"Senzor presiune gaze evacuare PEUGEOT EXPERT caroserie (VF3A_, VF3U_, VF3X_) 2.0 HDi 140 diesel 136 cai HJS 92 09 1022"},"content":{"rendered":"<p>Sistem de esapament: ptr. vehicule cu filtru de particule din fabricaArticol completare\/Info suplimentar 2: fara cablu conexiunePresiune [Pa] p\u00e2na la: 100000Num\u0103rul conexiunilor cu muf\u0103: 3<\/p>\n","protected":false},"excerpt":{"rendered":"<p>Producator: HJS Cod producator: 92 09 1022<\/p>\n","protected":false},"featured_media":379798,"comment_status":"open","ping_status":"closed","template":"","meta":[],"product_brand":[10293],"product_cat":[21386],"product_tag":[],"class_list":{"0":"post-379797","1":"product","2":"type-product","3":"status-publish","4":"has-post-thumbnail","6":"product_brand-hjs","7":"product_cat-senzor-presiune-gaze-evacuare-caroserie-vf3a_-vf3u_-vf3x_-2-0-hdi-140-diesel-136","9":"first","10":"instock","11":"shipping-taxable","12":"purchasable","13":"product-type-simple"},"yoast_head":"<!-- This site is optimized with the Yoast SEO plugin v27.5 - https:\/\/yoast.com\/product\/yoast-seo-wordpress\/ -->\n<title>Senzor presiune gaze evacuare PEUGEOT EXPERT caroserie (VF3A_, VF3U_, VF3X_) 2.0 HDi 140 diesel 136 cai HJS 92 09 1022 PEOUGET | HJS - Autorival<\/title>\n<meta name=\"description\" content=\"\u26a1 Senzor presiune gaze evacuare PEUGEOT EXPERT caroserie (VF3A_, VF3U_, VF3X_) 2.0 HDi 140 diesel 136 cai HJS 92 09 1022 pentru PEOUGET. \u2713 Cod: 92 \u2713 Brand: HJS \u2713 \u00cen stoc \u2713 Livrare 24h \u2713 Garan\u021bie!\" \/>\n<meta name=\"robots\" content=\"index, follow, max-snippet:-1, max-image-preview:large, max-video-preview:-1\" \/>\n<meta property=\"og:locale\" content=\"en_US\" \/>\n<meta property=\"og:type\" content=\"article\" \/>\n<meta property=\"og:title\" content=\"Senzor presiune gaze evacuare PEUGEOT EXPERT caroserie (VF3A_, VF3U_, VF3X_) 2.0 HDi 140 diesel 136 cai HJS 92 09 1022 PEOUGET | HJS - Autorival\" \/>\n<meta property=\"og:description\" content=\"\u26a1 Senzor presiune gaze evacuare PEUGEOT EXPERT caroserie (VF3A_, VF3U_, VF3X_) 2.0 HDi 140 diesel 136 cai HJS 92 09 1022 pentru PEOUGET. \u2713 Cod: 92 \u2713 Brand: HJS \u2713 \u00cen stoc \u2713 Livrare 24h \u2713 Garan\u021bie!\" \/>\n<meta property=\"og:url\" content=\"https:\/\/autorival.ro\/peug\/product\/senzor-presiune-gaze-evacuare-peugeot-expert-caroserie-vf3a_-vf3u_-vf3x_-2-0-hdi-140-diesel-136-cai-hjs-92-09-1022\/\" \/>\n<meta property=\"og:site_name\" content=\"PEOUGET\" \/>\n<meta property=\"og:image\" content=\"https:\/\/autorival.ro\/peug\/wp-content\/uploads\/sites\/22\/2025\/07\/922009201022_2-11.jpg\" \/>\n\t<meta property=\"og:image:width\" content=\"585\" \/>\n\t<meta property=\"og:image:height\" content=\"385\" \/>\n\t<meta property=\"og:image:type\" content=\"image\/jpeg\" \/>\n<meta name=\"twitter:card\" content=\"summary_large_image\" \/>\n<meta name=\"twitter:title\" content=\"Senzor presiune gaze evacuare PEUGEOT EXPERT caroserie (VF3A_, VF3U_, VF3X_) 2.0 HDi 140 diesel 136 cai HJS 92 09 1022 PEOUGET | HJS - Autorival\" \/>\n<meta name=\"twitter:description\" content=\"\u26a1 Senzor presiune gaze evacuare PEUGEOT EXPERT caroserie (VF3A_, VF3U_, VF3X_) 2.0 HDi 140 diesel 136 cai HJS 92 09 1022 pentru PEOUGET. \u2713 Cod: 92 \u2713 Brand: HJS \u2713 \u00cen stoc \u2713 Livrare 24h \u2713 Garan\u021bie!\" \/>\n<script type=\"application\/ld+json\" class=\"yoast-schema-graph\">{\"@context\":\"https:\\\/\\\/schema.org\",\"@graph\":[{\"@type\":\"WebPage\",\"@id\":\"https:\\\/\\\/autorival.ro\\\/peug\\\/product\\\/senzor-presiune-gaze-evacuare-peugeot-expert-caroserie-vf3a_-vf3u_-vf3x_-2-0-hdi-140-diesel-136-cai-hjs-92-09-1022\\\/\",\"url\":\"https:\\\/\\\/autorival.ro\\\/peug\\\/product\\\/senzor-presiune-gaze-evacuare-peugeot-expert-caroserie-vf3a_-vf3u_-vf3x_-2-0-hdi-140-diesel-136-cai-hjs-92-09-1022\\\/\",\"name\":\"Senzor presiune gaze evacuare PEUGEOT EXPERT caroserie (VF3A_, VF3U_, VF3X_) 2.0 HDi 140 diesel 136 cai HJS 92 09 1022 PEOUGET | HJS - Autorival\",\"isPartOf\":{\"@id\":\"https:\\\/\\\/autorival.ro\\\/peug\\\/#website\"},\"primaryImageOfPage\":{\"@id\":\"https:\\\/\\\/autorival.ro\\\/peug\\\/product\\\/senzor-presiune-gaze-evacuare-peugeot-expert-caroserie-vf3a_-vf3u_-vf3x_-2-0-hdi-140-diesel-136-cai-hjs-92-09-1022\\\/#primaryimage\"},\"image\":{\"@id\":\"https:\\\/\\\/autorival.ro\\\/peug\\\/product\\\/senzor-presiune-gaze-evacuare-peugeot-expert-caroserie-vf3a_-vf3u_-vf3x_-2-0-hdi-140-diesel-136-cai-hjs-92-09-1022\\\/#primaryimage\"},\"thumbnailUrl\":\"https:\\\/\\\/autorival.ro\\\/peug\\\/wp-content\\\/uploads\\\/sites\\\/22\\\/2025\\\/07\\\/922009201022_2-11.jpg\",\"datePublished\":\"2025-07-21T04:39:14+00:00\",\"description\":\"\u26a1 Senzor presiune gaze evacuare PEUGEOT EXPERT caroserie (VF3A_, VF3U_, VF3X_) 2.0 HDi 140 diesel 136 cai HJS 92 09 1022 pentru PEOUGET. \u2713 Cod: 92 \u2713 Brand: HJS \u2713 \u00cen stoc \u2713 Livrare 24h \u2713 Garan\u021bie!\",\"breadcrumb\":{\"@id\":\"https:\\\/\\\/autorival.ro\\\/peug\\\/product\\\/senzor-presiune-gaze-evacuare-peugeot-expert-caroserie-vf3a_-vf3u_-vf3x_-2-0-hdi-140-diesel-136-cai-hjs-92-09-1022\\\/#breadcrumb\"},\"inLanguage\":\"en-US\",\"potentialAction\":[{\"@type\":\"ReadAction\",\"target\":[\"https:\\\/\\\/autorival.ro\\\/peug\\\/product\\\/senzor-presiune-gaze-evacuare-peugeot-expert-caroserie-vf3a_-vf3u_-vf3x_-2-0-hdi-140-diesel-136-cai-hjs-92-09-1022\\\/\"]}]},{\"@type\":\"ImageObject\",\"inLanguage\":\"en-US\",\"@id\":\"https:\\\/\\\/autorival.ro\\\/peug\\\/product\\\/senzor-presiune-gaze-evacuare-peugeot-expert-caroserie-vf3a_-vf3u_-vf3x_-2-0-hdi-140-diesel-136-cai-hjs-92-09-1022\\\/#primaryimage\",\"url\":\"https:\\\/\\\/autorival.ro\\\/peug\\\/wp-content\\\/uploads\\\/sites\\\/22\\\/2025\\\/07\\\/922009201022_2-11.jpg\",\"contentUrl\":\"https:\\\/\\\/autorival.ro\\\/peug\\\/wp-content\\\/uploads\\\/sites\\\/22\\\/2025\\\/07\\\/922009201022_2-11.jpg\",\"width\":585,\"height\":385},{\"@type\":\"BreadcrumbList\",\"@id\":\"https:\\\/\\\/autorival.ro\\\/peug\\\/product\\\/senzor-presiune-gaze-evacuare-peugeot-expert-caroserie-vf3a_-vf3u_-vf3x_-2-0-hdi-140-diesel-136-cai-hjs-92-09-1022\\\/#breadcrumb\",\"itemListElement\":[{\"@type\":\"ListItem\",\"position\":1,\"name\":\"Prima pagin\u0103\",\"item\":\"https:\\\/\\\/autorival.ro\\\/peug\\\/\"},{\"@type\":\"ListItem\",\"position\":2,\"name\":\"Piese auto POEUGET\",\"item\":\"https:\\\/\\\/autorival.ro\\\/peug\\\/\"},{\"@type\":\"ListItem\",\"position\":3,\"name\":\"Senzor presiune gaze evacuare PEUGEOT EXPERT caroserie (VF3A_, VF3U_, VF3X_) 2.0 HDi 140 diesel 136 cai HJS 92 09 1022\"}]},{\"@type\":\"WebSite\",\"@id\":\"https:\\\/\\\/autorival.ro\\\/peug\\\/#website\",\"url\":\"https:\\\/\\\/autorival.ro\\\/peug\\\/\",\"name\":\"PEOUGET\",\"description\":\"\",\"potentialAction\":[{\"@type\":\"SearchAction\",\"target\":{\"@type\":\"EntryPoint\",\"urlTemplate\":\"https:\\\/\\\/autorival.ro\\\/peug\\\/?s={search_term_string}\"},\"query-input\":{\"@type\":\"PropertyValueSpecification\",\"valueRequired\":true,\"valueName\":\"search_term_string\"}}],\"inLanguage\":\"en-US\"}]}<\/script>\n<!-- \/ Yoast SEO plugin. -->","yoast_head_json":{"title":"Senzor presiune gaze evacuare PEUGEOT EXPERT caroserie (VF3A_, VF3U_, VF3X_) 2.0 HDi 140 diesel 136 cai HJS 92 09 1022 PEOUGET | HJS - Autorival","description":"\u26a1 Senzor presiune gaze evacuare PEUGEOT EXPERT caroserie (VF3A_, VF3U_, VF3X_) 2.0 HDi 140 diesel 136 cai HJS 92 09 1022 pentru PEOUGET. \u2713 Cod: 92 \u2713 Brand: HJS \u2713 \u00cen stoc \u2713 Livrare 24h \u2713 Garan\u021bie!","robots":{"index":"index","follow":"follow","max-snippet":"max-snippet:-1","max-image-preview":"max-image-preview:large","max-video-preview":"max-video-preview:-1"},"og_locale":"en_US","og_type":"article","og_title":"Senzor presiune gaze evacuare PEUGEOT EXPERT caroserie (VF3A_, VF3U_, VF3X_) 2.0 HDi 140 diesel 136 cai HJS 92 09 1022 PEOUGET | HJS - Autorival","og_description":"\u26a1 Senzor presiune gaze evacuare PEUGEOT EXPERT caroserie (VF3A_, VF3U_, VF3X_) 2.0 HDi 140 diesel 136 cai HJS 92 09 1022 pentru PEOUGET. \u2713 Cod: 92 \u2713 Brand: HJS \u2713 \u00cen stoc \u2713 Livrare 24h \u2713 Garan\u021bie!","og_url":"https:\/\/autorival.ro\/peug\/product\/senzor-presiune-gaze-evacuare-peugeot-expert-caroserie-vf3a_-vf3u_-vf3x_-2-0-hdi-140-diesel-136-cai-hjs-92-09-1022\/","og_site_name":"PEOUGET","og_image":[{"width":585,"height":385,"url":"https:\/\/autorival.ro\/peug\/wp-content\/uploads\/sites\/22\/2025\/07\/922009201022_2-11.jpg","type":"image\/jpeg"}],"twitter_card":"summary_large_image","twitter_title":"Senzor presiune gaze evacuare PEUGEOT EXPERT caroserie (VF3A_, VF3U_, VF3X_) 2.0 HDi 140 diesel 136 cai HJS 92 09 1022 PEOUGET | HJS - Autorival","twitter_description":"\u26a1 Senzor presiune gaze evacuare PEUGEOT EXPERT caroserie (VF3A_, VF3U_, VF3X_) 2.0 HDi 140 diesel 136 cai HJS 92 09 1022 pentru PEOUGET. \u2713 Cod: 92 \u2713 Brand: HJS \u2713 \u00cen stoc \u2713 Livrare 24h \u2713 Garan\u021bie!","schema":{"@context":"https:\/\/schema.org","@graph":[{"@type":"WebPage","@id":"https:\/\/autorival.ro\/peug\/product\/senzor-presiune-gaze-evacuare-peugeot-expert-caroserie-vf3a_-vf3u_-vf3x_-2-0-hdi-140-diesel-136-cai-hjs-92-09-1022\/","url":"https:\/\/autorival.ro\/peug\/product\/senzor-presiune-gaze-evacuare-peugeot-expert-caroserie-vf3a_-vf3u_-vf3x_-2-0-hdi-140-diesel-136-cai-hjs-92-09-1022\/","name":"Senzor presiune gaze evacuare PEUGEOT EXPERT caroserie (VF3A_, VF3U_, VF3X_) 2.0 HDi 140 diesel 136 cai HJS 92 09 1022 PEOUGET | HJS - Autorival","isPartOf":{"@id":"https:\/\/autorival.ro\/peug\/#website"},"primaryImageOfPage":{"@id":"https:\/\/autorival.ro\/peug\/product\/senzor-presiune-gaze-evacuare-peugeot-expert-caroserie-vf3a_-vf3u_-vf3x_-2-0-hdi-140-diesel-136-cai-hjs-92-09-1022\/#primaryimage"},"image":{"@id":"https:\/\/autorival.ro\/peug\/product\/senzor-presiune-gaze-evacuare-peugeot-expert-caroserie-vf3a_-vf3u_-vf3x_-2-0-hdi-140-diesel-136-cai-hjs-92-09-1022\/#primaryimage"},"thumbnailUrl":"https:\/\/autorival.ro\/peug\/wp-content\/uploads\/sites\/22\/2025\/07\/922009201022_2-11.jpg","datePublished":"2025-07-21T04:39:14+00:00","description":"\u26a1 Senzor presiune gaze evacuare PEUGEOT EXPERT caroserie (VF3A_, VF3U_, VF3X_) 2.0 HDi 140 diesel 136 cai HJS 92 09 1022 pentru PEOUGET. \u2713 Cod: 92 \u2713 Brand: HJS \u2713 \u00cen stoc \u2713 Livrare 24h \u2713 Garan\u021bie!","breadcrumb":{"@id":"https:\/\/autorival.ro\/peug\/product\/senzor-presiune-gaze-evacuare-peugeot-expert-caroserie-vf3a_-vf3u_-vf3x_-2-0-hdi-140-diesel-136-cai-hjs-92-09-1022\/#breadcrumb"},"inLanguage":"en-US","potentialAction":[{"@type":"ReadAction","target":["https:\/\/autorival.ro\/peug\/product\/senzor-presiune-gaze-evacuare-peugeot-expert-caroserie-vf3a_-vf3u_-vf3x_-2-0-hdi-140-diesel-136-cai-hjs-92-09-1022\/"]}]},{"@type":"ImageObject","inLanguage":"en-US","@id":"https:\/\/autorival.ro\/peug\/product\/senzor-presiune-gaze-evacuare-peugeot-expert-caroserie-vf3a_-vf3u_-vf3x_-2-0-hdi-140-diesel-136-cai-hjs-92-09-1022\/#primaryimage","url":"https:\/\/autorival.ro\/peug\/wp-content\/uploads\/sites\/22\/2025\/07\/922009201022_2-11.jpg","contentUrl":"https:\/\/autorival.ro\/peug\/wp-content\/uploads\/sites\/22\/2025\/07\/922009201022_2-11.jpg","width":585,"height":385},{"@type":"BreadcrumbList","@id":"https:\/\/autorival.ro\/peug\/product\/senzor-presiune-gaze-evacuare-peugeot-expert-caroserie-vf3a_-vf3u_-vf3x_-2-0-hdi-140-diesel-136-cai-hjs-92-09-1022\/#breadcrumb","itemListElement":[{"@type":"ListItem","position":1,"name":"Prima pagin\u0103","item":"https:\/\/autorival.ro\/peug\/"},{"@type":"ListItem","position":2,"name":"Piese auto POEUGET","item":"https:\/\/autorival.ro\/peug\/"},{"@type":"ListItem","position":3,"name":"Senzor presiune gaze evacuare PEUGEOT EXPERT caroserie (VF3A_, VF3U_, VF3X_) 2.0 HDi 140 diesel 136 cai HJS 92 09 1022"}]},{"@type":"WebSite","@id":"https:\/\/autorival.ro\/peug\/#website","url":"https:\/\/autorival.ro\/peug\/","name":"PEOUGET","description":"","potentialAction":[{"@type":"SearchAction","target":{"@type":"EntryPoint","urlTemplate":"https:\/\/autorival.ro\/peug\/?s={search_term_string}"},"query-input":{"@type":"PropertyValueSpecification","valueRequired":true,"valueName":"search_term_string"}}],"inLanguage":"en-US"}]}},"_links":{"self":[{"href":"https:\/\/autorival.ro\/peug\/wp-json\/wp\/v2\/product\/379797","targetHints":{"allow":["GET"]}}],"collection":[{"href":"https:\/\/autorival.ro\/peug\/wp-json\/wp\/v2\/product"}],"about":[{"href":"https:\/\/autorival.ro\/peug\/wp-json\/wp\/v2\/types\/product"}],"replies":[{"embeddable":true,"href":"https:\/\/autorival.ro\/peug\/wp-json\/wp\/v2\/comments?post=379797"}],"wp:featuredmedia":[{"embeddable":true,"href":"https:\/\/autorival.ro\/peug\/wp-json\/wp\/v2\/media\/379798"}],"wp:attachment":[{"href":"https:\/\/autorival.ro\/peug\/wp-json\/wp\/v2\/media?parent=379797"}],"wp:term":[{"taxonomy":"product_brand","embeddable":true,"href":"https:\/\/autorival.ro\/peug\/wp-json\/wp\/v2\/product_brand?post=379797"},{"taxonomy":"product_cat","embeddable":true,"href":"https:\/\/autorival.ro\/peug\/wp-json\/wp\/v2\/product_cat?post=379797"},{"taxonomy":"product_tag","embeddable":true,"href":"https:\/\/autorival.ro\/peug\/wp-json\/wp\/v2\/product_tag?post=379797"}],"curies":[{"name":"wp","href":"https:\/\/api.w.org\/{rel}","templated":true}]}}