{"id":318673,"date":"2025-07-20T01:17:59","date_gmt":"2025-07-20T01:17:59","guid":{"rendered":"https:\/\/autorival.ro\/peug\/product\/placute-frana-peugeot-expert-224_-1-9-td-diesel-92-cai-ferodo-fvr1000\/"},"modified":"2025-07-20T01:17:59","modified_gmt":"2025-07-20T01:17:59","slug":"placute-frana-peugeot-expert-224_-1-9-td-diesel-92-cai-ferodo-fvr1000","status":"publish","type":"product","link":"https:\/\/autorival.ro\/peug\/product\/placute-frana-peugeot-expert-224_-1-9-td-diesel-92-cai-ferodo-fvr1000\/","title":{"rendered":"Placute frana PEUGEOT EXPERT (224_) 1.9 TD diesel 92 cai FERODO FVR1000"},"content":{"rendered":"<p>Partea de montare: punte fata ->Grosime [mm]: 19Aprobare: R90 Homologated ->Latime [mm]: 130\u00cenaltime [mm]: 59 ->Greutate [kg]: 1,88Num\u0103rul indicatorilor de uzur\u0103 [per ax\u0103]: 4Numar bucati pe osie: 4Contact indicator uzura: inclusiv contact avertizare uzuraArticol extins\/Informatii de extindere: cu acceasoriiSistem de fr\u00e2nare: TRWTip ambalaj: CutieArticol completare\/Info suplimentar 2: cu suruburi etrierNumar WVA: 21801, 21802Numar de arcuri: 4 ->Lungime ambalaj [cm]: 17,2 ->Latime ambalaj [cm]: 13 ->Inaltime ambalaj [cm]: 5,2Numarul bolturilor filetate: 4<\/p>\n","protected":false},"excerpt":{"rendered":"<p>Producator: FERODO Cod producator: FVR1000<\/p>\n","protected":false},"featured_media":318674,"comment_status":"open","ping_status":"closed","template":"","meta":[],"product_brand":[3664],"product_cat":[17861],"product_tag":[],"class_list":{"0":"post-318673","1":"product","2":"type-product","3":"status-publish","4":"has-post-thumbnail","6":"product_brand-ferodo","7":"product_cat-placute-frana-224_-1-9-td-diesel-92","9":"first","10":"instock","11":"shipping-taxable","12":"purchasable","13":"product-type-simple"},"yoast_head":"<!-- This site is optimized with the Yoast SEO plugin v27.3 - https:\/\/yoast.com\/product\/yoast-seo-wordpress\/ -->\n<title>Placute frana PEUGEOT EXPERT (224_) 1.9 TD diesel 92 cai FERODO FVR1000 PEOUGET | FERODO - Autorival<\/title>\n<meta name=\"description\" content=\"\u26a1 Placute frana PEUGEOT EXPERT (224_) 1.9 TD diesel 92 cai FERODO FVR1000 pentru PEOUGET. \u2713 Cod: FVR1000 \u2713 Brand: FERODO \u2713 \u00cen stoc \u2713 Livrare 24h \u2713 Garan\u021bie!\" \/>\n<meta name=\"robots\" content=\"index, follow, max-snippet:-1, max-image-preview:large, max-video-preview:-1\" \/>\n<meta property=\"og:locale\" content=\"en_US\" \/>\n<meta property=\"og:type\" content=\"article\" \/>\n<meta property=\"og:title\" content=\"Placute frana PEUGEOT EXPERT (224_) 1.9 TD diesel 92 cai FERODO FVR1000 PEOUGET | FERODO - Autorival\" \/>\n<meta property=\"og:description\" content=\"\u26a1 Placute frana PEUGEOT EXPERT (224_) 1.9 TD diesel 92 cai FERODO FVR1000 pentru PEOUGET. \u2713 Cod: FVR1000 \u2713 Brand: FERODO \u2713 \u00cen stoc \u2713 Livrare 24h \u2713 Garan\u021bie!\" \/>\n<meta property=\"og:url\" content=\"https:\/\/autorival.ro\/peug\/product\/placute-frana-peugeot-expert-224_-1-9-td-diesel-92-cai-ferodo-fvr1000\/\" \/>\n<meta property=\"og:site_name\" content=\"PEOUGET\" \/>\n<meta property=\"og:image\" content=\"https:\/\/autorival.ro\/peug\/wp-content\/uploads\/sites\/22\/2025\/07\/fvr1000_223182-2.jpg\" \/>\n\t<meta property=\"og:image:width\" content=\"600\" \/>\n\t<meta property=\"og:image:height\" content=\"335\" \/>\n\t<meta property=\"og:image:type\" content=\"image\/jpeg\" \/>\n<meta name=\"twitter:card\" content=\"summary_large_image\" \/>\n<meta name=\"twitter:title\" content=\"Placute frana PEUGEOT EXPERT (224_) 1.9 TD diesel 92 cai FERODO FVR1000 PEOUGET | FERODO - Autorival\" \/>\n<meta name=\"twitter:description\" content=\"\u26a1 Placute frana PEUGEOT EXPERT (224_) 1.9 TD diesel 92 cai FERODO FVR1000 pentru PEOUGET. \u2713 Cod: FVR1000 \u2713 Brand: FERODO \u2713 \u00cen stoc \u2713 Livrare 24h \u2713 Garan\u021bie!\" \/>\n<script type=\"application\/ld+json\" class=\"yoast-schema-graph\">{\"@context\":\"https:\\\/\\\/schema.org\",\"@graph\":[{\"@type\":\"WebPage\",\"@id\":\"https:\\\/\\\/autorival.ro\\\/peug\\\/product\\\/placute-frana-peugeot-expert-224_-1-9-td-diesel-92-cai-ferodo-fvr1000\\\/\",\"url\":\"https:\\\/\\\/autorival.ro\\\/peug\\\/product\\\/placute-frana-peugeot-expert-224_-1-9-td-diesel-92-cai-ferodo-fvr1000\\\/\",\"name\":\"Placute frana PEUGEOT EXPERT (224_) 1.9 TD diesel 92 cai FERODO FVR1000 PEOUGET | FERODO - Autorival\",\"isPartOf\":{\"@id\":\"https:\\\/\\\/autorival.ro\\\/peug\\\/#website\"},\"primaryImageOfPage\":{\"@id\":\"https:\\\/\\\/autorival.ro\\\/peug\\\/product\\\/placute-frana-peugeot-expert-224_-1-9-td-diesel-92-cai-ferodo-fvr1000\\\/#primaryimage\"},\"image\":{\"@id\":\"https:\\\/\\\/autorival.ro\\\/peug\\\/product\\\/placute-frana-peugeot-expert-224_-1-9-td-diesel-92-cai-ferodo-fvr1000\\\/#primaryimage\"},\"thumbnailUrl\":\"https:\\\/\\\/autorival.ro\\\/peug\\\/wp-content\\\/uploads\\\/sites\\\/22\\\/2025\\\/07\\\/fvr1000_223182-2.jpg\",\"datePublished\":\"2025-07-20T01:17:59+00:00\",\"description\":\"\u26a1 Placute frana PEUGEOT EXPERT (224_) 1.9 TD diesel 92 cai FERODO FVR1000 pentru PEOUGET. \u2713 Cod: FVR1000 \u2713 Brand: FERODO \u2713 \u00cen stoc \u2713 Livrare 24h \u2713 Garan\u021bie!\",\"breadcrumb\":{\"@id\":\"https:\\\/\\\/autorival.ro\\\/peug\\\/product\\\/placute-frana-peugeot-expert-224_-1-9-td-diesel-92-cai-ferodo-fvr1000\\\/#breadcrumb\"},\"inLanguage\":\"en-US\",\"potentialAction\":[{\"@type\":\"ReadAction\",\"target\":[\"https:\\\/\\\/autorival.ro\\\/peug\\\/product\\\/placute-frana-peugeot-expert-224_-1-9-td-diesel-92-cai-ferodo-fvr1000\\\/\"]}]},{\"@type\":\"ImageObject\",\"inLanguage\":\"en-US\",\"@id\":\"https:\\\/\\\/autorival.ro\\\/peug\\\/product\\\/placute-frana-peugeot-expert-224_-1-9-td-diesel-92-cai-ferodo-fvr1000\\\/#primaryimage\",\"url\":\"https:\\\/\\\/autorival.ro\\\/peug\\\/wp-content\\\/uploads\\\/sites\\\/22\\\/2025\\\/07\\\/fvr1000_223182-2.jpg\",\"contentUrl\":\"https:\\\/\\\/autorival.ro\\\/peug\\\/wp-content\\\/uploads\\\/sites\\\/22\\\/2025\\\/07\\\/fvr1000_223182-2.jpg\",\"width\":600,\"height\":335},{\"@type\":\"BreadcrumbList\",\"@id\":\"https:\\\/\\\/autorival.ro\\\/peug\\\/product\\\/placute-frana-peugeot-expert-224_-1-9-td-diesel-92-cai-ferodo-fvr1000\\\/#breadcrumb\",\"itemListElement\":[{\"@type\":\"ListItem\",\"position\":1,\"name\":\"Prima pagin\u0103\",\"item\":\"https:\\\/\\\/autorival.ro\\\/peug\\\/\"},{\"@type\":\"ListItem\",\"position\":2,\"name\":\"Piese auto POEUGET\",\"item\":\"https:\\\/\\\/autorival.ro\\\/peug\\\/\"},{\"@type\":\"ListItem\",\"position\":3,\"name\":\"Placute frana PEUGEOT EXPERT (224_) 1.9 TD diesel 92 cai FERODO FVR1000\"}]},{\"@type\":\"WebSite\",\"@id\":\"https:\\\/\\\/autorival.ro\\\/peug\\\/#website\",\"url\":\"https:\\\/\\\/autorival.ro\\\/peug\\\/\",\"name\":\"PEOUGET\",\"description\":\"\",\"potentialAction\":[{\"@type\":\"SearchAction\",\"target\":{\"@type\":\"EntryPoint\",\"urlTemplate\":\"https:\\\/\\\/autorival.ro\\\/peug\\\/?s={search_term_string}\"},\"query-input\":{\"@type\":\"PropertyValueSpecification\",\"valueRequired\":true,\"valueName\":\"search_term_string\"}}],\"inLanguage\":\"en-US\"}]}<\/script>\n<!-- \/ Yoast SEO plugin. -->","yoast_head_json":{"title":"Placute frana PEUGEOT EXPERT (224_) 1.9 TD diesel 92 cai FERODO FVR1000 PEOUGET | FERODO - Autorival","description":"\u26a1 Placute frana PEUGEOT EXPERT (224_) 1.9 TD diesel 92 cai FERODO FVR1000 pentru PEOUGET. \u2713 Cod: FVR1000 \u2713 Brand: FERODO \u2713 \u00cen stoc \u2713 Livrare 24h \u2713 Garan\u021bie!","robots":{"index":"index","follow":"follow","max-snippet":"max-snippet:-1","max-image-preview":"max-image-preview:large","max-video-preview":"max-video-preview:-1"},"og_locale":"en_US","og_type":"article","og_title":"Placute frana PEUGEOT EXPERT (224_) 1.9 TD diesel 92 cai FERODO FVR1000 PEOUGET | FERODO - Autorival","og_description":"\u26a1 Placute frana PEUGEOT EXPERT (224_) 1.9 TD diesel 92 cai FERODO FVR1000 pentru PEOUGET. \u2713 Cod: FVR1000 \u2713 Brand: FERODO \u2713 \u00cen stoc \u2713 Livrare 24h \u2713 Garan\u021bie!","og_url":"https:\/\/autorival.ro\/peug\/product\/placute-frana-peugeot-expert-224_-1-9-td-diesel-92-cai-ferodo-fvr1000\/","og_site_name":"PEOUGET","og_image":[{"width":600,"height":335,"url":"https:\/\/autorival.ro\/peug\/wp-content\/uploads\/sites\/22\/2025\/07\/fvr1000_223182-2.jpg","type":"image\/jpeg"}],"twitter_card":"summary_large_image","twitter_title":"Placute frana PEUGEOT EXPERT (224_) 1.9 TD diesel 92 cai FERODO FVR1000 PEOUGET | FERODO - Autorival","twitter_description":"\u26a1 Placute frana PEUGEOT EXPERT (224_) 1.9 TD diesel 92 cai FERODO FVR1000 pentru PEOUGET. \u2713 Cod: FVR1000 \u2713 Brand: FERODO \u2713 \u00cen stoc \u2713 Livrare 24h \u2713 Garan\u021bie!","schema":{"@context":"https:\/\/schema.org","@graph":[{"@type":"WebPage","@id":"https:\/\/autorival.ro\/peug\/product\/placute-frana-peugeot-expert-224_-1-9-td-diesel-92-cai-ferodo-fvr1000\/","url":"https:\/\/autorival.ro\/peug\/product\/placute-frana-peugeot-expert-224_-1-9-td-diesel-92-cai-ferodo-fvr1000\/","name":"Placute frana PEUGEOT EXPERT (224_) 1.9 TD diesel 92 cai FERODO FVR1000 PEOUGET | FERODO - Autorival","isPartOf":{"@id":"https:\/\/autorival.ro\/peug\/#website"},"primaryImageOfPage":{"@id":"https:\/\/autorival.ro\/peug\/product\/placute-frana-peugeot-expert-224_-1-9-td-diesel-92-cai-ferodo-fvr1000\/#primaryimage"},"image":{"@id":"https:\/\/autorival.ro\/peug\/product\/placute-frana-peugeot-expert-224_-1-9-td-diesel-92-cai-ferodo-fvr1000\/#primaryimage"},"thumbnailUrl":"https:\/\/autorival.ro\/peug\/wp-content\/uploads\/sites\/22\/2025\/07\/fvr1000_223182-2.jpg","datePublished":"2025-07-20T01:17:59+00:00","description":"\u26a1 Placute frana PEUGEOT EXPERT (224_) 1.9 TD diesel 92 cai FERODO FVR1000 pentru PEOUGET. \u2713 Cod: FVR1000 \u2713 Brand: FERODO \u2713 \u00cen stoc \u2713 Livrare 24h \u2713 Garan\u021bie!","breadcrumb":{"@id":"https:\/\/autorival.ro\/peug\/product\/placute-frana-peugeot-expert-224_-1-9-td-diesel-92-cai-ferodo-fvr1000\/#breadcrumb"},"inLanguage":"en-US","potentialAction":[{"@type":"ReadAction","target":["https:\/\/autorival.ro\/peug\/product\/placute-frana-peugeot-expert-224_-1-9-td-diesel-92-cai-ferodo-fvr1000\/"]}]},{"@type":"ImageObject","inLanguage":"en-US","@id":"https:\/\/autorival.ro\/peug\/product\/placute-frana-peugeot-expert-224_-1-9-td-diesel-92-cai-ferodo-fvr1000\/#primaryimage","url":"https:\/\/autorival.ro\/peug\/wp-content\/uploads\/sites\/22\/2025\/07\/fvr1000_223182-2.jpg","contentUrl":"https:\/\/autorival.ro\/peug\/wp-content\/uploads\/sites\/22\/2025\/07\/fvr1000_223182-2.jpg","width":600,"height":335},{"@type":"BreadcrumbList","@id":"https:\/\/autorival.ro\/peug\/product\/placute-frana-peugeot-expert-224_-1-9-td-diesel-92-cai-ferodo-fvr1000\/#breadcrumb","itemListElement":[{"@type":"ListItem","position":1,"name":"Prima pagin\u0103","item":"https:\/\/autorival.ro\/peug\/"},{"@type":"ListItem","position":2,"name":"Piese auto POEUGET","item":"https:\/\/autorival.ro\/peug\/"},{"@type":"ListItem","position":3,"name":"Placute frana PEUGEOT EXPERT (224_) 1.9 TD diesel 92 cai FERODO FVR1000"}]},{"@type":"WebSite","@id":"https:\/\/autorival.ro\/peug\/#website","url":"https:\/\/autorival.ro\/peug\/","name":"PEOUGET","description":"","potentialAction":[{"@type":"SearchAction","target":{"@type":"EntryPoint","urlTemplate":"https:\/\/autorival.ro\/peug\/?s={search_term_string}"},"query-input":{"@type":"PropertyValueSpecification","valueRequired":true,"valueName":"search_term_string"}}],"inLanguage":"en-US"}]}},"_links":{"self":[{"href":"https:\/\/autorival.ro\/peug\/wp-json\/wp\/v2\/product\/318673","targetHints":{"allow":["GET"]}}],"collection":[{"href":"https:\/\/autorival.ro\/peug\/wp-json\/wp\/v2\/product"}],"about":[{"href":"https:\/\/autorival.ro\/peug\/wp-json\/wp\/v2\/types\/product"}],"replies":[{"embeddable":true,"href":"https:\/\/autorival.ro\/peug\/wp-json\/wp\/v2\/comments?post=318673"}],"wp:featuredmedia":[{"embeddable":true,"href":"https:\/\/autorival.ro\/peug\/wp-json\/wp\/v2\/media\/318674"}],"wp:attachment":[{"href":"https:\/\/autorival.ro\/peug\/wp-json\/wp\/v2\/media?parent=318673"}],"wp:term":[{"taxonomy":"product_brand","embeddable":true,"href":"https:\/\/autorival.ro\/peug\/wp-json\/wp\/v2\/product_brand?post=318673"},{"taxonomy":"product_cat","embeddable":true,"href":"https:\/\/autorival.ro\/peug\/wp-json\/wp\/v2\/product_cat?post=318673"},{"taxonomy":"product_tag","embeddable":true,"href":"https:\/\/autorival.ro\/peug\/wp-json\/wp\/v2\/product_tag?post=318673"}],"curies":[{"name":"wp","href":"https:\/\/api.w.org\/{rel}","templated":true}]}}