{"id":318529,"date":"2025-07-20T01:14:31","date_gmt":"2025-07-20T01:14:31","guid":{"rendered":"https:\/\/autorival.ro\/peug\/product\/placute-frana-peugeot-expert-224_-1-9-td-diesel-90-cai-brembo-p-23-090\/"},"modified":"2025-07-20T01:14:31","modified_gmt":"2025-07-20T01:14:31","slug":"placute-frana-peugeot-expert-224_-1-9-td-diesel-90-cai-brembo-p-23-090","status":"publish","type":"product","link":"https:\/\/autorival.ro\/peug\/product\/placute-frana-peugeot-expert-224_-1-9-td-diesel-90-cai-brembo-p-23-090\/","title":{"rendered":"Placute frana PEUGEOT EXPERT (224_) 1.9 TD diesel 90 cai BREMBO P 23 090"},"content":{"rendered":"<p>Partea de montare: punte fatapentru num\u0103r organiza\u021bie de la: 9793 ->Latime [mm]: 147 ->Grosime [mm]: 19\u00cenaltime [mm]: 60Contact indicator uzura: inclusiv contact avertizare uzuraArticol extins\/Informatii de extindere: fara accesoriiSistem de fr\u00e2nare: Lucas ->Lungime contact avertizare [mm]: 180Articol completare\/Info suplimentar 2: cu suruburi etrierNum\u0103rul indicatorilor de uzur\u0103 [per ax\u0103]: 2Numar WVA: 20261, 20267<\/p>\n","protected":false},"excerpt":{"rendered":"<p>Producator: BREMBO Cod producator: P 23 090<\/p>\n","protected":false},"featured_media":318530,"comment_status":"open","ping_status":"closed","template":"","meta":[],"product_brand":[4880],"product_cat":[17860],"product_tag":[],"class_list":{"0":"post-318529","1":"product","2":"type-product","3":"status-publish","4":"has-post-thumbnail","6":"product_brand-brembo","7":"product_cat-placute-frana-224_-1-9-td-diesel-90","9":"first","10":"instock","11":"shipping-taxable","12":"purchasable","13":"product-type-simple"},"yoast_head":"<!-- This site is optimized with the Yoast SEO plugin v27.3 - https:\/\/yoast.com\/product\/yoast-seo-wordpress\/ -->\n<title>Placute frana PEUGEOT EXPERT (224_) 1.9 TD diesel 90 cai BREMBO P 23 090 PEOUGET | BREMBO - Autorival<\/title>\n<meta name=\"description\" content=\"\u26a1 Placute frana PEUGEOT EXPERT (224_) 1.9 TD diesel 90 cai BREMBO P 23 090 pentru PEOUGET. \u2713 Cod: P \u2713 Brand: BREMBO \u2713 \u00cen stoc \u2713 Livrare 24h \u2713 Garan\u021bie!\" \/>\n<meta name=\"robots\" content=\"index, follow, max-snippet:-1, max-image-preview:large, max-video-preview:-1\" \/>\n<meta property=\"og:locale\" content=\"en_US\" \/>\n<meta property=\"og:type\" content=\"article\" \/>\n<meta property=\"og:title\" content=\"Placute frana PEUGEOT EXPERT (224_) 1.9 TD diesel 90 cai BREMBO P 23 090 PEOUGET | BREMBO - Autorival\" \/>\n<meta property=\"og:description\" content=\"\u26a1 Placute frana PEUGEOT EXPERT (224_) 1.9 TD diesel 90 cai BREMBO P 23 090 pentru PEOUGET. \u2713 Cod: P \u2713 Brand: BREMBO \u2713 \u00cen stoc \u2713 Livrare 24h \u2713 Garan\u021bie!\" \/>\n<meta property=\"og:url\" content=\"https:\/\/autorival.ro\/peug\/product\/placute-frana-peugeot-expert-224_-1-9-td-diesel-90-cai-brembo-p-23-090\/\" \/>\n<meta property=\"og:site_name\" content=\"PEOUGET\" \/>\n<meta property=\"og:image\" content=\"https:\/\/autorival.ro\/peug\/wp-content\/uploads\/sites\/22\/2025\/07\/p23090-3.jpg\" \/>\n\t<meta property=\"og:image:width\" content=\"2340\" \/>\n\t<meta property=\"og:image:height\" content=\"1655\" \/>\n\t<meta property=\"og:image:type\" content=\"image\/jpeg\" \/>\n<meta name=\"twitter:card\" content=\"summary_large_image\" \/>\n<meta name=\"twitter:title\" content=\"Placute frana PEUGEOT EXPERT (224_) 1.9 TD diesel 90 cai BREMBO P 23 090 PEOUGET | BREMBO - Autorival\" \/>\n<meta name=\"twitter:description\" content=\"\u26a1 Placute frana PEUGEOT EXPERT (224_) 1.9 TD diesel 90 cai BREMBO P 23 090 pentru PEOUGET. \u2713 Cod: P \u2713 Brand: BREMBO \u2713 \u00cen stoc \u2713 Livrare 24h \u2713 Garan\u021bie!\" \/>\n<script type=\"application\/ld+json\" class=\"yoast-schema-graph\">{\"@context\":\"https:\\\/\\\/schema.org\",\"@graph\":[{\"@type\":\"WebPage\",\"@id\":\"https:\\\/\\\/autorival.ro\\\/peug\\\/product\\\/placute-frana-peugeot-expert-224_-1-9-td-diesel-90-cai-brembo-p-23-090\\\/\",\"url\":\"https:\\\/\\\/autorival.ro\\\/peug\\\/product\\\/placute-frana-peugeot-expert-224_-1-9-td-diesel-90-cai-brembo-p-23-090\\\/\",\"name\":\"Placute frana PEUGEOT EXPERT (224_) 1.9 TD diesel 90 cai BREMBO P 23 090 PEOUGET | BREMBO - Autorival\",\"isPartOf\":{\"@id\":\"https:\\\/\\\/autorival.ro\\\/peug\\\/#website\"},\"primaryImageOfPage\":{\"@id\":\"https:\\\/\\\/autorival.ro\\\/peug\\\/product\\\/placute-frana-peugeot-expert-224_-1-9-td-diesel-90-cai-brembo-p-23-090\\\/#primaryimage\"},\"image\":{\"@id\":\"https:\\\/\\\/autorival.ro\\\/peug\\\/product\\\/placute-frana-peugeot-expert-224_-1-9-td-diesel-90-cai-brembo-p-23-090\\\/#primaryimage\"},\"thumbnailUrl\":\"https:\\\/\\\/autorival.ro\\\/peug\\\/wp-content\\\/uploads\\\/sites\\\/22\\\/2025\\\/07\\\/p23090-3.jpg\",\"datePublished\":\"2025-07-20T01:14:31+00:00\",\"description\":\"\u26a1 Placute frana PEUGEOT EXPERT (224_) 1.9 TD diesel 90 cai BREMBO P 23 090 pentru PEOUGET. \u2713 Cod: P \u2713 Brand: BREMBO \u2713 \u00cen stoc \u2713 Livrare 24h \u2713 Garan\u021bie!\",\"breadcrumb\":{\"@id\":\"https:\\\/\\\/autorival.ro\\\/peug\\\/product\\\/placute-frana-peugeot-expert-224_-1-9-td-diesel-90-cai-brembo-p-23-090\\\/#breadcrumb\"},\"inLanguage\":\"en-US\",\"potentialAction\":[{\"@type\":\"ReadAction\",\"target\":[\"https:\\\/\\\/autorival.ro\\\/peug\\\/product\\\/placute-frana-peugeot-expert-224_-1-9-td-diesel-90-cai-brembo-p-23-090\\\/\"]}]},{\"@type\":\"ImageObject\",\"inLanguage\":\"en-US\",\"@id\":\"https:\\\/\\\/autorival.ro\\\/peug\\\/product\\\/placute-frana-peugeot-expert-224_-1-9-td-diesel-90-cai-brembo-p-23-090\\\/#primaryimage\",\"url\":\"https:\\\/\\\/autorival.ro\\\/peug\\\/wp-content\\\/uploads\\\/sites\\\/22\\\/2025\\\/07\\\/p23090-3.jpg\",\"contentUrl\":\"https:\\\/\\\/autorival.ro\\\/peug\\\/wp-content\\\/uploads\\\/sites\\\/22\\\/2025\\\/07\\\/p23090-3.jpg\",\"width\":2340,\"height\":1655},{\"@type\":\"BreadcrumbList\",\"@id\":\"https:\\\/\\\/autorival.ro\\\/peug\\\/product\\\/placute-frana-peugeot-expert-224_-1-9-td-diesel-90-cai-brembo-p-23-090\\\/#breadcrumb\",\"itemListElement\":[{\"@type\":\"ListItem\",\"position\":1,\"name\":\"Prima pagin\u0103\",\"item\":\"https:\\\/\\\/autorival.ro\\\/peug\\\/\"},{\"@type\":\"ListItem\",\"position\":2,\"name\":\"Piese auto POEUGET\",\"item\":\"https:\\\/\\\/autorival.ro\\\/peug\\\/\"},{\"@type\":\"ListItem\",\"position\":3,\"name\":\"Placute frana PEUGEOT EXPERT (224_) 1.9 TD diesel 90 cai BREMBO P 23 090\"}]},{\"@type\":\"WebSite\",\"@id\":\"https:\\\/\\\/autorival.ro\\\/peug\\\/#website\",\"url\":\"https:\\\/\\\/autorival.ro\\\/peug\\\/\",\"name\":\"PEOUGET\",\"description\":\"\",\"potentialAction\":[{\"@type\":\"SearchAction\",\"target\":{\"@type\":\"EntryPoint\",\"urlTemplate\":\"https:\\\/\\\/autorival.ro\\\/peug\\\/?s={search_term_string}\"},\"query-input\":{\"@type\":\"PropertyValueSpecification\",\"valueRequired\":true,\"valueName\":\"search_term_string\"}}],\"inLanguage\":\"en-US\"}]}<\/script>\n<!-- \/ Yoast SEO plugin. -->","yoast_head_json":{"title":"Placute frana PEUGEOT EXPERT (224_) 1.9 TD diesel 90 cai BREMBO P 23 090 PEOUGET | BREMBO - Autorival","description":"\u26a1 Placute frana PEUGEOT EXPERT (224_) 1.9 TD diesel 90 cai BREMBO P 23 090 pentru PEOUGET. \u2713 Cod: P \u2713 Brand: BREMBO \u2713 \u00cen stoc \u2713 Livrare 24h \u2713 Garan\u021bie!","robots":{"index":"index","follow":"follow","max-snippet":"max-snippet:-1","max-image-preview":"max-image-preview:large","max-video-preview":"max-video-preview:-1"},"og_locale":"en_US","og_type":"article","og_title":"Placute frana PEUGEOT EXPERT (224_) 1.9 TD diesel 90 cai BREMBO P 23 090 PEOUGET | BREMBO - Autorival","og_description":"\u26a1 Placute frana PEUGEOT EXPERT (224_) 1.9 TD diesel 90 cai BREMBO P 23 090 pentru PEOUGET. \u2713 Cod: P \u2713 Brand: BREMBO \u2713 \u00cen stoc \u2713 Livrare 24h \u2713 Garan\u021bie!","og_url":"https:\/\/autorival.ro\/peug\/product\/placute-frana-peugeot-expert-224_-1-9-td-diesel-90-cai-brembo-p-23-090\/","og_site_name":"PEOUGET","og_image":[{"width":2340,"height":1655,"url":"https:\/\/autorival.ro\/peug\/wp-content\/uploads\/sites\/22\/2025\/07\/p23090-3.jpg","type":"image\/jpeg"}],"twitter_card":"summary_large_image","twitter_title":"Placute frana PEUGEOT EXPERT (224_) 1.9 TD diesel 90 cai BREMBO P 23 090 PEOUGET | BREMBO - Autorival","twitter_description":"\u26a1 Placute frana PEUGEOT EXPERT (224_) 1.9 TD diesel 90 cai BREMBO P 23 090 pentru PEOUGET. \u2713 Cod: P \u2713 Brand: BREMBO \u2713 \u00cen stoc \u2713 Livrare 24h \u2713 Garan\u021bie!","schema":{"@context":"https:\/\/schema.org","@graph":[{"@type":"WebPage","@id":"https:\/\/autorival.ro\/peug\/product\/placute-frana-peugeot-expert-224_-1-9-td-diesel-90-cai-brembo-p-23-090\/","url":"https:\/\/autorival.ro\/peug\/product\/placute-frana-peugeot-expert-224_-1-9-td-diesel-90-cai-brembo-p-23-090\/","name":"Placute frana PEUGEOT EXPERT (224_) 1.9 TD diesel 90 cai BREMBO P 23 090 PEOUGET | BREMBO - Autorival","isPartOf":{"@id":"https:\/\/autorival.ro\/peug\/#website"},"primaryImageOfPage":{"@id":"https:\/\/autorival.ro\/peug\/product\/placute-frana-peugeot-expert-224_-1-9-td-diesel-90-cai-brembo-p-23-090\/#primaryimage"},"image":{"@id":"https:\/\/autorival.ro\/peug\/product\/placute-frana-peugeot-expert-224_-1-9-td-diesel-90-cai-brembo-p-23-090\/#primaryimage"},"thumbnailUrl":"https:\/\/autorival.ro\/peug\/wp-content\/uploads\/sites\/22\/2025\/07\/p23090-3.jpg","datePublished":"2025-07-20T01:14:31+00:00","description":"\u26a1 Placute frana PEUGEOT EXPERT (224_) 1.9 TD diesel 90 cai BREMBO P 23 090 pentru PEOUGET. \u2713 Cod: P \u2713 Brand: BREMBO \u2713 \u00cen stoc \u2713 Livrare 24h \u2713 Garan\u021bie!","breadcrumb":{"@id":"https:\/\/autorival.ro\/peug\/product\/placute-frana-peugeot-expert-224_-1-9-td-diesel-90-cai-brembo-p-23-090\/#breadcrumb"},"inLanguage":"en-US","potentialAction":[{"@type":"ReadAction","target":["https:\/\/autorival.ro\/peug\/product\/placute-frana-peugeot-expert-224_-1-9-td-diesel-90-cai-brembo-p-23-090\/"]}]},{"@type":"ImageObject","inLanguage":"en-US","@id":"https:\/\/autorival.ro\/peug\/product\/placute-frana-peugeot-expert-224_-1-9-td-diesel-90-cai-brembo-p-23-090\/#primaryimage","url":"https:\/\/autorival.ro\/peug\/wp-content\/uploads\/sites\/22\/2025\/07\/p23090-3.jpg","contentUrl":"https:\/\/autorival.ro\/peug\/wp-content\/uploads\/sites\/22\/2025\/07\/p23090-3.jpg","width":2340,"height":1655},{"@type":"BreadcrumbList","@id":"https:\/\/autorival.ro\/peug\/product\/placute-frana-peugeot-expert-224_-1-9-td-diesel-90-cai-brembo-p-23-090\/#breadcrumb","itemListElement":[{"@type":"ListItem","position":1,"name":"Prima pagin\u0103","item":"https:\/\/autorival.ro\/peug\/"},{"@type":"ListItem","position":2,"name":"Piese auto POEUGET","item":"https:\/\/autorival.ro\/peug\/"},{"@type":"ListItem","position":3,"name":"Placute frana PEUGEOT EXPERT (224_) 1.9 TD diesel 90 cai BREMBO P 23 090"}]},{"@type":"WebSite","@id":"https:\/\/autorival.ro\/peug\/#website","url":"https:\/\/autorival.ro\/peug\/","name":"PEOUGET","description":"","potentialAction":[{"@type":"SearchAction","target":{"@type":"EntryPoint","urlTemplate":"https:\/\/autorival.ro\/peug\/?s={search_term_string}"},"query-input":{"@type":"PropertyValueSpecification","valueRequired":true,"valueName":"search_term_string"}}],"inLanguage":"en-US"}]}},"_links":{"self":[{"href":"https:\/\/autorival.ro\/peug\/wp-json\/wp\/v2\/product\/318529","targetHints":{"allow":["GET"]}}],"collection":[{"href":"https:\/\/autorival.ro\/peug\/wp-json\/wp\/v2\/product"}],"about":[{"href":"https:\/\/autorival.ro\/peug\/wp-json\/wp\/v2\/types\/product"}],"replies":[{"embeddable":true,"href":"https:\/\/autorival.ro\/peug\/wp-json\/wp\/v2\/comments?post=318529"}],"wp:featuredmedia":[{"embeddable":true,"href":"https:\/\/autorival.ro\/peug\/wp-json\/wp\/v2\/media\/318530"}],"wp:attachment":[{"href":"https:\/\/autorival.ro\/peug\/wp-json\/wp\/v2\/media?parent=318529"}],"wp:term":[{"taxonomy":"product_brand","embeddable":true,"href":"https:\/\/autorival.ro\/peug\/wp-json\/wp\/v2\/product_brand?post=318529"},{"taxonomy":"product_cat","embeddable":true,"href":"https:\/\/autorival.ro\/peug\/wp-json\/wp\/v2\/product_cat?post=318529"},{"taxonomy":"product_tag","embeddable":true,"href":"https:\/\/autorival.ro\/peug\/wp-json\/wp\/v2\/product_tag?post=318529"}],"curies":[{"name":"wp","href":"https:\/\/api.w.org\/{rel}","templated":true}]}}