{"id":317523,"date":"2025-07-20T00:50:59","date_gmt":"2025-07-20T00:50:59","guid":{"rendered":"https:\/\/autorival.ro\/peug\/product\/placute-frana-peugeot-bipper-aa_-1-4-hdi-diesel-68-cai-krottendorf-kro1654\/"},"modified":"2025-07-20T00:50:59","modified_gmt":"2025-07-20T00:50:59","slug":"placute-frana-peugeot-bipper-aa_-1-4-hdi-diesel-68-cai-krottendorf-kro1654","status":"publish","type":"product","link":"https:\/\/autorival.ro\/peug\/product\/placute-frana-peugeot-bipper-aa_-1-4-hdi-diesel-68-cai-krottendorf-kro1654\/","title":{"rendered":"Placute frana PEUGEOT BIPPER (AA_) 1.4 HDi diesel 68 cai KROTTENDORF KRO1654"},"content":{"rendered":"<p>Partea de montare: punte fata ->Latime [mm]: 122,7\u00cenaltime [mm]: 53,1 ->Grosime [mm]: 17,7Num\u0103rul indicatorilor de uzur\u0103 [per ax\u0103]: 1Contact indicator uzura: inclusiv contact avertizare uzura ->Lungime contact avertizare [mm]: 216Sistem de fr\u00e2nare: BoschArticol completare\/Info suplimentar 2: cu tabla anti scartaitCalitate: PREMIUM<\/p>\n","protected":false},"excerpt":{"rendered":"<p>Producator: KROTTENDORF Cod producator: KRO1654<\/p>\n","protected":false},"featured_media":317524,"comment_status":"open","ping_status":"closed","template":"","meta":[],"product_brand":[1319],"product_cat":[17850],"product_tag":[],"class_list":{"0":"post-317523","1":"product","2":"type-product","3":"status-publish","4":"has-post-thumbnail","6":"product_brand-krottendorf","7":"product_cat-placute-frana-aa_-1-4-hdi-diesel-68","9":"first","10":"instock","11":"shipping-taxable","12":"purchasable","13":"product-type-simple"},"yoast_head":"<!-- This site is optimized with the Yoast SEO plugin v27.3 - https:\/\/yoast.com\/product\/yoast-seo-wordpress\/ -->\n<title>Placute frana PEUGEOT BIPPER (AA_) 1.4 HDi diesel 68 cai KROTTENDORF KRO1654 PEOUGET | KROTTENDORF - Autorival<\/title>\n<meta name=\"description\" content=\"\u26a1 Placute frana PEUGEOT BIPPER (AA_) 1.4 HDi diesel 68 cai KROTTENDORF KRO1654 pentru PEOUGET. \u2713 Cod: KRO1654 \u2713 Brand: KROTTENDORF \u2713 \u00cen stoc \u2713 Livrare 24h \u2713 Garan\u021bie!\" \/>\n<meta name=\"robots\" content=\"index, follow, max-snippet:-1, max-image-preview:large, max-video-preview:-1\" \/>\n<meta property=\"og:locale\" content=\"en_US\" \/>\n<meta property=\"og:type\" content=\"article\" \/>\n<meta property=\"og:title\" content=\"Placute frana PEUGEOT BIPPER (AA_) 1.4 HDi diesel 68 cai KROTTENDORF KRO1654 PEOUGET | KROTTENDORF - Autorival\" \/>\n<meta property=\"og:description\" content=\"\u26a1 Placute frana PEUGEOT BIPPER (AA_) 1.4 HDi diesel 68 cai KROTTENDORF KRO1654 pentru PEOUGET. \u2713 Cod: KRO1654 \u2713 Brand: KROTTENDORF \u2713 \u00cen stoc \u2713 Livrare 24h \u2713 Garan\u021bie!\" \/>\n<meta property=\"og:url\" content=\"https:\/\/autorival.ro\/peug\/product\/placute-frana-peugeot-bipper-aa_-1-4-hdi-diesel-68-cai-krottendorf-kro1654\/\" \/>\n<meta property=\"og:site_name\" content=\"PEOUGET\" \/>\n<meta property=\"og:image\" content=\"https:\/\/autorival.ro\/peug\/wp-content\/uploads\/sites\/22\/2025\/07\/5334059.jpg\" \/>\n\t<meta property=\"og:image:width\" content=\"2500\" \/>\n\t<meta property=\"og:image:height\" content=\"2500\" \/>\n\t<meta property=\"og:image:type\" content=\"image\/jpeg\" \/>\n<meta name=\"twitter:card\" content=\"summary_large_image\" \/>\n<meta name=\"twitter:title\" content=\"Placute frana PEUGEOT BIPPER (AA_) 1.4 HDi diesel 68 cai KROTTENDORF KRO1654 PEOUGET | KROTTENDORF - Autorival\" \/>\n<meta name=\"twitter:description\" content=\"\u26a1 Placute frana PEUGEOT BIPPER (AA_) 1.4 HDi diesel 68 cai KROTTENDORF KRO1654 pentru PEOUGET. \u2713 Cod: KRO1654 \u2713 Brand: KROTTENDORF \u2713 \u00cen stoc \u2713 Livrare 24h \u2713 Garan\u021bie!\" \/>\n<script type=\"application\/ld+json\" class=\"yoast-schema-graph\">{\"@context\":\"https:\\\/\\\/schema.org\",\"@graph\":[{\"@type\":\"WebPage\",\"@id\":\"https:\\\/\\\/autorival.ro\\\/peug\\\/product\\\/placute-frana-peugeot-bipper-aa_-1-4-hdi-diesel-68-cai-krottendorf-kro1654\\\/\",\"url\":\"https:\\\/\\\/autorival.ro\\\/peug\\\/product\\\/placute-frana-peugeot-bipper-aa_-1-4-hdi-diesel-68-cai-krottendorf-kro1654\\\/\",\"name\":\"Placute frana PEUGEOT BIPPER (AA_) 1.4 HDi diesel 68 cai KROTTENDORF KRO1654 PEOUGET | KROTTENDORF - Autorival\",\"isPartOf\":{\"@id\":\"https:\\\/\\\/autorival.ro\\\/peug\\\/#website\"},\"primaryImageOfPage\":{\"@id\":\"https:\\\/\\\/autorival.ro\\\/peug\\\/product\\\/placute-frana-peugeot-bipper-aa_-1-4-hdi-diesel-68-cai-krottendorf-kro1654\\\/#primaryimage\"},\"image\":{\"@id\":\"https:\\\/\\\/autorival.ro\\\/peug\\\/product\\\/placute-frana-peugeot-bipper-aa_-1-4-hdi-diesel-68-cai-krottendorf-kro1654\\\/#primaryimage\"},\"thumbnailUrl\":\"https:\\\/\\\/autorival.ro\\\/peug\\\/wp-content\\\/uploads\\\/sites\\\/22\\\/2025\\\/07\\\/5334059.jpg\",\"datePublished\":\"2025-07-20T00:50:59+00:00\",\"description\":\"\u26a1 Placute frana PEUGEOT BIPPER (AA_) 1.4 HDi diesel 68 cai KROTTENDORF KRO1654 pentru PEOUGET. \u2713 Cod: KRO1654 \u2713 Brand: KROTTENDORF \u2713 \u00cen stoc \u2713 Livrare 24h \u2713 Garan\u021bie!\",\"breadcrumb\":{\"@id\":\"https:\\\/\\\/autorival.ro\\\/peug\\\/product\\\/placute-frana-peugeot-bipper-aa_-1-4-hdi-diesel-68-cai-krottendorf-kro1654\\\/#breadcrumb\"},\"inLanguage\":\"en-US\",\"potentialAction\":[{\"@type\":\"ReadAction\",\"target\":[\"https:\\\/\\\/autorival.ro\\\/peug\\\/product\\\/placute-frana-peugeot-bipper-aa_-1-4-hdi-diesel-68-cai-krottendorf-kro1654\\\/\"]}]},{\"@type\":\"ImageObject\",\"inLanguage\":\"en-US\",\"@id\":\"https:\\\/\\\/autorival.ro\\\/peug\\\/product\\\/placute-frana-peugeot-bipper-aa_-1-4-hdi-diesel-68-cai-krottendorf-kro1654\\\/#primaryimage\",\"url\":\"https:\\\/\\\/autorival.ro\\\/peug\\\/wp-content\\\/uploads\\\/sites\\\/22\\\/2025\\\/07\\\/5334059.jpg\",\"contentUrl\":\"https:\\\/\\\/autorival.ro\\\/peug\\\/wp-content\\\/uploads\\\/sites\\\/22\\\/2025\\\/07\\\/5334059.jpg\",\"width\":2500,\"height\":2500},{\"@type\":\"BreadcrumbList\",\"@id\":\"https:\\\/\\\/autorival.ro\\\/peug\\\/product\\\/placute-frana-peugeot-bipper-aa_-1-4-hdi-diesel-68-cai-krottendorf-kro1654\\\/#breadcrumb\",\"itemListElement\":[{\"@type\":\"ListItem\",\"position\":1,\"name\":\"Prima pagin\u0103\",\"item\":\"https:\\\/\\\/autorival.ro\\\/peug\\\/\"},{\"@type\":\"ListItem\",\"position\":2,\"name\":\"Piese auto POEUGET\",\"item\":\"https:\\\/\\\/autorival.ro\\\/peug\\\/\"},{\"@type\":\"ListItem\",\"position\":3,\"name\":\"Placute frana PEUGEOT BIPPER (AA_) 1.4 HDi diesel 68 cai KROTTENDORF KRO1654\"}]},{\"@type\":\"WebSite\",\"@id\":\"https:\\\/\\\/autorival.ro\\\/peug\\\/#website\",\"url\":\"https:\\\/\\\/autorival.ro\\\/peug\\\/\",\"name\":\"PEOUGET\",\"description\":\"\",\"potentialAction\":[{\"@type\":\"SearchAction\",\"target\":{\"@type\":\"EntryPoint\",\"urlTemplate\":\"https:\\\/\\\/autorival.ro\\\/peug\\\/?s={search_term_string}\"},\"query-input\":{\"@type\":\"PropertyValueSpecification\",\"valueRequired\":true,\"valueName\":\"search_term_string\"}}],\"inLanguage\":\"en-US\"}]}<\/script>\n<!-- \/ Yoast SEO plugin. -->","yoast_head_json":{"title":"Placute frana PEUGEOT BIPPER (AA_) 1.4 HDi diesel 68 cai KROTTENDORF KRO1654 PEOUGET | KROTTENDORF - Autorival","description":"\u26a1 Placute frana PEUGEOT BIPPER (AA_) 1.4 HDi diesel 68 cai KROTTENDORF KRO1654 pentru PEOUGET. \u2713 Cod: KRO1654 \u2713 Brand: KROTTENDORF \u2713 \u00cen stoc \u2713 Livrare 24h \u2713 Garan\u021bie!","robots":{"index":"index","follow":"follow","max-snippet":"max-snippet:-1","max-image-preview":"max-image-preview:large","max-video-preview":"max-video-preview:-1"},"og_locale":"en_US","og_type":"article","og_title":"Placute frana PEUGEOT BIPPER (AA_) 1.4 HDi diesel 68 cai KROTTENDORF KRO1654 PEOUGET | KROTTENDORF - Autorival","og_description":"\u26a1 Placute frana PEUGEOT BIPPER (AA_) 1.4 HDi diesel 68 cai KROTTENDORF KRO1654 pentru PEOUGET. \u2713 Cod: KRO1654 \u2713 Brand: KROTTENDORF \u2713 \u00cen stoc \u2713 Livrare 24h \u2713 Garan\u021bie!","og_url":"https:\/\/autorival.ro\/peug\/product\/placute-frana-peugeot-bipper-aa_-1-4-hdi-diesel-68-cai-krottendorf-kro1654\/","og_site_name":"PEOUGET","og_image":[{"width":2500,"height":2500,"url":"https:\/\/autorival.ro\/peug\/wp-content\/uploads\/sites\/22\/2025\/07\/5334059.jpg","type":"image\/jpeg"}],"twitter_card":"summary_large_image","twitter_title":"Placute frana PEUGEOT BIPPER (AA_) 1.4 HDi diesel 68 cai KROTTENDORF KRO1654 PEOUGET | KROTTENDORF - Autorival","twitter_description":"\u26a1 Placute frana PEUGEOT BIPPER (AA_) 1.4 HDi diesel 68 cai KROTTENDORF KRO1654 pentru PEOUGET. \u2713 Cod: KRO1654 \u2713 Brand: KROTTENDORF \u2713 \u00cen stoc \u2713 Livrare 24h \u2713 Garan\u021bie!","schema":{"@context":"https:\/\/schema.org","@graph":[{"@type":"WebPage","@id":"https:\/\/autorival.ro\/peug\/product\/placute-frana-peugeot-bipper-aa_-1-4-hdi-diesel-68-cai-krottendorf-kro1654\/","url":"https:\/\/autorival.ro\/peug\/product\/placute-frana-peugeot-bipper-aa_-1-4-hdi-diesel-68-cai-krottendorf-kro1654\/","name":"Placute frana PEUGEOT BIPPER (AA_) 1.4 HDi diesel 68 cai KROTTENDORF KRO1654 PEOUGET | KROTTENDORF - Autorival","isPartOf":{"@id":"https:\/\/autorival.ro\/peug\/#website"},"primaryImageOfPage":{"@id":"https:\/\/autorival.ro\/peug\/product\/placute-frana-peugeot-bipper-aa_-1-4-hdi-diesel-68-cai-krottendorf-kro1654\/#primaryimage"},"image":{"@id":"https:\/\/autorival.ro\/peug\/product\/placute-frana-peugeot-bipper-aa_-1-4-hdi-diesel-68-cai-krottendorf-kro1654\/#primaryimage"},"thumbnailUrl":"https:\/\/autorival.ro\/peug\/wp-content\/uploads\/sites\/22\/2025\/07\/5334059.jpg","datePublished":"2025-07-20T00:50:59+00:00","description":"\u26a1 Placute frana PEUGEOT BIPPER (AA_) 1.4 HDi diesel 68 cai KROTTENDORF KRO1654 pentru PEOUGET. \u2713 Cod: KRO1654 \u2713 Brand: KROTTENDORF \u2713 \u00cen stoc \u2713 Livrare 24h \u2713 Garan\u021bie!","breadcrumb":{"@id":"https:\/\/autorival.ro\/peug\/product\/placute-frana-peugeot-bipper-aa_-1-4-hdi-diesel-68-cai-krottendorf-kro1654\/#breadcrumb"},"inLanguage":"en-US","potentialAction":[{"@type":"ReadAction","target":["https:\/\/autorival.ro\/peug\/product\/placute-frana-peugeot-bipper-aa_-1-4-hdi-diesel-68-cai-krottendorf-kro1654\/"]}]},{"@type":"ImageObject","inLanguage":"en-US","@id":"https:\/\/autorival.ro\/peug\/product\/placute-frana-peugeot-bipper-aa_-1-4-hdi-diesel-68-cai-krottendorf-kro1654\/#primaryimage","url":"https:\/\/autorival.ro\/peug\/wp-content\/uploads\/sites\/22\/2025\/07\/5334059.jpg","contentUrl":"https:\/\/autorival.ro\/peug\/wp-content\/uploads\/sites\/22\/2025\/07\/5334059.jpg","width":2500,"height":2500},{"@type":"BreadcrumbList","@id":"https:\/\/autorival.ro\/peug\/product\/placute-frana-peugeot-bipper-aa_-1-4-hdi-diesel-68-cai-krottendorf-kro1654\/#breadcrumb","itemListElement":[{"@type":"ListItem","position":1,"name":"Prima pagin\u0103","item":"https:\/\/autorival.ro\/peug\/"},{"@type":"ListItem","position":2,"name":"Piese auto POEUGET","item":"https:\/\/autorival.ro\/peug\/"},{"@type":"ListItem","position":3,"name":"Placute frana PEUGEOT BIPPER (AA_) 1.4 HDi diesel 68 cai KROTTENDORF KRO1654"}]},{"@type":"WebSite","@id":"https:\/\/autorival.ro\/peug\/#website","url":"https:\/\/autorival.ro\/peug\/","name":"PEOUGET","description":"","potentialAction":[{"@type":"SearchAction","target":{"@type":"EntryPoint","urlTemplate":"https:\/\/autorival.ro\/peug\/?s={search_term_string}"},"query-input":{"@type":"PropertyValueSpecification","valueRequired":true,"valueName":"search_term_string"}}],"inLanguage":"en-US"}]}},"_links":{"self":[{"href":"https:\/\/autorival.ro\/peug\/wp-json\/wp\/v2\/product\/317523","targetHints":{"allow":["GET"]}}],"collection":[{"href":"https:\/\/autorival.ro\/peug\/wp-json\/wp\/v2\/product"}],"about":[{"href":"https:\/\/autorival.ro\/peug\/wp-json\/wp\/v2\/types\/product"}],"replies":[{"embeddable":true,"href":"https:\/\/autorival.ro\/peug\/wp-json\/wp\/v2\/comments?post=317523"}],"wp:featuredmedia":[{"embeddable":true,"href":"https:\/\/autorival.ro\/peug\/wp-json\/wp\/v2\/media\/317524"}],"wp:attachment":[{"href":"https:\/\/autorival.ro\/peug\/wp-json\/wp\/v2\/media?parent=317523"}],"wp:term":[{"taxonomy":"product_brand","embeddable":true,"href":"https:\/\/autorival.ro\/peug\/wp-json\/wp\/v2\/product_brand?post=317523"},{"taxonomy":"product_cat","embeddable":true,"href":"https:\/\/autorival.ro\/peug\/wp-json\/wp\/v2\/product_cat?post=317523"},{"taxonomy":"product_tag","embeddable":true,"href":"https:\/\/autorival.ro\/peug\/wp-json\/wp\/v2\/product_tag?post=317523"}],"curies":[{"name":"wp","href":"https:\/\/api.w.org\/{rel}","templated":true}]}}