{"id":170991,"date":"2025-07-18T02:38:37","date_gmt":"2025-07-18T02:38:37","guid":{"rendered":"https:\/\/autorival.ro\/peug\/product\/cupla-magnetica-climatizare-peugeot-rifter-1-2-puretech-130-benzina-131-cai-maxgear-ac130204\/"},"modified":"2025-07-18T02:38:37","modified_gmt":"2025-07-18T02:38:37","slug":"cupla-magnetica-climatizare-peugeot-rifter-1-2-puretech-130-benzina-131-cai-maxgear-ac130204","status":"publish","type":"product","link":"https:\/\/autorival.ro\/peug\/product\/cupla-magnetica-climatizare-peugeot-rifter-1-2-puretech-130-benzina-131-cai-maxgear-ac130204\/","title":{"rendered":"Cupla magnetica climatizare PEUGEOT RIFTER 1.2 PureTech 130 benzina 131 cai MAXGEAR AC130204"},"content":{"rendered":"<p>Restrictiile producatorului: GENUINE DENSOID compresor: 5SELNumar de striatii: 6Fulie curea \u00d8 [mm]: 109\u00cen\u0103l\u021bime rulment de debreiere [mm]: 12<\/p>\n","protected":false},"excerpt":{"rendered":"<p>Producator: MAXGEAR Cod producator: AC130204<\/p>\n","protected":false},"featured_media":170992,"comment_status":"open","ping_status":"closed","template":"","meta":[],"product_brand":[620],"product_cat":[10453],"product_tag":[],"class_list":{"0":"post-170991","1":"product","2":"type-product","3":"status-publish","4":"has-post-thumbnail","6":"product_brand-maxgear","7":"product_cat-cupla-magnetica-climatizare-1-2-puretech-130-benzina-131","9":"first","10":"instock","11":"shipping-taxable","12":"purchasable","13":"product-type-simple"},"yoast_head":"<!-- This site is optimized with the Yoast SEO plugin v27.3 - https:\/\/yoast.com\/product\/yoast-seo-wordpress\/ -->\n<title>Cupla magnetica climatizare PEUGEOT RIFTER 1.2 PureTech 130 benzina 131 cai MAXGEAR AC130204 PEOUGET | MAXGEAR - Autorival<\/title>\n<meta name=\"description\" content=\"\u26a1 Cupla magnetica climatizare PEUGEOT RIFTER 1.2 PureTech 130 benzina 131 cai MAXGEAR AC130204 pentru PEOUGET. \u2713 Cod: AC130204 \u2713 Brand: MAXGEAR \u2713 \u00cen stoc \u2713 Livrare 24h \u2713 Garan\u021bie!\" \/>\n<meta name=\"robots\" content=\"index, follow, max-snippet:-1, max-image-preview:large, max-video-preview:-1\" \/>\n<meta property=\"og:locale\" content=\"en_US\" \/>\n<meta property=\"og:type\" content=\"article\" \/>\n<meta property=\"og:title\" content=\"Cupla magnetica climatizare PEUGEOT RIFTER 1.2 PureTech 130 benzina 131 cai MAXGEAR AC130204 PEOUGET | MAXGEAR - Autorival\" \/>\n<meta property=\"og:description\" content=\"\u26a1 Cupla magnetica climatizare PEUGEOT RIFTER 1.2 PureTech 130 benzina 131 cai MAXGEAR AC130204 pentru PEOUGET. \u2713 Cod: AC130204 \u2713 Brand: MAXGEAR \u2713 \u00cen stoc \u2713 Livrare 24h \u2713 Garan\u021bie!\" \/>\n<meta property=\"og:url\" content=\"https:\/\/autorival.ro\/peug\/product\/cupla-magnetica-climatizare-peugeot-rifter-1-2-puretech-130-benzina-131-cai-maxgear-ac130204\/\" \/>\n<meta property=\"og:site_name\" content=\"PEOUGET\" \/>\n<meta property=\"og:image\" content=\"https:\/\/autorival.ro\/peug\/wp-content\/uploads\/sites\/22\/2025\/07\/ac130204_1_large.jpg\" \/>\n\t<meta property=\"og:image:width\" content=\"561\" \/>\n\t<meta property=\"og:image:height\" content=\"400\" \/>\n\t<meta property=\"og:image:type\" content=\"image\/jpeg\" \/>\n<meta name=\"twitter:card\" content=\"summary_large_image\" \/>\n<meta name=\"twitter:title\" content=\"Cupla magnetica climatizare PEUGEOT RIFTER 1.2 PureTech 130 benzina 131 cai MAXGEAR AC130204 PEOUGET | MAXGEAR - Autorival\" \/>\n<meta name=\"twitter:description\" content=\"\u26a1 Cupla magnetica climatizare PEUGEOT RIFTER 1.2 PureTech 130 benzina 131 cai MAXGEAR AC130204 pentru PEOUGET. \u2713 Cod: AC130204 \u2713 Brand: MAXGEAR \u2713 \u00cen stoc \u2713 Livrare 24h \u2713 Garan\u021bie!\" \/>\n<script type=\"application\/ld+json\" class=\"yoast-schema-graph\">{\"@context\":\"https:\\\/\\\/schema.org\",\"@graph\":[{\"@type\":\"WebPage\",\"@id\":\"https:\\\/\\\/autorival.ro\\\/peug\\\/product\\\/cupla-magnetica-climatizare-peugeot-rifter-1-2-puretech-130-benzina-131-cai-maxgear-ac130204\\\/\",\"url\":\"https:\\\/\\\/autorival.ro\\\/peug\\\/product\\\/cupla-magnetica-climatizare-peugeot-rifter-1-2-puretech-130-benzina-131-cai-maxgear-ac130204\\\/\",\"name\":\"Cupla magnetica climatizare PEUGEOT RIFTER 1.2 PureTech 130 benzina 131 cai MAXGEAR AC130204 PEOUGET | MAXGEAR - Autorival\",\"isPartOf\":{\"@id\":\"https:\\\/\\\/autorival.ro\\\/peug\\\/#website\"},\"primaryImageOfPage\":{\"@id\":\"https:\\\/\\\/autorival.ro\\\/peug\\\/product\\\/cupla-magnetica-climatizare-peugeot-rifter-1-2-puretech-130-benzina-131-cai-maxgear-ac130204\\\/#primaryimage\"},\"image\":{\"@id\":\"https:\\\/\\\/autorival.ro\\\/peug\\\/product\\\/cupla-magnetica-climatizare-peugeot-rifter-1-2-puretech-130-benzina-131-cai-maxgear-ac130204\\\/#primaryimage\"},\"thumbnailUrl\":\"https:\\\/\\\/autorival.ro\\\/peug\\\/wp-content\\\/uploads\\\/sites\\\/22\\\/2025\\\/07\\\/ac130204_1_large.jpg\",\"datePublished\":\"2025-07-18T02:38:37+00:00\",\"description\":\"\u26a1 Cupla magnetica climatizare PEUGEOT RIFTER 1.2 PureTech 130 benzina 131 cai MAXGEAR AC130204 pentru PEOUGET. \u2713 Cod: AC130204 \u2713 Brand: MAXGEAR \u2713 \u00cen stoc \u2713 Livrare 24h \u2713 Garan\u021bie!\",\"breadcrumb\":{\"@id\":\"https:\\\/\\\/autorival.ro\\\/peug\\\/product\\\/cupla-magnetica-climatizare-peugeot-rifter-1-2-puretech-130-benzina-131-cai-maxgear-ac130204\\\/#breadcrumb\"},\"inLanguage\":\"en-US\",\"potentialAction\":[{\"@type\":\"ReadAction\",\"target\":[\"https:\\\/\\\/autorival.ro\\\/peug\\\/product\\\/cupla-magnetica-climatizare-peugeot-rifter-1-2-puretech-130-benzina-131-cai-maxgear-ac130204\\\/\"]}]},{\"@type\":\"ImageObject\",\"inLanguage\":\"en-US\",\"@id\":\"https:\\\/\\\/autorival.ro\\\/peug\\\/product\\\/cupla-magnetica-climatizare-peugeot-rifter-1-2-puretech-130-benzina-131-cai-maxgear-ac130204\\\/#primaryimage\",\"url\":\"https:\\\/\\\/autorival.ro\\\/peug\\\/wp-content\\\/uploads\\\/sites\\\/22\\\/2025\\\/07\\\/ac130204_1_large.jpg\",\"contentUrl\":\"https:\\\/\\\/autorival.ro\\\/peug\\\/wp-content\\\/uploads\\\/sites\\\/22\\\/2025\\\/07\\\/ac130204_1_large.jpg\",\"width\":561,\"height\":400},{\"@type\":\"BreadcrumbList\",\"@id\":\"https:\\\/\\\/autorival.ro\\\/peug\\\/product\\\/cupla-magnetica-climatizare-peugeot-rifter-1-2-puretech-130-benzina-131-cai-maxgear-ac130204\\\/#breadcrumb\",\"itemListElement\":[{\"@type\":\"ListItem\",\"position\":1,\"name\":\"Prima pagin\u0103\",\"item\":\"https:\\\/\\\/autorival.ro\\\/peug\\\/\"},{\"@type\":\"ListItem\",\"position\":2,\"name\":\"Piese auto POEUGET\",\"item\":\"https:\\\/\\\/autorival.ro\\\/peug\\\/\"},{\"@type\":\"ListItem\",\"position\":3,\"name\":\"Cupla magnetica climatizare PEUGEOT RIFTER 1.2 PureTech 130 benzina 131 cai MAXGEAR AC130204\"}]},{\"@type\":\"WebSite\",\"@id\":\"https:\\\/\\\/autorival.ro\\\/peug\\\/#website\",\"url\":\"https:\\\/\\\/autorival.ro\\\/peug\\\/\",\"name\":\"PEOUGET\",\"description\":\"\",\"potentialAction\":[{\"@type\":\"SearchAction\",\"target\":{\"@type\":\"EntryPoint\",\"urlTemplate\":\"https:\\\/\\\/autorival.ro\\\/peug\\\/?s={search_term_string}\"},\"query-input\":{\"@type\":\"PropertyValueSpecification\",\"valueRequired\":true,\"valueName\":\"search_term_string\"}}],\"inLanguage\":\"en-US\"}]}<\/script>\n<!-- \/ Yoast SEO plugin. -->","yoast_head_json":{"title":"Cupla magnetica climatizare PEUGEOT RIFTER 1.2 PureTech 130 benzina 131 cai MAXGEAR AC130204 PEOUGET | MAXGEAR - Autorival","description":"\u26a1 Cupla magnetica climatizare PEUGEOT RIFTER 1.2 PureTech 130 benzina 131 cai MAXGEAR AC130204 pentru PEOUGET. \u2713 Cod: AC130204 \u2713 Brand: MAXGEAR \u2713 \u00cen stoc \u2713 Livrare 24h \u2713 Garan\u021bie!","robots":{"index":"index","follow":"follow","max-snippet":"max-snippet:-1","max-image-preview":"max-image-preview:large","max-video-preview":"max-video-preview:-1"},"og_locale":"en_US","og_type":"article","og_title":"Cupla magnetica climatizare PEUGEOT RIFTER 1.2 PureTech 130 benzina 131 cai MAXGEAR AC130204 PEOUGET | MAXGEAR - Autorival","og_description":"\u26a1 Cupla magnetica climatizare PEUGEOT RIFTER 1.2 PureTech 130 benzina 131 cai MAXGEAR AC130204 pentru PEOUGET. \u2713 Cod: AC130204 \u2713 Brand: MAXGEAR \u2713 \u00cen stoc \u2713 Livrare 24h \u2713 Garan\u021bie!","og_url":"https:\/\/autorival.ro\/peug\/product\/cupla-magnetica-climatizare-peugeot-rifter-1-2-puretech-130-benzina-131-cai-maxgear-ac130204\/","og_site_name":"PEOUGET","og_image":[{"width":561,"height":400,"url":"https:\/\/autorival.ro\/peug\/wp-content\/uploads\/sites\/22\/2025\/07\/ac130204_1_large.jpg","type":"image\/jpeg"}],"twitter_card":"summary_large_image","twitter_title":"Cupla magnetica climatizare PEUGEOT RIFTER 1.2 PureTech 130 benzina 131 cai MAXGEAR AC130204 PEOUGET | MAXGEAR - Autorival","twitter_description":"\u26a1 Cupla magnetica climatizare PEUGEOT RIFTER 1.2 PureTech 130 benzina 131 cai MAXGEAR AC130204 pentru PEOUGET. \u2713 Cod: AC130204 \u2713 Brand: MAXGEAR \u2713 \u00cen stoc \u2713 Livrare 24h \u2713 Garan\u021bie!","schema":{"@context":"https:\/\/schema.org","@graph":[{"@type":"WebPage","@id":"https:\/\/autorival.ro\/peug\/product\/cupla-magnetica-climatizare-peugeot-rifter-1-2-puretech-130-benzina-131-cai-maxgear-ac130204\/","url":"https:\/\/autorival.ro\/peug\/product\/cupla-magnetica-climatizare-peugeot-rifter-1-2-puretech-130-benzina-131-cai-maxgear-ac130204\/","name":"Cupla magnetica climatizare PEUGEOT RIFTER 1.2 PureTech 130 benzina 131 cai MAXGEAR AC130204 PEOUGET | MAXGEAR - Autorival","isPartOf":{"@id":"https:\/\/autorival.ro\/peug\/#website"},"primaryImageOfPage":{"@id":"https:\/\/autorival.ro\/peug\/product\/cupla-magnetica-climatizare-peugeot-rifter-1-2-puretech-130-benzina-131-cai-maxgear-ac130204\/#primaryimage"},"image":{"@id":"https:\/\/autorival.ro\/peug\/product\/cupla-magnetica-climatizare-peugeot-rifter-1-2-puretech-130-benzina-131-cai-maxgear-ac130204\/#primaryimage"},"thumbnailUrl":"https:\/\/autorival.ro\/peug\/wp-content\/uploads\/sites\/22\/2025\/07\/ac130204_1_large.jpg","datePublished":"2025-07-18T02:38:37+00:00","description":"\u26a1 Cupla magnetica climatizare PEUGEOT RIFTER 1.2 PureTech 130 benzina 131 cai MAXGEAR AC130204 pentru PEOUGET. \u2713 Cod: AC130204 \u2713 Brand: MAXGEAR \u2713 \u00cen stoc \u2713 Livrare 24h \u2713 Garan\u021bie!","breadcrumb":{"@id":"https:\/\/autorival.ro\/peug\/product\/cupla-magnetica-climatizare-peugeot-rifter-1-2-puretech-130-benzina-131-cai-maxgear-ac130204\/#breadcrumb"},"inLanguage":"en-US","potentialAction":[{"@type":"ReadAction","target":["https:\/\/autorival.ro\/peug\/product\/cupla-magnetica-climatizare-peugeot-rifter-1-2-puretech-130-benzina-131-cai-maxgear-ac130204\/"]}]},{"@type":"ImageObject","inLanguage":"en-US","@id":"https:\/\/autorival.ro\/peug\/product\/cupla-magnetica-climatizare-peugeot-rifter-1-2-puretech-130-benzina-131-cai-maxgear-ac130204\/#primaryimage","url":"https:\/\/autorival.ro\/peug\/wp-content\/uploads\/sites\/22\/2025\/07\/ac130204_1_large.jpg","contentUrl":"https:\/\/autorival.ro\/peug\/wp-content\/uploads\/sites\/22\/2025\/07\/ac130204_1_large.jpg","width":561,"height":400},{"@type":"BreadcrumbList","@id":"https:\/\/autorival.ro\/peug\/product\/cupla-magnetica-climatizare-peugeot-rifter-1-2-puretech-130-benzina-131-cai-maxgear-ac130204\/#breadcrumb","itemListElement":[{"@type":"ListItem","position":1,"name":"Prima pagin\u0103","item":"https:\/\/autorival.ro\/peug\/"},{"@type":"ListItem","position":2,"name":"Piese auto POEUGET","item":"https:\/\/autorival.ro\/peug\/"},{"@type":"ListItem","position":3,"name":"Cupla magnetica climatizare PEUGEOT RIFTER 1.2 PureTech 130 benzina 131 cai MAXGEAR AC130204"}]},{"@type":"WebSite","@id":"https:\/\/autorival.ro\/peug\/#website","url":"https:\/\/autorival.ro\/peug\/","name":"PEOUGET","description":"","potentialAction":[{"@type":"SearchAction","target":{"@type":"EntryPoint","urlTemplate":"https:\/\/autorival.ro\/peug\/?s={search_term_string}"},"query-input":{"@type":"PropertyValueSpecification","valueRequired":true,"valueName":"search_term_string"}}],"inLanguage":"en-US"}]}},"_links":{"self":[{"href":"https:\/\/autorival.ro\/peug\/wp-json\/wp\/v2\/product\/170991","targetHints":{"allow":["GET"]}}],"collection":[{"href":"https:\/\/autorival.ro\/peug\/wp-json\/wp\/v2\/product"}],"about":[{"href":"https:\/\/autorival.ro\/peug\/wp-json\/wp\/v2\/types\/product"}],"replies":[{"embeddable":true,"href":"https:\/\/autorival.ro\/peug\/wp-json\/wp\/v2\/comments?post=170991"}],"wp:featuredmedia":[{"embeddable":true,"href":"https:\/\/autorival.ro\/peug\/wp-json\/wp\/v2\/media\/170992"}],"wp:attachment":[{"href":"https:\/\/autorival.ro\/peug\/wp-json\/wp\/v2\/media?parent=170991"}],"wp:term":[{"taxonomy":"product_brand","embeddable":true,"href":"https:\/\/autorival.ro\/peug\/wp-json\/wp\/v2\/product_brand?post=170991"},{"taxonomy":"product_cat","embeddable":true,"href":"https:\/\/autorival.ro\/peug\/wp-json\/wp\/v2\/product_cat?post=170991"},{"taxonomy":"product_tag","embeddable":true,"href":"https:\/\/autorival.ro\/peug\/wp-json\/wp\/v2\/product_tag?post=170991"}],"curies":[{"name":"wp","href":"https:\/\/api.w.org\/{rel}","templated":true}]}}