{"id":123513,"date":"2025-07-17T18:16:58","date_gmt":"2025-07-17T18:16:58","guid":{"rendered":"https:\/\/autorival.ro\/peug\/product\/compresor-climatizare-peugeot-rifter-1-5-bluehdi-75-ecyhw-diesel-75-cai-van-wezel-0901k725\/"},"modified":"2025-07-17T18:16:58","modified_gmt":"2025-07-17T18:16:58","slug":"compresor-climatizare-peugeot-rifter-1-5-bluehdi-75-ecyhw-diesel-75-cai-van-wezel-0901k725","status":"publish","type":"product","link":"https:\/\/autorival.ro\/peug\/product\/compresor-climatizare-peugeot-rifter-1-5-bluehdi-75-ecyhw-diesel-75-cai-van-wezel-0901k725\/","title":{"rendered":"Compresor climatizare PEUGEOT RIFTER 1.5 BlueHDi 75 (ECYHW) diesel 75 cai VAN WEZEL 0901K725"},"content":{"rendered":"<p>An fabricatie de la: 201912Restrictiile producatorului: Type SandenFulie curea \u00d8 [mm]: 110Tensiune [V]: 12Num\u0103rul conexiunilor cu muf\u0103: 2 ->Diametru admisie [mm]: 20,7 ->Diametru evacuare [mm]: 14,2Cantitate umplere ulei [ml]: 120Role: cuNumar de striatii: 6Ulei de compresor: PAG 46 SP-A2Agent frigorific: R 1234yf, R 134aTip centura de siguranta: fixare \u00een trei puncteForma carcasa stecher: Unghiularincarcat partial<\/p>\n","protected":false},"excerpt":{"rendered":"<p>Producator: VAN WEZEL Cod producator: 0901K725<\/p>\n","protected":false},"featured_media":123514,"comment_status":"open","ping_status":"closed","template":"","meta":[],"product_brand":[18],"product_cat":[5258],"product_tag":[],"class_list":{"0":"post-123513","1":"product","2":"type-product","3":"status-publish","4":"has-post-thumbnail","6":"product_brand-van-wezel","7":"product_cat-compresor-climatizare-1-5-bluehdi-75-ecyhw-diesel-75","9":"first","10":"instock","11":"shipping-taxable","12":"purchasable","13":"product-type-simple"},"yoast_head":"<!-- This site is optimized with the Yoast SEO plugin v27.3 - https:\/\/yoast.com\/product\/yoast-seo-wordpress\/ -->\n<title>Compresor climatizare PEUGEOT RIFTER 1.5 BlueHDi 75 (ECYHW) diesel 75 cai VAN WEZEL 0901K725 PEOUGET | VAN - Autorival<\/title>\n<meta name=\"description\" content=\"\u26a1 Compresor climatizare PEUGEOT RIFTER 1.5 BlueHDi 75 (ECYHW) diesel 75 cai VAN WEZEL 0901K725 pentru PEOUGET. \u2713 Cod: 0901K725 \u2713 Brand: VAN \u2713 \u00cen stoc \u2713 Livrare 24h \u2713 Garan\u021bie!\" \/>\n<meta name=\"robots\" content=\"index, follow, max-snippet:-1, max-image-preview:large, max-video-preview:-1\" \/>\n<meta property=\"og:locale\" content=\"en_US\" \/>\n<meta property=\"og:type\" content=\"article\" \/>\n<meta property=\"og:title\" content=\"Compresor climatizare PEUGEOT RIFTER 1.5 BlueHDi 75 (ECYHW) diesel 75 cai VAN WEZEL 0901K725 PEOUGET | VAN - Autorival\" \/>\n<meta property=\"og:description\" content=\"\u26a1 Compresor climatizare PEUGEOT RIFTER 1.5 BlueHDi 75 (ECYHW) diesel 75 cai VAN WEZEL 0901K725 pentru PEOUGET. \u2713 Cod: 0901K725 \u2713 Brand: VAN \u2713 \u00cen stoc \u2713 Livrare 24h \u2713 Garan\u021bie!\" \/>\n<meta property=\"og:url\" content=\"https:\/\/autorival.ro\/peug\/product\/compresor-climatizare-peugeot-rifter-1-5-bluehdi-75-ecyhw-diesel-75-cai-van-wezel-0901k725\/\" \/>\n<meta property=\"og:site_name\" content=\"PEOUGET\" \/>\n<meta property=\"og:image\" content=\"https:\/\/autorival.ro\/peug\/wp-content\/uploads\/sites\/22\/2025\/07\/a0901k725-11.jpg\" \/>\n\t<meta property=\"og:image:width\" content=\"400\" \/>\n\t<meta property=\"og:image:height\" content=\"280\" \/>\n\t<meta property=\"og:image:type\" content=\"image\/jpeg\" \/>\n<meta name=\"twitter:card\" content=\"summary_large_image\" \/>\n<meta name=\"twitter:title\" content=\"Compresor climatizare PEUGEOT RIFTER 1.5 BlueHDi 75 (ECYHW) diesel 75 cai VAN WEZEL 0901K725 PEOUGET | VAN - Autorival\" \/>\n<meta name=\"twitter:description\" content=\"\u26a1 Compresor climatizare PEUGEOT RIFTER 1.5 BlueHDi 75 (ECYHW) diesel 75 cai VAN WEZEL 0901K725 pentru PEOUGET. \u2713 Cod: 0901K725 \u2713 Brand: VAN \u2713 \u00cen stoc \u2713 Livrare 24h \u2713 Garan\u021bie!\" \/>\n<script type=\"application\/ld+json\" class=\"yoast-schema-graph\">{\"@context\":\"https:\\\/\\\/schema.org\",\"@graph\":[{\"@type\":\"WebPage\",\"@id\":\"https:\\\/\\\/autorival.ro\\\/peug\\\/product\\\/compresor-climatizare-peugeot-rifter-1-5-bluehdi-75-ecyhw-diesel-75-cai-van-wezel-0901k725\\\/\",\"url\":\"https:\\\/\\\/autorival.ro\\\/peug\\\/product\\\/compresor-climatizare-peugeot-rifter-1-5-bluehdi-75-ecyhw-diesel-75-cai-van-wezel-0901k725\\\/\",\"name\":\"Compresor climatizare PEUGEOT RIFTER 1.5 BlueHDi 75 (ECYHW) diesel 75 cai VAN WEZEL 0901K725 PEOUGET | VAN - Autorival\",\"isPartOf\":{\"@id\":\"https:\\\/\\\/autorival.ro\\\/peug\\\/#website\"},\"primaryImageOfPage\":{\"@id\":\"https:\\\/\\\/autorival.ro\\\/peug\\\/product\\\/compresor-climatizare-peugeot-rifter-1-5-bluehdi-75-ecyhw-diesel-75-cai-van-wezel-0901k725\\\/#primaryimage\"},\"image\":{\"@id\":\"https:\\\/\\\/autorival.ro\\\/peug\\\/product\\\/compresor-climatizare-peugeot-rifter-1-5-bluehdi-75-ecyhw-diesel-75-cai-van-wezel-0901k725\\\/#primaryimage\"},\"thumbnailUrl\":\"https:\\\/\\\/autorival.ro\\\/peug\\\/wp-content\\\/uploads\\\/sites\\\/22\\\/2025\\\/07\\\/a0901k725-11.jpg\",\"datePublished\":\"2025-07-17T18:16:58+00:00\",\"description\":\"\u26a1 Compresor climatizare PEUGEOT RIFTER 1.5 BlueHDi 75 (ECYHW) diesel 75 cai VAN WEZEL 0901K725 pentru PEOUGET. \u2713 Cod: 0901K725 \u2713 Brand: VAN \u2713 \u00cen stoc \u2713 Livrare 24h \u2713 Garan\u021bie!\",\"breadcrumb\":{\"@id\":\"https:\\\/\\\/autorival.ro\\\/peug\\\/product\\\/compresor-climatizare-peugeot-rifter-1-5-bluehdi-75-ecyhw-diesel-75-cai-van-wezel-0901k725\\\/#breadcrumb\"},\"inLanguage\":\"en-US\",\"potentialAction\":[{\"@type\":\"ReadAction\",\"target\":[\"https:\\\/\\\/autorival.ro\\\/peug\\\/product\\\/compresor-climatizare-peugeot-rifter-1-5-bluehdi-75-ecyhw-diesel-75-cai-van-wezel-0901k725\\\/\"]}]},{\"@type\":\"ImageObject\",\"inLanguage\":\"en-US\",\"@id\":\"https:\\\/\\\/autorival.ro\\\/peug\\\/product\\\/compresor-climatizare-peugeot-rifter-1-5-bluehdi-75-ecyhw-diesel-75-cai-van-wezel-0901k725\\\/#primaryimage\",\"url\":\"https:\\\/\\\/autorival.ro\\\/peug\\\/wp-content\\\/uploads\\\/sites\\\/22\\\/2025\\\/07\\\/a0901k725-11.jpg\",\"contentUrl\":\"https:\\\/\\\/autorival.ro\\\/peug\\\/wp-content\\\/uploads\\\/sites\\\/22\\\/2025\\\/07\\\/a0901k725-11.jpg\",\"width\":400,\"height\":280},{\"@type\":\"BreadcrumbList\",\"@id\":\"https:\\\/\\\/autorival.ro\\\/peug\\\/product\\\/compresor-climatizare-peugeot-rifter-1-5-bluehdi-75-ecyhw-diesel-75-cai-van-wezel-0901k725\\\/#breadcrumb\",\"itemListElement\":[{\"@type\":\"ListItem\",\"position\":1,\"name\":\"Prima pagin\u0103\",\"item\":\"https:\\\/\\\/autorival.ro\\\/peug\\\/\"},{\"@type\":\"ListItem\",\"position\":2,\"name\":\"Piese auto POEUGET\",\"item\":\"https:\\\/\\\/autorival.ro\\\/peug\\\/\"},{\"@type\":\"ListItem\",\"position\":3,\"name\":\"Compresor climatizare PEUGEOT RIFTER 1.5 BlueHDi 75 (ECYHW) diesel 75 cai VAN WEZEL 0901K725\"}]},{\"@type\":\"WebSite\",\"@id\":\"https:\\\/\\\/autorival.ro\\\/peug\\\/#website\",\"url\":\"https:\\\/\\\/autorival.ro\\\/peug\\\/\",\"name\":\"PEOUGET\",\"description\":\"\",\"potentialAction\":[{\"@type\":\"SearchAction\",\"target\":{\"@type\":\"EntryPoint\",\"urlTemplate\":\"https:\\\/\\\/autorival.ro\\\/peug\\\/?s={search_term_string}\"},\"query-input\":{\"@type\":\"PropertyValueSpecification\",\"valueRequired\":true,\"valueName\":\"search_term_string\"}}],\"inLanguage\":\"en-US\"}]}<\/script>\n<!-- \/ Yoast SEO plugin. -->","yoast_head_json":{"title":"Compresor climatizare PEUGEOT RIFTER 1.5 BlueHDi 75 (ECYHW) diesel 75 cai VAN WEZEL 0901K725 PEOUGET | VAN - Autorival","description":"\u26a1 Compresor climatizare PEUGEOT RIFTER 1.5 BlueHDi 75 (ECYHW) diesel 75 cai VAN WEZEL 0901K725 pentru PEOUGET. \u2713 Cod: 0901K725 \u2713 Brand: VAN \u2713 \u00cen stoc \u2713 Livrare 24h \u2713 Garan\u021bie!","robots":{"index":"index","follow":"follow","max-snippet":"max-snippet:-1","max-image-preview":"max-image-preview:large","max-video-preview":"max-video-preview:-1"},"og_locale":"en_US","og_type":"article","og_title":"Compresor climatizare PEUGEOT RIFTER 1.5 BlueHDi 75 (ECYHW) diesel 75 cai VAN WEZEL 0901K725 PEOUGET | VAN - Autorival","og_description":"\u26a1 Compresor climatizare PEUGEOT RIFTER 1.5 BlueHDi 75 (ECYHW) diesel 75 cai VAN WEZEL 0901K725 pentru PEOUGET. \u2713 Cod: 0901K725 \u2713 Brand: VAN \u2713 \u00cen stoc \u2713 Livrare 24h \u2713 Garan\u021bie!","og_url":"https:\/\/autorival.ro\/peug\/product\/compresor-climatizare-peugeot-rifter-1-5-bluehdi-75-ecyhw-diesel-75-cai-van-wezel-0901k725\/","og_site_name":"PEOUGET","og_image":[{"width":400,"height":280,"url":"https:\/\/autorival.ro\/peug\/wp-content\/uploads\/sites\/22\/2025\/07\/a0901k725-11.jpg","type":"image\/jpeg"}],"twitter_card":"summary_large_image","twitter_title":"Compresor climatizare PEUGEOT RIFTER 1.5 BlueHDi 75 (ECYHW) diesel 75 cai VAN WEZEL 0901K725 PEOUGET | VAN - Autorival","twitter_description":"\u26a1 Compresor climatizare PEUGEOT RIFTER 1.5 BlueHDi 75 (ECYHW) diesel 75 cai VAN WEZEL 0901K725 pentru PEOUGET. \u2713 Cod: 0901K725 \u2713 Brand: VAN \u2713 \u00cen stoc \u2713 Livrare 24h \u2713 Garan\u021bie!","schema":{"@context":"https:\/\/schema.org","@graph":[{"@type":"WebPage","@id":"https:\/\/autorival.ro\/peug\/product\/compresor-climatizare-peugeot-rifter-1-5-bluehdi-75-ecyhw-diesel-75-cai-van-wezel-0901k725\/","url":"https:\/\/autorival.ro\/peug\/product\/compresor-climatizare-peugeot-rifter-1-5-bluehdi-75-ecyhw-diesel-75-cai-van-wezel-0901k725\/","name":"Compresor climatizare PEUGEOT RIFTER 1.5 BlueHDi 75 (ECYHW) diesel 75 cai VAN WEZEL 0901K725 PEOUGET | VAN - Autorival","isPartOf":{"@id":"https:\/\/autorival.ro\/peug\/#website"},"primaryImageOfPage":{"@id":"https:\/\/autorival.ro\/peug\/product\/compresor-climatizare-peugeot-rifter-1-5-bluehdi-75-ecyhw-diesel-75-cai-van-wezel-0901k725\/#primaryimage"},"image":{"@id":"https:\/\/autorival.ro\/peug\/product\/compresor-climatizare-peugeot-rifter-1-5-bluehdi-75-ecyhw-diesel-75-cai-van-wezel-0901k725\/#primaryimage"},"thumbnailUrl":"https:\/\/autorival.ro\/peug\/wp-content\/uploads\/sites\/22\/2025\/07\/a0901k725-11.jpg","datePublished":"2025-07-17T18:16:58+00:00","description":"\u26a1 Compresor climatizare PEUGEOT RIFTER 1.5 BlueHDi 75 (ECYHW) diesel 75 cai VAN WEZEL 0901K725 pentru PEOUGET. \u2713 Cod: 0901K725 \u2713 Brand: VAN \u2713 \u00cen stoc \u2713 Livrare 24h \u2713 Garan\u021bie!","breadcrumb":{"@id":"https:\/\/autorival.ro\/peug\/product\/compresor-climatizare-peugeot-rifter-1-5-bluehdi-75-ecyhw-diesel-75-cai-van-wezel-0901k725\/#breadcrumb"},"inLanguage":"en-US","potentialAction":[{"@type":"ReadAction","target":["https:\/\/autorival.ro\/peug\/product\/compresor-climatizare-peugeot-rifter-1-5-bluehdi-75-ecyhw-diesel-75-cai-van-wezel-0901k725\/"]}]},{"@type":"ImageObject","inLanguage":"en-US","@id":"https:\/\/autorival.ro\/peug\/product\/compresor-climatizare-peugeot-rifter-1-5-bluehdi-75-ecyhw-diesel-75-cai-van-wezel-0901k725\/#primaryimage","url":"https:\/\/autorival.ro\/peug\/wp-content\/uploads\/sites\/22\/2025\/07\/a0901k725-11.jpg","contentUrl":"https:\/\/autorival.ro\/peug\/wp-content\/uploads\/sites\/22\/2025\/07\/a0901k725-11.jpg","width":400,"height":280},{"@type":"BreadcrumbList","@id":"https:\/\/autorival.ro\/peug\/product\/compresor-climatizare-peugeot-rifter-1-5-bluehdi-75-ecyhw-diesel-75-cai-van-wezel-0901k725\/#breadcrumb","itemListElement":[{"@type":"ListItem","position":1,"name":"Prima pagin\u0103","item":"https:\/\/autorival.ro\/peug\/"},{"@type":"ListItem","position":2,"name":"Piese auto POEUGET","item":"https:\/\/autorival.ro\/peug\/"},{"@type":"ListItem","position":3,"name":"Compresor climatizare PEUGEOT RIFTER 1.5 BlueHDi 75 (ECYHW) diesel 75 cai VAN WEZEL 0901K725"}]},{"@type":"WebSite","@id":"https:\/\/autorival.ro\/peug\/#website","url":"https:\/\/autorival.ro\/peug\/","name":"PEOUGET","description":"","potentialAction":[{"@type":"SearchAction","target":{"@type":"EntryPoint","urlTemplate":"https:\/\/autorival.ro\/peug\/?s={search_term_string}"},"query-input":{"@type":"PropertyValueSpecification","valueRequired":true,"valueName":"search_term_string"}}],"inLanguage":"en-US"}]}},"_links":{"self":[{"href":"https:\/\/autorival.ro\/peug\/wp-json\/wp\/v2\/product\/123513","targetHints":{"allow":["GET"]}}],"collection":[{"href":"https:\/\/autorival.ro\/peug\/wp-json\/wp\/v2\/product"}],"about":[{"href":"https:\/\/autorival.ro\/peug\/wp-json\/wp\/v2\/types\/product"}],"replies":[{"embeddable":true,"href":"https:\/\/autorival.ro\/peug\/wp-json\/wp\/v2\/comments?post=123513"}],"wp:featuredmedia":[{"embeddable":true,"href":"https:\/\/autorival.ro\/peug\/wp-json\/wp\/v2\/media\/123514"}],"wp:attachment":[{"href":"https:\/\/autorival.ro\/peug\/wp-json\/wp\/v2\/media?parent=123513"}],"wp:term":[{"taxonomy":"product_brand","embeddable":true,"href":"https:\/\/autorival.ro\/peug\/wp-json\/wp\/v2\/product_brand?post=123513"},{"taxonomy":"product_cat","embeddable":true,"href":"https:\/\/autorival.ro\/peug\/wp-json\/wp\/v2\/product_cat?post=123513"},{"taxonomy":"product_tag","embeddable":true,"href":"https:\/\/autorival.ro\/peug\/wp-json\/wp\/v2\/product_tag?post=123513"}],"curies":[{"name":"wp","href":"https:\/\/api.w.org\/{rel}","templated":true}]}}