{"id":899731,"date":"2025-06-30T22:54:37","date_gmt":"2025-06-30T22:54:37","guid":{"rendered":"https:\/\/autorival.ro\/opel\/product\/set-reparat-cabluri-bujie-incandescenta-opel-combo-tour-1-3-cdti-16v-diesel-75-cai-herth-buss-elparts-51277346\/"},"modified":"2025-06-30T22:54:37","modified_gmt":"2025-06-30T22:54:37","slug":"set-reparat-cabluri-bujie-incandescenta-opel-combo-tour-1-3-cdti-16v-diesel-75-cai-herth-buss-elparts-51277346","status":"publish","type":"product","link":"https:\/\/autorival.ro\/opel\/product\/set-reparat-cabluri-bujie-incandescenta-opel-combo-tour-1-3-cdti-16v-diesel-75-cai-herth-buss-elparts-51277346\/","title":{"rendered":"Set reparat cabluri bujie incandescenta OPEL COMBO Tour 1.3 CDTI 16V diesel 75 cai HERTH BUSS ELPARTS 51277346"},"content":{"rendered":"<p>model drept ->Lungime cablu [mm]: 150Num\u0103rul conexiunilor cu muf\u0103: 1 ->Lungime [mm]: 45Sectiunea cablului [mm\u00c3\u201a\u00c2\u00b2]: 2,5Suprafata de contact: zincatArticol completare\/Info suplimentar 2: cu carcasa stecher, cu legaturaArticol extins\/Informatii de extindere: cu garnituriTemperatura de la [\u00c3\u201a\u00c2\u00b0C]: -25Pana la domeniul de temperatura [\u00c3\u201a\u00c2\u00b0C]: +140Material izolare: SiliconDeconectare carcasa stecher: Carcasa bucsa<\/p>\n","protected":false},"excerpt":{"rendered":"<p>Producator: HERTH BUSS ELPARTS Cod producator: 51277346<\/p>\n","protected":false},"featured_media":899732,"comment_status":"open","ping_status":"closed","template":"","meta":[],"product_brand":[1348],"product_cat":[35537],"product_tag":[43413,43326,43325,43414,43412,43324,44671,44508],"class_list":{"0":"post-899731","1":"product","2":"type-product","3":"status-publish","4":"has-post-thumbnail","6":"product_brand-herth-buss-elparts","7":"product_cat-set-reparat-cabluri-bujie-incandescenta-tour-1-3-cdti-16v-diesel-75","8":"product_tag-buss","9":"product_tag-cdti","10":"product_tag-combo","11":"product_tag-elparts","12":"product_tag-herth","13":"product_tag-opel","14":"product_tag-reparat","15":"product_tag-set","17":"first","18":"instock","19":"shipping-taxable","20":"purchasable","21":"product-type-simple"},"yoast_head":"<!-- This site is optimized with the Yoast SEO plugin v27.4 - https:\/\/yoast.com\/product\/yoast-seo-wordpress\/ -->\n<title>Set reparat cabluri bujie incandescenta OPEL COMBO Tour 1.3 CDTI 16V diesel 75 cai HERTH BUSS ELPARTS 51277346 OPEL | HERTH - Autorival<\/title>\n<meta name=\"description\" content=\"\u26a1 Set reparat cabluri bujie incandescenta OPEL COMBO Tour 1.3 CDTI 16V diesel 75 cai HERTH BUSS ELPARTS 51277346 pentru OPEL la doar 92.89 RON. \u2713 Cod: 51277346 \u2713 Brand: HERTH \u2713 \u00cen stoc \u2713 Livrare 24h \u2713 Garan\u021bie!\" \/>\n<meta name=\"robots\" content=\"index, follow, max-snippet:-1, max-image-preview:large, max-video-preview:-1\" \/>\n<meta property=\"og:locale\" content=\"en_US\" \/>\n<meta property=\"og:type\" content=\"article\" \/>\n<meta property=\"og:title\" content=\"Set reparat cabluri bujie incandescenta OPEL COMBO Tour 1.3 CDTI 16V diesel 75 cai HERTH BUSS ELPARTS 51277346 OPEL | HERTH - Autorival\" \/>\n<meta property=\"og:description\" content=\"\u26a1 Set reparat cabluri bujie incandescenta OPEL COMBO Tour 1.3 CDTI 16V diesel 75 cai HERTH BUSS ELPARTS 51277346 pentru OPEL la doar 92.89 RON. \u2713 Cod: 51277346 \u2713 Brand: HERTH \u2713 \u00cen stoc \u2713 Livrare 24h \u2713 Garan\u021bie!\" \/>\n<meta property=\"og:url\" content=\"https:\/\/autorival.ro\/opel\/product\/set-reparat-cabluri-bujie-incandescenta-opel-combo-tour-1-3-cdti-16v-diesel-75-cai-herth-buss-elparts-51277346\/\" \/>\n<meta property=\"og:site_name\" content=\"OPEL\" \/>\n<meta property=\"og:image\" content=\"https:\/\/autorival.ro\/opel\/wp-content\/uploads\/sites\/21\/2025\/06\/51277346-18.jpg\" \/>\n\t<meta property=\"og:image:width\" content=\"600\" \/>\n\t<meta property=\"og:image:height\" content=\"297\" \/>\n\t<meta property=\"og:image:type\" content=\"image\/jpeg\" \/>\n<meta name=\"twitter:card\" content=\"summary_large_image\" \/>\n<meta name=\"twitter:title\" content=\"Set reparat cabluri bujie incandescenta OPEL COMBO Tour 1.3 CDTI 16V diesel 75 cai HERTH BUSS ELPARTS 51277346 OPEL | HERTH - Autorival\" \/>\n<meta name=\"twitter:description\" content=\"\u26a1 Set reparat cabluri bujie incandescenta OPEL COMBO Tour 1.3 CDTI 16V diesel 75 cai HERTH BUSS ELPARTS 51277346 pentru OPEL la doar 92.89 RON. \u2713 Cod: 51277346 \u2713 Brand: HERTH \u2713 \u00cen stoc \u2713 Livrare 24h \u2713 Garan\u021bie!\" \/>\n<script type=\"application\/ld+json\" class=\"yoast-schema-graph\">{\"@context\":\"https:\\\/\\\/schema.org\",\"@graph\":[{\"@type\":\"WebPage\",\"@id\":\"https:\\\/\\\/autorival.ro\\\/opel\\\/product\\\/set-reparat-cabluri-bujie-incandescenta-opel-combo-tour-1-3-cdti-16v-diesel-75-cai-herth-buss-elparts-51277346\\\/\",\"url\":\"https:\\\/\\\/autorival.ro\\\/opel\\\/product\\\/set-reparat-cabluri-bujie-incandescenta-opel-combo-tour-1-3-cdti-16v-diesel-75-cai-herth-buss-elparts-51277346\\\/\",\"name\":\"Set reparat cabluri bujie incandescenta OPEL COMBO Tour 1.3 CDTI 16V diesel 75 cai HERTH BUSS ELPARTS 51277346 OPEL | HERTH - Autorival\",\"isPartOf\":{\"@id\":\"https:\\\/\\\/autorival.ro\\\/opel\\\/#website\"},\"primaryImageOfPage\":{\"@id\":\"https:\\\/\\\/autorival.ro\\\/opel\\\/product\\\/set-reparat-cabluri-bujie-incandescenta-opel-combo-tour-1-3-cdti-16v-diesel-75-cai-herth-buss-elparts-51277346\\\/#primaryimage\"},\"image\":{\"@id\":\"https:\\\/\\\/autorival.ro\\\/opel\\\/product\\\/set-reparat-cabluri-bujie-incandescenta-opel-combo-tour-1-3-cdti-16v-diesel-75-cai-herth-buss-elparts-51277346\\\/#primaryimage\"},\"thumbnailUrl\":\"https:\\\/\\\/autorival.ro\\\/opel\\\/wp-content\\\/uploads\\\/sites\\\/21\\\/2025\\\/06\\\/51277346-18.jpg\",\"datePublished\":\"2025-06-30T22:54:37+00:00\",\"description\":\"\u26a1 Set reparat cabluri bujie incandescenta OPEL COMBO Tour 1.3 CDTI 16V diesel 75 cai HERTH BUSS ELPARTS 51277346 pentru OPEL la doar 92.89 RON. \u2713 Cod: 51277346 \u2713 Brand: HERTH \u2713 \u00cen stoc \u2713 Livrare 24h \u2713 Garan\u021bie!\",\"breadcrumb\":{\"@id\":\"https:\\\/\\\/autorival.ro\\\/opel\\\/product\\\/set-reparat-cabluri-bujie-incandescenta-opel-combo-tour-1-3-cdti-16v-diesel-75-cai-herth-buss-elparts-51277346\\\/#breadcrumb\"},\"inLanguage\":\"en-US\",\"potentialAction\":[{\"@type\":\"ReadAction\",\"target\":[\"https:\\\/\\\/autorival.ro\\\/opel\\\/product\\\/set-reparat-cabluri-bujie-incandescenta-opel-combo-tour-1-3-cdti-16v-diesel-75-cai-herth-buss-elparts-51277346\\\/\"]}]},{\"@type\":\"ImageObject\",\"inLanguage\":\"en-US\",\"@id\":\"https:\\\/\\\/autorival.ro\\\/opel\\\/product\\\/set-reparat-cabluri-bujie-incandescenta-opel-combo-tour-1-3-cdti-16v-diesel-75-cai-herth-buss-elparts-51277346\\\/#primaryimage\",\"url\":\"https:\\\/\\\/autorival.ro\\\/opel\\\/wp-content\\\/uploads\\\/sites\\\/21\\\/2025\\\/06\\\/51277346-18.jpg\",\"contentUrl\":\"https:\\\/\\\/autorival.ro\\\/opel\\\/wp-content\\\/uploads\\\/sites\\\/21\\\/2025\\\/06\\\/51277346-18.jpg\",\"width\":600,\"height\":297,\"caption\":\"Set reparat cabluri bujie incandescenta OPEL COMBO Tour 1.3 CDTI 16V diesel 75 cai HERTH BUSS ELPARTS 51277346\"},{\"@type\":\"BreadcrumbList\",\"@id\":\"https:\\\/\\\/autorival.ro\\\/opel\\\/product\\\/set-reparat-cabluri-bujie-incandescenta-opel-combo-tour-1-3-cdti-16v-diesel-75-cai-herth-buss-elparts-51277346\\\/#breadcrumb\",\"itemListElement\":[{\"@type\":\"ListItem\",\"position\":1,\"name\":\"Prima pagin\u0103\",\"item\":\"https:\\\/\\\/autorival.ro\\\/opel\\\/\"},{\"@type\":\"ListItem\",\"position\":2,\"name\":\"Piese auto OPEL\",\"item\":\"https:\\\/\\\/autorival.ro\\\/opel\\\/\"},{\"@type\":\"ListItem\",\"position\":3,\"name\":\"Set reparat cabluri bujie incandescenta OPEL COMBO Tour 1.3 CDTI 16V diesel 75 cai HERTH BUSS ELPARTS 51277346\"}]},{\"@type\":\"WebSite\",\"@id\":\"https:\\\/\\\/autorival.ro\\\/opel\\\/#website\",\"url\":\"https:\\\/\\\/autorival.ro\\\/opel\\\/\",\"name\":\"OPEL\",\"description\":\"\",\"potentialAction\":[{\"@type\":\"SearchAction\",\"target\":{\"@type\":\"EntryPoint\",\"urlTemplate\":\"https:\\\/\\\/autorival.ro\\\/opel\\\/?s={search_term_string}\"},\"query-input\":{\"@type\":\"PropertyValueSpecification\",\"valueRequired\":true,\"valueName\":\"search_term_string\"}}],\"inLanguage\":\"en-US\"}]}<\/script>\n<!-- \/ Yoast SEO plugin. -->","yoast_head_json":{"title":"Set reparat cabluri bujie incandescenta OPEL COMBO Tour 1.3 CDTI 16V diesel 75 cai HERTH BUSS ELPARTS 51277346 OPEL | HERTH - Autorival","description":"\u26a1 Set reparat cabluri bujie incandescenta OPEL COMBO Tour 1.3 CDTI 16V diesel 75 cai HERTH BUSS ELPARTS 51277346 pentru OPEL la doar 92.89 RON. \u2713 Cod: 51277346 \u2713 Brand: HERTH \u2713 \u00cen stoc \u2713 Livrare 24h \u2713 Garan\u021bie!","robots":{"index":"index","follow":"follow","max-snippet":"max-snippet:-1","max-image-preview":"max-image-preview:large","max-video-preview":"max-video-preview:-1"},"og_locale":"en_US","og_type":"article","og_title":"Set reparat cabluri bujie incandescenta OPEL COMBO Tour 1.3 CDTI 16V diesel 75 cai HERTH BUSS ELPARTS 51277346 OPEL | HERTH - Autorival","og_description":"\u26a1 Set reparat cabluri bujie incandescenta OPEL COMBO Tour 1.3 CDTI 16V diesel 75 cai HERTH BUSS ELPARTS 51277346 pentru OPEL la doar 92.89 RON. \u2713 Cod: 51277346 \u2713 Brand: HERTH \u2713 \u00cen stoc \u2713 Livrare 24h \u2713 Garan\u021bie!","og_url":"https:\/\/autorival.ro\/opel\/product\/set-reparat-cabluri-bujie-incandescenta-opel-combo-tour-1-3-cdti-16v-diesel-75-cai-herth-buss-elparts-51277346\/","og_site_name":"OPEL","og_image":[{"width":600,"height":297,"url":"https:\/\/autorival.ro\/opel\/wp-content\/uploads\/sites\/21\/2025\/06\/51277346-18.jpg","type":"image\/jpeg"}],"twitter_card":"summary_large_image","twitter_title":"Set reparat cabluri bujie incandescenta OPEL COMBO Tour 1.3 CDTI 16V diesel 75 cai HERTH BUSS ELPARTS 51277346 OPEL | HERTH - Autorival","twitter_description":"\u26a1 Set reparat cabluri bujie incandescenta OPEL COMBO Tour 1.3 CDTI 16V diesel 75 cai HERTH BUSS ELPARTS 51277346 pentru OPEL la doar 92.89 RON. \u2713 Cod: 51277346 \u2713 Brand: HERTH \u2713 \u00cen stoc \u2713 Livrare 24h \u2713 Garan\u021bie!","schema":{"@context":"https:\/\/schema.org","@graph":[{"@type":"WebPage","@id":"https:\/\/autorival.ro\/opel\/product\/set-reparat-cabluri-bujie-incandescenta-opel-combo-tour-1-3-cdti-16v-diesel-75-cai-herth-buss-elparts-51277346\/","url":"https:\/\/autorival.ro\/opel\/product\/set-reparat-cabluri-bujie-incandescenta-opel-combo-tour-1-3-cdti-16v-diesel-75-cai-herth-buss-elparts-51277346\/","name":"Set reparat cabluri bujie incandescenta OPEL COMBO Tour 1.3 CDTI 16V diesel 75 cai HERTH BUSS ELPARTS 51277346 OPEL | HERTH - Autorival","isPartOf":{"@id":"https:\/\/autorival.ro\/opel\/#website"},"primaryImageOfPage":{"@id":"https:\/\/autorival.ro\/opel\/product\/set-reparat-cabluri-bujie-incandescenta-opel-combo-tour-1-3-cdti-16v-diesel-75-cai-herth-buss-elparts-51277346\/#primaryimage"},"image":{"@id":"https:\/\/autorival.ro\/opel\/product\/set-reparat-cabluri-bujie-incandescenta-opel-combo-tour-1-3-cdti-16v-diesel-75-cai-herth-buss-elparts-51277346\/#primaryimage"},"thumbnailUrl":"https:\/\/autorival.ro\/opel\/wp-content\/uploads\/sites\/21\/2025\/06\/51277346-18.jpg","datePublished":"2025-06-30T22:54:37+00:00","description":"\u26a1 Set reparat cabluri bujie incandescenta OPEL COMBO Tour 1.3 CDTI 16V diesel 75 cai HERTH BUSS ELPARTS 51277346 pentru OPEL la doar 92.89 RON. \u2713 Cod: 51277346 \u2713 Brand: HERTH \u2713 \u00cen stoc \u2713 Livrare 24h \u2713 Garan\u021bie!","breadcrumb":{"@id":"https:\/\/autorival.ro\/opel\/product\/set-reparat-cabluri-bujie-incandescenta-opel-combo-tour-1-3-cdti-16v-diesel-75-cai-herth-buss-elparts-51277346\/#breadcrumb"},"inLanguage":"en-US","potentialAction":[{"@type":"ReadAction","target":["https:\/\/autorival.ro\/opel\/product\/set-reparat-cabluri-bujie-incandescenta-opel-combo-tour-1-3-cdti-16v-diesel-75-cai-herth-buss-elparts-51277346\/"]}]},{"@type":"ImageObject","inLanguage":"en-US","@id":"https:\/\/autorival.ro\/opel\/product\/set-reparat-cabluri-bujie-incandescenta-opel-combo-tour-1-3-cdti-16v-diesel-75-cai-herth-buss-elparts-51277346\/#primaryimage","url":"https:\/\/autorival.ro\/opel\/wp-content\/uploads\/sites\/21\/2025\/06\/51277346-18.jpg","contentUrl":"https:\/\/autorival.ro\/opel\/wp-content\/uploads\/sites\/21\/2025\/06\/51277346-18.jpg","width":600,"height":297,"caption":"Set reparat cabluri bujie incandescenta OPEL COMBO Tour 1.3 CDTI 16V diesel 75 cai HERTH BUSS ELPARTS 51277346"},{"@type":"BreadcrumbList","@id":"https:\/\/autorival.ro\/opel\/product\/set-reparat-cabluri-bujie-incandescenta-opel-combo-tour-1-3-cdti-16v-diesel-75-cai-herth-buss-elparts-51277346\/#breadcrumb","itemListElement":[{"@type":"ListItem","position":1,"name":"Prima pagin\u0103","item":"https:\/\/autorival.ro\/opel\/"},{"@type":"ListItem","position":2,"name":"Piese auto OPEL","item":"https:\/\/autorival.ro\/opel\/"},{"@type":"ListItem","position":3,"name":"Set reparat cabluri bujie incandescenta OPEL COMBO Tour 1.3 CDTI 16V diesel 75 cai HERTH BUSS ELPARTS 51277346"}]},{"@type":"WebSite","@id":"https:\/\/autorival.ro\/opel\/#website","url":"https:\/\/autorival.ro\/opel\/","name":"OPEL","description":"","potentialAction":[{"@type":"SearchAction","target":{"@type":"EntryPoint","urlTemplate":"https:\/\/autorival.ro\/opel\/?s={search_term_string}"},"query-input":{"@type":"PropertyValueSpecification","valueRequired":true,"valueName":"search_term_string"}}],"inLanguage":"en-US"}]}},"_links":{"self":[{"href":"https:\/\/autorival.ro\/opel\/wp-json\/wp\/v2\/product\/899731","targetHints":{"allow":["GET"]}}],"collection":[{"href":"https:\/\/autorival.ro\/opel\/wp-json\/wp\/v2\/product"}],"about":[{"href":"https:\/\/autorival.ro\/opel\/wp-json\/wp\/v2\/types\/product"}],"replies":[{"embeddable":true,"href":"https:\/\/autorival.ro\/opel\/wp-json\/wp\/v2\/comments?post=899731"}],"wp:featuredmedia":[{"embeddable":true,"href":"https:\/\/autorival.ro\/opel\/wp-json\/wp\/v2\/media\/899732"}],"wp:attachment":[{"href":"https:\/\/autorival.ro\/opel\/wp-json\/wp\/v2\/media?parent=899731"}],"wp:term":[{"taxonomy":"product_brand","embeddable":true,"href":"https:\/\/autorival.ro\/opel\/wp-json\/wp\/v2\/product_brand?post=899731"},{"taxonomy":"product_cat","embeddable":true,"href":"https:\/\/autorival.ro\/opel\/wp-json\/wp\/v2\/product_cat?post=899731"},{"taxonomy":"product_tag","embeddable":true,"href":"https:\/\/autorival.ro\/opel\/wp-json\/wp\/v2\/product_tag?post=899731"}],"curies":[{"name":"wp","href":"https:\/\/api.w.org\/{rel}","templated":true}]}}