{"id":892319,"date":"2025-06-30T17:03:23","date_gmt":"2025-06-30T17:03:23","guid":{"rendered":"https:\/\/autorival.ro\/opel\/product\/set-frana-frana-disc-opel-movano-a-bus-x70-2-5-cdti-jd-diesel-101-cai-mastersport-germany-201201551\/"},"modified":"2025-06-30T17:03:23","modified_gmt":"2025-06-30T17:03:23","slug":"set-frana-frana-disc-opel-movano-a-bus-x70-2-5-cdti-jd-diesel-101-cai-mastersport-germany-201201551","status":"publish","type":"product","link":"https:\/\/autorival.ro\/opel\/product\/set-frana-frana-disc-opel-movano-a-bus-x70-2-5-cdti-jd-diesel-101-cai-mastersport-germany-201201551\/","title":{"rendered":"Set frana frana disc OPEL MOVANO A bus (X70) 2.5 CDTI (JD) diesel 101 cai MASTERSPORT GERMANY 201201551"},"content":{"rendered":"<p>An fabricatie pana la: 201001Partea de montare: puntea spateTip disc fr\u00e2na: plin ->Grosime disc fr\u00e2na [mm]: 12 ->Diametru exterior [mm]: 305\u00cenaltime [mm]: 66,8 ->Diametrul orificiului [mm]: 15,5 ->Grosime minima [mm]: 10,5 ->Diametru interior [mm]: 169,5Numar gauri: 5 ->Diametru de centrare [mm]: 90Asezare gauri \u00d8 [mm]: 130 ->Grosime [mm]: 16,8Sistem de fr\u00e2nare: Bosch ->Latime [mm]: 116\u00cenaltime 1 [mm]: 51,4Contact indicator uzura: fara contact avertizare uzura, exclus indicator avertizareArticol completare\/Info suplimentar 2: cu tabla anti scartait ->Greutate neta [kg]: 14,74Unitate de calitate: setNumar bucati necesare: 1<\/p>\n","protected":false},"excerpt":{"rendered":"<p>Producator: MASTERSPORT GERMANY Cod producator: 201201551<\/p>\n","protected":false},"featured_media":892320,"comment_status":"open","ping_status":"closed","template":"","meta":[],"product_brand":[386],"product_cat":[34448],"product_tag":[43326,43366,43459,43458,43332,43324,44508],"class_list":{"0":"post-892319","1":"product","2":"type-product","3":"status-publish","4":"has-post-thumbnail","6":"product_brand-mastersport-germany","7":"product_cat-set-frana-frana-disc-a-bus-x70-2-5-cdti-jd-diesel-101","8":"product_tag-cdti","9":"product_tag-frana","10":"product_tag-germany","11":"product_tag-mastersport","12":"product_tag-movano","13":"product_tag-opel","14":"product_tag-set","16":"first","17":"instock","18":"shipping-taxable","19":"purchasable","20":"product-type-simple"},"yoast_head":"<!-- This site is optimized with the Yoast SEO plugin v27.3 - https:\/\/yoast.com\/product\/yoast-seo-wordpress\/ -->\n<title>Set frana frana disc OPEL MOVANO A bus (X70) 2.5 CDTI (JD) diesel 101 cai MASTERSPORT GERMANY 201201551 OPEL | MASTERSPORT - Autorival<\/title>\n<meta name=\"description\" content=\"\u26a1 Set frana frana disc OPEL MOVANO A bus (X70) 2.5 CDTI (JD) diesel 101 cai MASTERSPORT GERMANY 201201551 pentru OPEL la doar 616.03 RON. \u2713 Cod: 201201551 \u2713 Brand: MASTERSPORT \u2713 \u00cen stoc \u2713 Livrare 24h \u2713 Garan\u021bie!\" \/>\n<meta name=\"robots\" content=\"index, follow, max-snippet:-1, max-image-preview:large, max-video-preview:-1\" \/>\n<meta property=\"og:locale\" content=\"en_US\" \/>\n<meta property=\"og:type\" content=\"article\" \/>\n<meta property=\"og:title\" content=\"Set frana frana disc OPEL MOVANO A bus (X70) 2.5 CDTI (JD) diesel 101 cai MASTERSPORT GERMANY 201201551 OPEL | MASTERSPORT - Autorival\" \/>\n<meta property=\"og:description\" content=\"\u26a1 Set frana frana disc OPEL MOVANO A bus (X70) 2.5 CDTI (JD) diesel 101 cai MASTERSPORT GERMANY 201201551 pentru OPEL la doar 616.03 RON. \u2713 Cod: 201201551 \u2713 Brand: MASTERSPORT \u2713 \u00cen stoc \u2713 Livrare 24h \u2713 Garan\u021bie!\" \/>\n<meta property=\"og:url\" content=\"https:\/\/autorival.ro\/opel\/product\/set-frana-frana-disc-opel-movano-a-bus-x70-2-5-cdti-jd-diesel-101-cai-mastersport-germany-201201551\/\" \/>\n<meta property=\"og:site_name\" content=\"OPEL\" \/>\n<meta property=\"og:image\" content=\"https:\/\/autorival.ro\/opel\/wp-content\/uploads\/sites\/21\/2025\/06\/201201551-3.jpg\" \/>\n\t<meta property=\"og:image:width\" content=\"1500\" \/>\n\t<meta property=\"og:image:height\" content=\"1500\" \/>\n\t<meta property=\"og:image:type\" content=\"image\/jpeg\" \/>\n<meta name=\"twitter:card\" content=\"summary_large_image\" \/>\n<meta name=\"twitter:title\" content=\"Set frana frana disc OPEL MOVANO A bus (X70) 2.5 CDTI (JD) diesel 101 cai MASTERSPORT GERMANY 201201551 OPEL | MASTERSPORT - Autorival\" \/>\n<meta name=\"twitter:description\" content=\"\u26a1 Set frana frana disc OPEL MOVANO A bus (X70) 2.5 CDTI (JD) diesel 101 cai MASTERSPORT GERMANY 201201551 pentru OPEL la doar 616.03 RON. \u2713 Cod: 201201551 \u2713 Brand: MASTERSPORT \u2713 \u00cen stoc \u2713 Livrare 24h \u2713 Garan\u021bie!\" \/>\n<script type=\"application\/ld+json\" class=\"yoast-schema-graph\">{\"@context\":\"https:\\\/\\\/schema.org\",\"@graph\":[{\"@type\":\"WebPage\",\"@id\":\"https:\\\/\\\/autorival.ro\\\/opel\\\/product\\\/set-frana-frana-disc-opel-movano-a-bus-x70-2-5-cdti-jd-diesel-101-cai-mastersport-germany-201201551\\\/\",\"url\":\"https:\\\/\\\/autorival.ro\\\/opel\\\/product\\\/set-frana-frana-disc-opel-movano-a-bus-x70-2-5-cdti-jd-diesel-101-cai-mastersport-germany-201201551\\\/\",\"name\":\"Set frana frana disc OPEL MOVANO A bus (X70) 2.5 CDTI (JD) diesel 101 cai MASTERSPORT GERMANY 201201551 OPEL | MASTERSPORT - Autorival\",\"isPartOf\":{\"@id\":\"https:\\\/\\\/autorival.ro\\\/opel\\\/#website\"},\"primaryImageOfPage\":{\"@id\":\"https:\\\/\\\/autorival.ro\\\/opel\\\/product\\\/set-frana-frana-disc-opel-movano-a-bus-x70-2-5-cdti-jd-diesel-101-cai-mastersport-germany-201201551\\\/#primaryimage\"},\"image\":{\"@id\":\"https:\\\/\\\/autorival.ro\\\/opel\\\/product\\\/set-frana-frana-disc-opel-movano-a-bus-x70-2-5-cdti-jd-diesel-101-cai-mastersport-germany-201201551\\\/#primaryimage\"},\"thumbnailUrl\":\"https:\\\/\\\/autorival.ro\\\/opel\\\/wp-content\\\/uploads\\\/sites\\\/21\\\/2025\\\/06\\\/201201551-3.jpg\",\"datePublished\":\"2025-06-30T17:03:23+00:00\",\"description\":\"\u26a1 Set frana frana disc OPEL MOVANO A bus (X70) 2.5 CDTI (JD) diesel 101 cai MASTERSPORT GERMANY 201201551 pentru OPEL la doar 616.03 RON. \u2713 Cod: 201201551 \u2713 Brand: MASTERSPORT \u2713 \u00cen stoc \u2713 Livrare 24h \u2713 Garan\u021bie!\",\"breadcrumb\":{\"@id\":\"https:\\\/\\\/autorival.ro\\\/opel\\\/product\\\/set-frana-frana-disc-opel-movano-a-bus-x70-2-5-cdti-jd-diesel-101-cai-mastersport-germany-201201551\\\/#breadcrumb\"},\"inLanguage\":\"en-US\",\"potentialAction\":[{\"@type\":\"ReadAction\",\"target\":[\"https:\\\/\\\/autorival.ro\\\/opel\\\/product\\\/set-frana-frana-disc-opel-movano-a-bus-x70-2-5-cdti-jd-diesel-101-cai-mastersport-germany-201201551\\\/\"]}]},{\"@type\":\"ImageObject\",\"inLanguage\":\"en-US\",\"@id\":\"https:\\\/\\\/autorival.ro\\\/opel\\\/product\\\/set-frana-frana-disc-opel-movano-a-bus-x70-2-5-cdti-jd-diesel-101-cai-mastersport-germany-201201551\\\/#primaryimage\",\"url\":\"https:\\\/\\\/autorival.ro\\\/opel\\\/wp-content\\\/uploads\\\/sites\\\/21\\\/2025\\\/06\\\/201201551-3.jpg\",\"contentUrl\":\"https:\\\/\\\/autorival.ro\\\/opel\\\/wp-content\\\/uploads\\\/sites\\\/21\\\/2025\\\/06\\\/201201551-3.jpg\",\"width\":1500,\"height\":1500,\"caption\":\"Set frana frana disc OPEL MOVANO A bus (X70) 2.5 CDTI (JD) diesel 101 cai MASTERSPORT GERMANY 201201551\"},{\"@type\":\"BreadcrumbList\",\"@id\":\"https:\\\/\\\/autorival.ro\\\/opel\\\/product\\\/set-frana-frana-disc-opel-movano-a-bus-x70-2-5-cdti-jd-diesel-101-cai-mastersport-germany-201201551\\\/#breadcrumb\",\"itemListElement\":[{\"@type\":\"ListItem\",\"position\":1,\"name\":\"Prima pagin\u0103\",\"item\":\"https:\\\/\\\/autorival.ro\\\/opel\\\/\"},{\"@type\":\"ListItem\",\"position\":2,\"name\":\"Piese auto OPEL\",\"item\":\"https:\\\/\\\/autorival.ro\\\/opel\\\/\"},{\"@type\":\"ListItem\",\"position\":3,\"name\":\"Set frana frana disc OPEL MOVANO A bus (X70) 2.5 CDTI (JD) diesel 101 cai MASTERSPORT GERMANY 201201551\"}]},{\"@type\":\"WebSite\",\"@id\":\"https:\\\/\\\/autorival.ro\\\/opel\\\/#website\",\"url\":\"https:\\\/\\\/autorival.ro\\\/opel\\\/\",\"name\":\"OPEL\",\"description\":\"\",\"potentialAction\":[{\"@type\":\"SearchAction\",\"target\":{\"@type\":\"EntryPoint\",\"urlTemplate\":\"https:\\\/\\\/autorival.ro\\\/opel\\\/?s={search_term_string}\"},\"query-input\":{\"@type\":\"PropertyValueSpecification\",\"valueRequired\":true,\"valueName\":\"search_term_string\"}}],\"inLanguage\":\"en-US\"}]}<\/script>\n<!-- \/ Yoast SEO plugin. -->","yoast_head_json":{"title":"Set frana frana disc OPEL MOVANO A bus (X70) 2.5 CDTI (JD) diesel 101 cai MASTERSPORT GERMANY 201201551 OPEL | MASTERSPORT - Autorival","description":"\u26a1 Set frana frana disc OPEL MOVANO A bus (X70) 2.5 CDTI (JD) diesel 101 cai MASTERSPORT GERMANY 201201551 pentru OPEL la doar 616.03 RON. \u2713 Cod: 201201551 \u2713 Brand: MASTERSPORT \u2713 \u00cen stoc \u2713 Livrare 24h \u2713 Garan\u021bie!","robots":{"index":"index","follow":"follow","max-snippet":"max-snippet:-1","max-image-preview":"max-image-preview:large","max-video-preview":"max-video-preview:-1"},"og_locale":"en_US","og_type":"article","og_title":"Set frana frana disc OPEL MOVANO A bus (X70) 2.5 CDTI (JD) diesel 101 cai MASTERSPORT GERMANY 201201551 OPEL | MASTERSPORT - Autorival","og_description":"\u26a1 Set frana frana disc OPEL MOVANO A bus (X70) 2.5 CDTI (JD) diesel 101 cai MASTERSPORT GERMANY 201201551 pentru OPEL la doar 616.03 RON. \u2713 Cod: 201201551 \u2713 Brand: MASTERSPORT \u2713 \u00cen stoc \u2713 Livrare 24h \u2713 Garan\u021bie!","og_url":"https:\/\/autorival.ro\/opel\/product\/set-frana-frana-disc-opel-movano-a-bus-x70-2-5-cdti-jd-diesel-101-cai-mastersport-germany-201201551\/","og_site_name":"OPEL","og_image":[{"width":1500,"height":1500,"url":"https:\/\/autorival.ro\/opel\/wp-content\/uploads\/sites\/21\/2025\/06\/201201551-3.jpg","type":"image\/jpeg"}],"twitter_card":"summary_large_image","twitter_title":"Set frana frana disc OPEL MOVANO A bus (X70) 2.5 CDTI (JD) diesel 101 cai MASTERSPORT GERMANY 201201551 OPEL | MASTERSPORT - Autorival","twitter_description":"\u26a1 Set frana frana disc OPEL MOVANO A bus (X70) 2.5 CDTI (JD) diesel 101 cai MASTERSPORT GERMANY 201201551 pentru OPEL la doar 616.03 RON. \u2713 Cod: 201201551 \u2713 Brand: MASTERSPORT \u2713 \u00cen stoc \u2713 Livrare 24h \u2713 Garan\u021bie!","schema":{"@context":"https:\/\/schema.org","@graph":[{"@type":"WebPage","@id":"https:\/\/autorival.ro\/opel\/product\/set-frana-frana-disc-opel-movano-a-bus-x70-2-5-cdti-jd-diesel-101-cai-mastersport-germany-201201551\/","url":"https:\/\/autorival.ro\/opel\/product\/set-frana-frana-disc-opel-movano-a-bus-x70-2-5-cdti-jd-diesel-101-cai-mastersport-germany-201201551\/","name":"Set frana frana disc OPEL MOVANO A bus (X70) 2.5 CDTI (JD) diesel 101 cai MASTERSPORT GERMANY 201201551 OPEL | MASTERSPORT - Autorival","isPartOf":{"@id":"https:\/\/autorival.ro\/opel\/#website"},"primaryImageOfPage":{"@id":"https:\/\/autorival.ro\/opel\/product\/set-frana-frana-disc-opel-movano-a-bus-x70-2-5-cdti-jd-diesel-101-cai-mastersport-germany-201201551\/#primaryimage"},"image":{"@id":"https:\/\/autorival.ro\/opel\/product\/set-frana-frana-disc-opel-movano-a-bus-x70-2-5-cdti-jd-diesel-101-cai-mastersport-germany-201201551\/#primaryimage"},"thumbnailUrl":"https:\/\/autorival.ro\/opel\/wp-content\/uploads\/sites\/21\/2025\/06\/201201551-3.jpg","datePublished":"2025-06-30T17:03:23+00:00","description":"\u26a1 Set frana frana disc OPEL MOVANO A bus (X70) 2.5 CDTI (JD) diesel 101 cai MASTERSPORT GERMANY 201201551 pentru OPEL la doar 616.03 RON. \u2713 Cod: 201201551 \u2713 Brand: MASTERSPORT \u2713 \u00cen stoc \u2713 Livrare 24h \u2713 Garan\u021bie!","breadcrumb":{"@id":"https:\/\/autorival.ro\/opel\/product\/set-frana-frana-disc-opel-movano-a-bus-x70-2-5-cdti-jd-diesel-101-cai-mastersport-germany-201201551\/#breadcrumb"},"inLanguage":"en-US","potentialAction":[{"@type":"ReadAction","target":["https:\/\/autorival.ro\/opel\/product\/set-frana-frana-disc-opel-movano-a-bus-x70-2-5-cdti-jd-diesel-101-cai-mastersport-germany-201201551\/"]}]},{"@type":"ImageObject","inLanguage":"en-US","@id":"https:\/\/autorival.ro\/opel\/product\/set-frana-frana-disc-opel-movano-a-bus-x70-2-5-cdti-jd-diesel-101-cai-mastersport-germany-201201551\/#primaryimage","url":"https:\/\/autorival.ro\/opel\/wp-content\/uploads\/sites\/21\/2025\/06\/201201551-3.jpg","contentUrl":"https:\/\/autorival.ro\/opel\/wp-content\/uploads\/sites\/21\/2025\/06\/201201551-3.jpg","width":1500,"height":1500,"caption":"Set frana frana disc OPEL MOVANO A bus (X70) 2.5 CDTI (JD) diesel 101 cai MASTERSPORT GERMANY 201201551"},{"@type":"BreadcrumbList","@id":"https:\/\/autorival.ro\/opel\/product\/set-frana-frana-disc-opel-movano-a-bus-x70-2-5-cdti-jd-diesel-101-cai-mastersport-germany-201201551\/#breadcrumb","itemListElement":[{"@type":"ListItem","position":1,"name":"Prima pagin\u0103","item":"https:\/\/autorival.ro\/opel\/"},{"@type":"ListItem","position":2,"name":"Piese auto OPEL","item":"https:\/\/autorival.ro\/opel\/"},{"@type":"ListItem","position":3,"name":"Set frana frana disc OPEL MOVANO A bus (X70) 2.5 CDTI (JD) diesel 101 cai MASTERSPORT GERMANY 201201551"}]},{"@type":"WebSite","@id":"https:\/\/autorival.ro\/opel\/#website","url":"https:\/\/autorival.ro\/opel\/","name":"OPEL","description":"","potentialAction":[{"@type":"SearchAction","target":{"@type":"EntryPoint","urlTemplate":"https:\/\/autorival.ro\/opel\/?s={search_term_string}"},"query-input":{"@type":"PropertyValueSpecification","valueRequired":true,"valueName":"search_term_string"}}],"inLanguage":"en-US"}]}},"_links":{"self":[{"href":"https:\/\/autorival.ro\/opel\/wp-json\/wp\/v2\/product\/892319","targetHints":{"allow":["GET"]}}],"collection":[{"href":"https:\/\/autorival.ro\/opel\/wp-json\/wp\/v2\/product"}],"about":[{"href":"https:\/\/autorival.ro\/opel\/wp-json\/wp\/v2\/types\/product"}],"replies":[{"embeddable":true,"href":"https:\/\/autorival.ro\/opel\/wp-json\/wp\/v2\/comments?post=892319"}],"wp:featuredmedia":[{"embeddable":true,"href":"https:\/\/autorival.ro\/opel\/wp-json\/wp\/v2\/media\/892320"}],"wp:attachment":[{"href":"https:\/\/autorival.ro\/opel\/wp-json\/wp\/v2\/media?parent=892319"}],"wp:term":[{"taxonomy":"product_brand","embeddable":true,"href":"https:\/\/autorival.ro\/opel\/wp-json\/wp\/v2\/product_brand?post=892319"},{"taxonomy":"product_cat","embeddable":true,"href":"https:\/\/autorival.ro\/opel\/wp-json\/wp\/v2\/product_cat?post=892319"},{"taxonomy":"product_tag","embeddable":true,"href":"https:\/\/autorival.ro\/opel\/wp-json\/wp\/v2\/product_tag?post=892319"}],"curies":[{"name":"wp","href":"https:\/\/api.w.org\/{rel}","templated":true}]}}