{"id":690695,"date":"2025-06-25T02:14:47","date_gmt":"2025-06-25T02:14:47","guid":{"rendered":"https:\/\/autorival.ro\/opel\/product\/placute-frana-opel-karl-c16-1-0-benzina-75-cai-brembo-p-59-088\/"},"modified":"2025-06-25T02:14:47","modified_gmt":"2025-06-25T02:14:47","slug":"placute-frana-opel-karl-c16-1-0-benzina-75-cai-brembo-p-59-088","status":"publish","type":"product","link":"https:\/\/autorival.ro\/opel\/product\/placute-frana-opel-karl-c16-1-0-benzina-75-cai-brembo-p-59-088\/","title":{"rendered":"Placute frana OPEL KARL (C16) 1.0 benzina 75 cai BREMBO P 59 088"},"content":{"rendered":"<p>Partea de montare: punte fata ->Latime [mm]: 129 ->Grosime [mm]: 18\u00cenaltime [mm]: 47Contact indicator uzura: cu avertizare acustica uzuraArticol extins\/Informatii de extindere: cu acceasoriiSistem de fr\u00e2nare: TRWNum\u0103rul indicatorilor de uzur\u0103 [per ax\u0103]: 2Numar WVA: 22326, 22327, 22328<\/p>\n","protected":false},"excerpt":{"rendered":"<p>Producator: BREMBO Cod producator: P 59 088<\/p>\n","protected":false},"featured_media":690696,"comment_status":"open","ping_status":"closed","template":"","meta":[],"product_brand":[9810],"product_cat":[24401],"product_tag":[43474,43912,43366,43357,43324,44487],"class_list":{"0":"post-690695","1":"product","2":"type-product","3":"status-publish","4":"has-post-thumbnail","6":"product_brand-brembo","7":"product_cat-placute-frana-c16-1-0-benzina-75","8":"product_tag-c16","9":"product_tag-brembo","10":"product_tag-frana","11":"product_tag-karl","12":"product_tag-opel","13":"product_tag-placute","15":"first","16":"instock","17":"shipping-taxable","18":"purchasable","19":"product-type-simple"},"yoast_head":"<!-- This site is optimized with the Yoast SEO plugin v27.3 - https:\/\/yoast.com\/product\/yoast-seo-wordpress\/ -->\n<title>Placute frana OPEL KARL (C16) 1.0 benzina 75 cai BREMBO P 59 088 OPEL | BREMBO - Autorival<\/title>\n<meta name=\"description\" content=\"\u26a1 Placute frana OPEL KARL (C16) 1.0 benzina 75 cai BREMBO P 59 088 pentru OPEL la doar 276.15 RON. \u2713 Cod: P \u2713 Brand: BREMBO \u2713 \u00cen stoc \u2713 Livrare 24h \u2713 Garan\u021bie!\" \/>\n<meta name=\"robots\" content=\"index, follow, max-snippet:-1, max-image-preview:large, max-video-preview:-1\" \/>\n<meta property=\"og:locale\" content=\"en_US\" \/>\n<meta property=\"og:type\" content=\"article\" \/>\n<meta property=\"og:title\" content=\"Placute frana OPEL KARL (C16) 1.0 benzina 75 cai BREMBO P 59 088 OPEL | BREMBO - Autorival\" \/>\n<meta property=\"og:description\" content=\"\u26a1 Placute frana OPEL KARL (C16) 1.0 benzina 75 cai BREMBO P 59 088 pentru OPEL la doar 276.15 RON. \u2713 Cod: P \u2713 Brand: BREMBO \u2713 \u00cen stoc \u2713 Livrare 24h \u2713 Garan\u021bie!\" \/>\n<meta property=\"og:url\" content=\"https:\/\/autorival.ro\/opel\/product\/placute-frana-opel-karl-c16-1-0-benzina-75-cai-brembo-p-59-088\/\" \/>\n<meta property=\"og:site_name\" content=\"OPEL\" \/>\n<meta property=\"og:image\" content=\"https:\/\/autorival.ro\/opel\/wp-content\/uploads\/sites\/21\/2025\/06\/p59088-1.jpg\" \/>\n\t<meta property=\"og:image:width\" content=\"2340\" \/>\n\t<meta property=\"og:image:height\" content=\"1655\" \/>\n\t<meta property=\"og:image:type\" content=\"image\/jpeg\" \/>\n<meta name=\"twitter:card\" content=\"summary_large_image\" \/>\n<meta name=\"twitter:title\" content=\"Placute frana OPEL KARL (C16) 1.0 benzina 75 cai BREMBO P 59 088 OPEL | BREMBO - Autorival\" \/>\n<meta name=\"twitter:description\" content=\"\u26a1 Placute frana OPEL KARL (C16) 1.0 benzina 75 cai BREMBO P 59 088 pentru OPEL la doar 276.15 RON. \u2713 Cod: P \u2713 Brand: BREMBO \u2713 \u00cen stoc \u2713 Livrare 24h \u2713 Garan\u021bie!\" \/>\n<script type=\"application\/ld+json\" class=\"yoast-schema-graph\">{\"@context\":\"https:\\\/\\\/schema.org\",\"@graph\":[{\"@type\":\"WebPage\",\"@id\":\"https:\\\/\\\/autorival.ro\\\/opel\\\/product\\\/placute-frana-opel-karl-c16-1-0-benzina-75-cai-brembo-p-59-088\\\/\",\"url\":\"https:\\\/\\\/autorival.ro\\\/opel\\\/product\\\/placute-frana-opel-karl-c16-1-0-benzina-75-cai-brembo-p-59-088\\\/\",\"name\":\"Placute frana OPEL KARL (C16) 1.0 benzina 75 cai BREMBO P 59 088 OPEL | BREMBO - Autorival\",\"isPartOf\":{\"@id\":\"https:\\\/\\\/autorival.ro\\\/opel\\\/#website\"},\"primaryImageOfPage\":{\"@id\":\"https:\\\/\\\/autorival.ro\\\/opel\\\/product\\\/placute-frana-opel-karl-c16-1-0-benzina-75-cai-brembo-p-59-088\\\/#primaryimage\"},\"image\":{\"@id\":\"https:\\\/\\\/autorival.ro\\\/opel\\\/product\\\/placute-frana-opel-karl-c16-1-0-benzina-75-cai-brembo-p-59-088\\\/#primaryimage\"},\"thumbnailUrl\":\"https:\\\/\\\/autorival.ro\\\/opel\\\/wp-content\\\/uploads\\\/sites\\\/21\\\/2025\\\/06\\\/p59088-1.jpg\",\"datePublished\":\"2025-06-25T02:14:47+00:00\",\"description\":\"\u26a1 Placute frana OPEL KARL (C16) 1.0 benzina 75 cai BREMBO P 59 088 pentru OPEL la doar 276.15 RON. \u2713 Cod: P \u2713 Brand: BREMBO \u2713 \u00cen stoc \u2713 Livrare 24h \u2713 Garan\u021bie!\",\"breadcrumb\":{\"@id\":\"https:\\\/\\\/autorival.ro\\\/opel\\\/product\\\/placute-frana-opel-karl-c16-1-0-benzina-75-cai-brembo-p-59-088\\\/#breadcrumb\"},\"inLanguage\":\"en-US\",\"potentialAction\":[{\"@type\":\"ReadAction\",\"target\":[\"https:\\\/\\\/autorival.ro\\\/opel\\\/product\\\/placute-frana-opel-karl-c16-1-0-benzina-75-cai-brembo-p-59-088\\\/\"]}]},{\"@type\":\"ImageObject\",\"inLanguage\":\"en-US\",\"@id\":\"https:\\\/\\\/autorival.ro\\\/opel\\\/product\\\/placute-frana-opel-karl-c16-1-0-benzina-75-cai-brembo-p-59-088\\\/#primaryimage\",\"url\":\"https:\\\/\\\/autorival.ro\\\/opel\\\/wp-content\\\/uploads\\\/sites\\\/21\\\/2025\\\/06\\\/p59088-1.jpg\",\"contentUrl\":\"https:\\\/\\\/autorival.ro\\\/opel\\\/wp-content\\\/uploads\\\/sites\\\/21\\\/2025\\\/06\\\/p59088-1.jpg\",\"width\":2340,\"height\":1655,\"caption\":\"Placute frana OPEL KARL (C16) 1.0 benzina 75 cai BREMBO P 59 088\"},{\"@type\":\"BreadcrumbList\",\"@id\":\"https:\\\/\\\/autorival.ro\\\/opel\\\/product\\\/placute-frana-opel-karl-c16-1-0-benzina-75-cai-brembo-p-59-088\\\/#breadcrumb\",\"itemListElement\":[{\"@type\":\"ListItem\",\"position\":1,\"name\":\"Prima pagin\u0103\",\"item\":\"https:\\\/\\\/autorival.ro\\\/opel\\\/\"},{\"@type\":\"ListItem\",\"position\":2,\"name\":\"Piese auto OPEL\",\"item\":\"https:\\\/\\\/autorival.ro\\\/opel\\\/\"},{\"@type\":\"ListItem\",\"position\":3,\"name\":\"Placute frana OPEL KARL (C16) 1.0 benzina 75 cai BREMBO P 59 088\"}]},{\"@type\":\"WebSite\",\"@id\":\"https:\\\/\\\/autorival.ro\\\/opel\\\/#website\",\"url\":\"https:\\\/\\\/autorival.ro\\\/opel\\\/\",\"name\":\"OPEL\",\"description\":\"\",\"potentialAction\":[{\"@type\":\"SearchAction\",\"target\":{\"@type\":\"EntryPoint\",\"urlTemplate\":\"https:\\\/\\\/autorival.ro\\\/opel\\\/?s={search_term_string}\"},\"query-input\":{\"@type\":\"PropertyValueSpecification\",\"valueRequired\":true,\"valueName\":\"search_term_string\"}}],\"inLanguage\":\"en-US\"}]}<\/script>\n<!-- \/ Yoast SEO plugin. -->","yoast_head_json":{"title":"Placute frana OPEL KARL (C16) 1.0 benzina 75 cai BREMBO P 59 088 OPEL | BREMBO - Autorival","description":"\u26a1 Placute frana OPEL KARL (C16) 1.0 benzina 75 cai BREMBO P 59 088 pentru OPEL la doar 276.15 RON. \u2713 Cod: P \u2713 Brand: BREMBO \u2713 \u00cen stoc \u2713 Livrare 24h \u2713 Garan\u021bie!","robots":{"index":"index","follow":"follow","max-snippet":"max-snippet:-1","max-image-preview":"max-image-preview:large","max-video-preview":"max-video-preview:-1"},"og_locale":"en_US","og_type":"article","og_title":"Placute frana OPEL KARL (C16) 1.0 benzina 75 cai BREMBO P 59 088 OPEL | BREMBO - Autorival","og_description":"\u26a1 Placute frana OPEL KARL (C16) 1.0 benzina 75 cai BREMBO P 59 088 pentru OPEL la doar 276.15 RON. \u2713 Cod: P \u2713 Brand: BREMBO \u2713 \u00cen stoc \u2713 Livrare 24h \u2713 Garan\u021bie!","og_url":"https:\/\/autorival.ro\/opel\/product\/placute-frana-opel-karl-c16-1-0-benzina-75-cai-brembo-p-59-088\/","og_site_name":"OPEL","og_image":[{"width":2340,"height":1655,"url":"https:\/\/autorival.ro\/opel\/wp-content\/uploads\/sites\/21\/2025\/06\/p59088-1.jpg","type":"image\/jpeg"}],"twitter_card":"summary_large_image","twitter_title":"Placute frana OPEL KARL (C16) 1.0 benzina 75 cai BREMBO P 59 088 OPEL | BREMBO - Autorival","twitter_description":"\u26a1 Placute frana OPEL KARL (C16) 1.0 benzina 75 cai BREMBO P 59 088 pentru OPEL la doar 276.15 RON. \u2713 Cod: P \u2713 Brand: BREMBO \u2713 \u00cen stoc \u2713 Livrare 24h \u2713 Garan\u021bie!","schema":{"@context":"https:\/\/schema.org","@graph":[{"@type":"WebPage","@id":"https:\/\/autorival.ro\/opel\/product\/placute-frana-opel-karl-c16-1-0-benzina-75-cai-brembo-p-59-088\/","url":"https:\/\/autorival.ro\/opel\/product\/placute-frana-opel-karl-c16-1-0-benzina-75-cai-brembo-p-59-088\/","name":"Placute frana OPEL KARL (C16) 1.0 benzina 75 cai BREMBO P 59 088 OPEL | BREMBO - Autorival","isPartOf":{"@id":"https:\/\/autorival.ro\/opel\/#website"},"primaryImageOfPage":{"@id":"https:\/\/autorival.ro\/opel\/product\/placute-frana-opel-karl-c16-1-0-benzina-75-cai-brembo-p-59-088\/#primaryimage"},"image":{"@id":"https:\/\/autorival.ro\/opel\/product\/placute-frana-opel-karl-c16-1-0-benzina-75-cai-brembo-p-59-088\/#primaryimage"},"thumbnailUrl":"https:\/\/autorival.ro\/opel\/wp-content\/uploads\/sites\/21\/2025\/06\/p59088-1.jpg","datePublished":"2025-06-25T02:14:47+00:00","description":"\u26a1 Placute frana OPEL KARL (C16) 1.0 benzina 75 cai BREMBO P 59 088 pentru OPEL la doar 276.15 RON. \u2713 Cod: P \u2713 Brand: BREMBO \u2713 \u00cen stoc \u2713 Livrare 24h \u2713 Garan\u021bie!","breadcrumb":{"@id":"https:\/\/autorival.ro\/opel\/product\/placute-frana-opel-karl-c16-1-0-benzina-75-cai-brembo-p-59-088\/#breadcrumb"},"inLanguage":"en-US","potentialAction":[{"@type":"ReadAction","target":["https:\/\/autorival.ro\/opel\/product\/placute-frana-opel-karl-c16-1-0-benzina-75-cai-brembo-p-59-088\/"]}]},{"@type":"ImageObject","inLanguage":"en-US","@id":"https:\/\/autorival.ro\/opel\/product\/placute-frana-opel-karl-c16-1-0-benzina-75-cai-brembo-p-59-088\/#primaryimage","url":"https:\/\/autorival.ro\/opel\/wp-content\/uploads\/sites\/21\/2025\/06\/p59088-1.jpg","contentUrl":"https:\/\/autorival.ro\/opel\/wp-content\/uploads\/sites\/21\/2025\/06\/p59088-1.jpg","width":2340,"height":1655,"caption":"Placute frana OPEL KARL (C16) 1.0 benzina 75 cai BREMBO P 59 088"},{"@type":"BreadcrumbList","@id":"https:\/\/autorival.ro\/opel\/product\/placute-frana-opel-karl-c16-1-0-benzina-75-cai-brembo-p-59-088\/#breadcrumb","itemListElement":[{"@type":"ListItem","position":1,"name":"Prima pagin\u0103","item":"https:\/\/autorival.ro\/opel\/"},{"@type":"ListItem","position":2,"name":"Piese auto OPEL","item":"https:\/\/autorival.ro\/opel\/"},{"@type":"ListItem","position":3,"name":"Placute frana OPEL KARL (C16) 1.0 benzina 75 cai BREMBO P 59 088"}]},{"@type":"WebSite","@id":"https:\/\/autorival.ro\/opel\/#website","url":"https:\/\/autorival.ro\/opel\/","name":"OPEL","description":"","potentialAction":[{"@type":"SearchAction","target":{"@type":"EntryPoint","urlTemplate":"https:\/\/autorival.ro\/opel\/?s={search_term_string}"},"query-input":{"@type":"PropertyValueSpecification","valueRequired":true,"valueName":"search_term_string"}}],"inLanguage":"en-US"}]}},"_links":{"self":[{"href":"https:\/\/autorival.ro\/opel\/wp-json\/wp\/v2\/product\/690695","targetHints":{"allow":["GET"]}}],"collection":[{"href":"https:\/\/autorival.ro\/opel\/wp-json\/wp\/v2\/product"}],"about":[{"href":"https:\/\/autorival.ro\/opel\/wp-json\/wp\/v2\/types\/product"}],"replies":[{"embeddable":true,"href":"https:\/\/autorival.ro\/opel\/wp-json\/wp\/v2\/comments?post=690695"}],"wp:featuredmedia":[{"embeddable":true,"href":"https:\/\/autorival.ro\/opel\/wp-json\/wp\/v2\/media\/690696"}],"wp:attachment":[{"href":"https:\/\/autorival.ro\/opel\/wp-json\/wp\/v2\/media?parent=690695"}],"wp:term":[{"taxonomy":"product_brand","embeddable":true,"href":"https:\/\/autorival.ro\/opel\/wp-json\/wp\/v2\/product_brand?post=690695"},{"taxonomy":"product_cat","embeddable":true,"href":"https:\/\/autorival.ro\/opel\/wp-json\/wp\/v2\/product_cat?post=690695"},{"taxonomy":"product_tag","embeddable":true,"href":"https:\/\/autorival.ro\/opel\/wp-json\/wp\/v2\/product_tag?post=690695"}],"curies":[{"name":"wp","href":"https:\/\/api.w.org\/{rel}","templated":true}]}}