{"id":685449,"date":"2025-06-24T23:18:18","date_gmt":"2025-06-24T23:18:18","guid":{"rendered":"https:\/\/autorival.ro\/opel\/product\/placute-frana-opel-combo-tour-x12-1-6-cdti-c26-d26-e26-c05-diesel-105-cai-premiere-fpf-329\/"},"modified":"2025-06-24T23:18:18","modified_gmt":"2025-06-24T23:18:18","slug":"placute-frana-opel-combo-tour-x12-1-6-cdti-c26-d26-e26-c05-diesel-105-cai-premiere-fpf-329","status":"publish","type":"product","link":"https:\/\/autorival.ro\/opel\/product\/placute-frana-opel-combo-tour-x12-1-6-cdti-c26-d26-e26-c05-diesel-105-cai-premiere-fpf-329\/","title":{"rendered":"Placute frana OPEL COMBO Tour (X12) 1.6 CDTI (C26, D26, E26, C05) diesel 105 cai PREMIERE FPF.329"},"content":{"rendered":"<p>An fabricatie pana la: 201311pentru diametru disc frana [mm]: 284pentru POC: J42Partea de montare: punte fata ->Latime [mm]: 136,8\u00cenaltime [mm]: 57,2 ->Grosime [mm]: 18,2Num\u0103rul indicatorilor de uzur\u0103 [per ax\u0103]: 1Contact indicator uzura: inclusiv contact avertizare uzura ->Lungime contact avertizare [mm]: 216Sistem de fr\u00e2nare: BoschArticol extins\/Informatii de extindere: cu acceasoriiArticol completare\/Info suplimentar 2: cu tabla anti scartait, cu suruburi etrierCalitate: PREMIUM<\/p>\n","protected":false},"excerpt":{"rendered":"<p>Producator: PREMIERE Cod producator: FPF.329<\/p>\n","protected":false},"featured_media":685450,"comment_status":"open","ping_status":"closed","template":"","meta":[],"product_brand":[390],"product_cat":[24370],"product_tag":[43326,43325,44492,43366,43324,44487,43466],"class_list":{"0":"post-685449","1":"product","2":"type-product","3":"status-publish","4":"has-post-thumbnail","6":"product_brand-premiere","7":"product_cat-placute-frana-tour-x12-1-6-cdti-c26-d26-e26-c05-diesel-105","8":"product_tag-cdti","9":"product_tag-combo","10":"product_tag-fpf","11":"product_tag-frana","12":"product_tag-opel","13":"product_tag-placute","14":"product_tag-premiere","16":"first","17":"instock","18":"shipping-taxable","19":"purchasable","20":"product-type-simple"},"yoast_head":"<!-- This site is optimized with the Yoast SEO plugin v27.3 - https:\/\/yoast.com\/product\/yoast-seo-wordpress\/ -->\n<title>Placute frana OPEL COMBO Tour (X12) 1.6 CDTI (C26, D26, E26, C05) diesel 105 cai PREMIERE FPF.329 OPEL | PREMIERE - Autorival<\/title>\n<meta name=\"description\" content=\"\u26a1 Placute frana OPEL COMBO Tour (X12) 1.6 CDTI (C26, D26, E26, C05) diesel 105 cai PREMIERE FPF.329 pentru OPEL la doar 170.82 RON. \u2713 Cod: FPF \u2713 Brand: PREMIERE \u2713 \u00cen stoc \u2713 Livrare 24h \u2713 Garan\u021bie!\" \/>\n<meta name=\"robots\" content=\"index, follow, max-snippet:-1, max-image-preview:large, max-video-preview:-1\" \/>\n<meta property=\"og:locale\" content=\"en_US\" \/>\n<meta property=\"og:type\" content=\"article\" \/>\n<meta property=\"og:title\" content=\"Placute frana OPEL COMBO Tour (X12) 1.6 CDTI (C26, D26, E26, C05) diesel 105 cai PREMIERE FPF.329 OPEL | PREMIERE - Autorival\" \/>\n<meta property=\"og:description\" content=\"\u26a1 Placute frana OPEL COMBO Tour (X12) 1.6 CDTI (C26, D26, E26, C05) diesel 105 cai PREMIERE FPF.329 pentru OPEL la doar 170.82 RON. \u2713 Cod: FPF \u2713 Brand: PREMIERE \u2713 \u00cen stoc \u2713 Livrare 24h \u2713 Garan\u021bie!\" \/>\n<meta property=\"og:url\" content=\"https:\/\/autorival.ro\/opel\/product\/placute-frana-opel-combo-tour-x12-1-6-cdti-c26-d26-e26-c05-diesel-105-cai-premiere-fpf-329\/\" \/>\n<meta property=\"og:site_name\" content=\"OPEL\" \/>\n<meta property=\"og:image\" content=\"https:\/\/autorival.ro\/opel\/wp-content\/uploads\/sites\/21\/2025\/06\/Opel0105-1-1908.png\" \/>\n\t<meta property=\"og:image:width\" content=\"400\" \/>\n\t<meta property=\"og:image:height\" content=\"225\" \/>\n\t<meta property=\"og:image:type\" content=\"image\/png\" \/>\n<meta name=\"twitter:card\" content=\"summary_large_image\" \/>\n<meta name=\"twitter:title\" content=\"Placute frana OPEL COMBO Tour (X12) 1.6 CDTI (C26, D26, E26, C05) diesel 105 cai PREMIERE FPF.329 OPEL | PREMIERE - Autorival\" \/>\n<meta name=\"twitter:description\" content=\"\u26a1 Placute frana OPEL COMBO Tour (X12) 1.6 CDTI (C26, D26, E26, C05) diesel 105 cai PREMIERE FPF.329 pentru OPEL la doar 170.82 RON. \u2713 Cod: FPF \u2713 Brand: PREMIERE \u2713 \u00cen stoc \u2713 Livrare 24h \u2713 Garan\u021bie!\" \/>\n<script type=\"application\/ld+json\" class=\"yoast-schema-graph\">{\"@context\":\"https:\\\/\\\/schema.org\",\"@graph\":[{\"@type\":\"WebPage\",\"@id\":\"https:\\\/\\\/autorival.ro\\\/opel\\\/product\\\/placute-frana-opel-combo-tour-x12-1-6-cdti-c26-d26-e26-c05-diesel-105-cai-premiere-fpf-329\\\/\",\"url\":\"https:\\\/\\\/autorival.ro\\\/opel\\\/product\\\/placute-frana-opel-combo-tour-x12-1-6-cdti-c26-d26-e26-c05-diesel-105-cai-premiere-fpf-329\\\/\",\"name\":\"Placute frana OPEL COMBO Tour (X12) 1.6 CDTI (C26, D26, E26, C05) diesel 105 cai PREMIERE FPF.329 OPEL | PREMIERE - Autorival\",\"isPartOf\":{\"@id\":\"https:\\\/\\\/autorival.ro\\\/opel\\\/#website\"},\"primaryImageOfPage\":{\"@id\":\"https:\\\/\\\/autorival.ro\\\/opel\\\/product\\\/placute-frana-opel-combo-tour-x12-1-6-cdti-c26-d26-e26-c05-diesel-105-cai-premiere-fpf-329\\\/#primaryimage\"},\"image\":{\"@id\":\"https:\\\/\\\/autorival.ro\\\/opel\\\/product\\\/placute-frana-opel-combo-tour-x12-1-6-cdti-c26-d26-e26-c05-diesel-105-cai-premiere-fpf-329\\\/#primaryimage\"},\"thumbnailUrl\":\"https:\\\/\\\/autorival.ro\\\/opel\\\/wp-content\\\/uploads\\\/sites\\\/21\\\/2025\\\/06\\\/Opel0105-1-1908.png\",\"datePublished\":\"2025-06-24T23:18:18+00:00\",\"description\":\"\u26a1 Placute frana OPEL COMBO Tour (X12) 1.6 CDTI (C26, D26, E26, C05) diesel 105 cai PREMIERE FPF.329 pentru OPEL la doar 170.82 RON. \u2713 Cod: FPF \u2713 Brand: PREMIERE \u2713 \u00cen stoc \u2713 Livrare 24h \u2713 Garan\u021bie!\",\"breadcrumb\":{\"@id\":\"https:\\\/\\\/autorival.ro\\\/opel\\\/product\\\/placute-frana-opel-combo-tour-x12-1-6-cdti-c26-d26-e26-c05-diesel-105-cai-premiere-fpf-329\\\/#breadcrumb\"},\"inLanguage\":\"en-US\",\"potentialAction\":[{\"@type\":\"ReadAction\",\"target\":[\"https:\\\/\\\/autorival.ro\\\/opel\\\/product\\\/placute-frana-opel-combo-tour-x12-1-6-cdti-c26-d26-e26-c05-diesel-105-cai-premiere-fpf-329\\\/\"]}]},{\"@type\":\"ImageObject\",\"inLanguage\":\"en-US\",\"@id\":\"https:\\\/\\\/autorival.ro\\\/opel\\\/product\\\/placute-frana-opel-combo-tour-x12-1-6-cdti-c26-d26-e26-c05-diesel-105-cai-premiere-fpf-329\\\/#primaryimage\",\"url\":\"https:\\\/\\\/autorival.ro\\\/opel\\\/wp-content\\\/uploads\\\/sites\\\/21\\\/2025\\\/06\\\/Opel0105-1-1908.png\",\"contentUrl\":\"https:\\\/\\\/autorival.ro\\\/opel\\\/wp-content\\\/uploads\\\/sites\\\/21\\\/2025\\\/06\\\/Opel0105-1-1908.png\",\"width\":400,\"height\":225,\"caption\":\"Placute frana OPEL COMBO Tour (X12) 1.6 CDTI (C26, D26, E26, C05) diesel 105 cai PREMIERE FPF.329\"},{\"@type\":\"BreadcrumbList\",\"@id\":\"https:\\\/\\\/autorival.ro\\\/opel\\\/product\\\/placute-frana-opel-combo-tour-x12-1-6-cdti-c26-d26-e26-c05-diesel-105-cai-premiere-fpf-329\\\/#breadcrumb\",\"itemListElement\":[{\"@type\":\"ListItem\",\"position\":1,\"name\":\"Prima pagin\u0103\",\"item\":\"https:\\\/\\\/autorival.ro\\\/opel\\\/\"},{\"@type\":\"ListItem\",\"position\":2,\"name\":\"Piese auto OPEL\",\"item\":\"https:\\\/\\\/autorival.ro\\\/opel\\\/\"},{\"@type\":\"ListItem\",\"position\":3,\"name\":\"Placute frana OPEL COMBO Tour (X12) 1.6 CDTI (C26, D26, E26, C05) diesel 105 cai PREMIERE FPF.329\"}]},{\"@type\":\"WebSite\",\"@id\":\"https:\\\/\\\/autorival.ro\\\/opel\\\/#website\",\"url\":\"https:\\\/\\\/autorival.ro\\\/opel\\\/\",\"name\":\"OPEL\",\"description\":\"\",\"potentialAction\":[{\"@type\":\"SearchAction\",\"target\":{\"@type\":\"EntryPoint\",\"urlTemplate\":\"https:\\\/\\\/autorival.ro\\\/opel\\\/?s={search_term_string}\"},\"query-input\":{\"@type\":\"PropertyValueSpecification\",\"valueRequired\":true,\"valueName\":\"search_term_string\"}}],\"inLanguage\":\"en-US\"}]}<\/script>\n<!-- \/ Yoast SEO plugin. -->","yoast_head_json":{"title":"Placute frana OPEL COMBO Tour (X12) 1.6 CDTI (C26, D26, E26, C05) diesel 105 cai PREMIERE FPF.329 OPEL | PREMIERE - Autorival","description":"\u26a1 Placute frana OPEL COMBO Tour (X12) 1.6 CDTI (C26, D26, E26, C05) diesel 105 cai PREMIERE FPF.329 pentru OPEL la doar 170.82 RON. \u2713 Cod: FPF \u2713 Brand: PREMIERE \u2713 \u00cen stoc \u2713 Livrare 24h \u2713 Garan\u021bie!","robots":{"index":"index","follow":"follow","max-snippet":"max-snippet:-1","max-image-preview":"max-image-preview:large","max-video-preview":"max-video-preview:-1"},"og_locale":"en_US","og_type":"article","og_title":"Placute frana OPEL COMBO Tour (X12) 1.6 CDTI (C26, D26, E26, C05) diesel 105 cai PREMIERE FPF.329 OPEL | PREMIERE - Autorival","og_description":"\u26a1 Placute frana OPEL COMBO Tour (X12) 1.6 CDTI (C26, D26, E26, C05) diesel 105 cai PREMIERE FPF.329 pentru OPEL la doar 170.82 RON. \u2713 Cod: FPF \u2713 Brand: PREMIERE \u2713 \u00cen stoc \u2713 Livrare 24h \u2713 Garan\u021bie!","og_url":"https:\/\/autorival.ro\/opel\/product\/placute-frana-opel-combo-tour-x12-1-6-cdti-c26-d26-e26-c05-diesel-105-cai-premiere-fpf-329\/","og_site_name":"OPEL","og_image":[{"width":400,"height":225,"url":"https:\/\/autorival.ro\/opel\/wp-content\/uploads\/sites\/21\/2025\/06\/Opel0105-1-1908.png","type":"image\/png"}],"twitter_card":"summary_large_image","twitter_title":"Placute frana OPEL COMBO Tour (X12) 1.6 CDTI (C26, D26, E26, C05) diesel 105 cai PREMIERE FPF.329 OPEL | PREMIERE - Autorival","twitter_description":"\u26a1 Placute frana OPEL COMBO Tour (X12) 1.6 CDTI (C26, D26, E26, C05) diesel 105 cai PREMIERE FPF.329 pentru OPEL la doar 170.82 RON. \u2713 Cod: FPF \u2713 Brand: PREMIERE \u2713 \u00cen stoc \u2713 Livrare 24h \u2713 Garan\u021bie!","schema":{"@context":"https:\/\/schema.org","@graph":[{"@type":"WebPage","@id":"https:\/\/autorival.ro\/opel\/product\/placute-frana-opel-combo-tour-x12-1-6-cdti-c26-d26-e26-c05-diesel-105-cai-premiere-fpf-329\/","url":"https:\/\/autorival.ro\/opel\/product\/placute-frana-opel-combo-tour-x12-1-6-cdti-c26-d26-e26-c05-diesel-105-cai-premiere-fpf-329\/","name":"Placute frana OPEL COMBO Tour (X12) 1.6 CDTI (C26, D26, E26, C05) diesel 105 cai PREMIERE FPF.329 OPEL | PREMIERE - Autorival","isPartOf":{"@id":"https:\/\/autorival.ro\/opel\/#website"},"primaryImageOfPage":{"@id":"https:\/\/autorival.ro\/opel\/product\/placute-frana-opel-combo-tour-x12-1-6-cdti-c26-d26-e26-c05-diesel-105-cai-premiere-fpf-329\/#primaryimage"},"image":{"@id":"https:\/\/autorival.ro\/opel\/product\/placute-frana-opel-combo-tour-x12-1-6-cdti-c26-d26-e26-c05-diesel-105-cai-premiere-fpf-329\/#primaryimage"},"thumbnailUrl":"https:\/\/autorival.ro\/opel\/wp-content\/uploads\/sites\/21\/2025\/06\/Opel0105-1-1908.png","datePublished":"2025-06-24T23:18:18+00:00","description":"\u26a1 Placute frana OPEL COMBO Tour (X12) 1.6 CDTI (C26, D26, E26, C05) diesel 105 cai PREMIERE FPF.329 pentru OPEL la doar 170.82 RON. \u2713 Cod: FPF \u2713 Brand: PREMIERE \u2713 \u00cen stoc \u2713 Livrare 24h \u2713 Garan\u021bie!","breadcrumb":{"@id":"https:\/\/autorival.ro\/opel\/product\/placute-frana-opel-combo-tour-x12-1-6-cdti-c26-d26-e26-c05-diesel-105-cai-premiere-fpf-329\/#breadcrumb"},"inLanguage":"en-US","potentialAction":[{"@type":"ReadAction","target":["https:\/\/autorival.ro\/opel\/product\/placute-frana-opel-combo-tour-x12-1-6-cdti-c26-d26-e26-c05-diesel-105-cai-premiere-fpf-329\/"]}]},{"@type":"ImageObject","inLanguage":"en-US","@id":"https:\/\/autorival.ro\/opel\/product\/placute-frana-opel-combo-tour-x12-1-6-cdti-c26-d26-e26-c05-diesel-105-cai-premiere-fpf-329\/#primaryimage","url":"https:\/\/autorival.ro\/opel\/wp-content\/uploads\/sites\/21\/2025\/06\/Opel0105-1-1908.png","contentUrl":"https:\/\/autorival.ro\/opel\/wp-content\/uploads\/sites\/21\/2025\/06\/Opel0105-1-1908.png","width":400,"height":225,"caption":"Placute frana OPEL COMBO Tour (X12) 1.6 CDTI (C26, D26, E26, C05) diesel 105 cai PREMIERE FPF.329"},{"@type":"BreadcrumbList","@id":"https:\/\/autorival.ro\/opel\/product\/placute-frana-opel-combo-tour-x12-1-6-cdti-c26-d26-e26-c05-diesel-105-cai-premiere-fpf-329\/#breadcrumb","itemListElement":[{"@type":"ListItem","position":1,"name":"Prima pagin\u0103","item":"https:\/\/autorival.ro\/opel\/"},{"@type":"ListItem","position":2,"name":"Piese auto OPEL","item":"https:\/\/autorival.ro\/opel\/"},{"@type":"ListItem","position":3,"name":"Placute frana OPEL COMBO Tour (X12) 1.6 CDTI (C26, D26, E26, C05) diesel 105 cai PREMIERE FPF.329"}]},{"@type":"WebSite","@id":"https:\/\/autorival.ro\/opel\/#website","url":"https:\/\/autorival.ro\/opel\/","name":"OPEL","description":"","potentialAction":[{"@type":"SearchAction","target":{"@type":"EntryPoint","urlTemplate":"https:\/\/autorival.ro\/opel\/?s={search_term_string}"},"query-input":{"@type":"PropertyValueSpecification","valueRequired":true,"valueName":"search_term_string"}}],"inLanguage":"en-US"}]}},"_links":{"self":[{"href":"https:\/\/autorival.ro\/opel\/wp-json\/wp\/v2\/product\/685449","targetHints":{"allow":["GET"]}}],"collection":[{"href":"https:\/\/autorival.ro\/opel\/wp-json\/wp\/v2\/product"}],"about":[{"href":"https:\/\/autorival.ro\/opel\/wp-json\/wp\/v2\/types\/product"}],"replies":[{"embeddable":true,"href":"https:\/\/autorival.ro\/opel\/wp-json\/wp\/v2\/comments?post=685449"}],"wp:featuredmedia":[{"embeddable":true,"href":"https:\/\/autorival.ro\/opel\/wp-json\/wp\/v2\/media\/685450"}],"wp:attachment":[{"href":"https:\/\/autorival.ro\/opel\/wp-json\/wp\/v2\/media?parent=685449"}],"wp:term":[{"taxonomy":"product_brand","embeddable":true,"href":"https:\/\/autorival.ro\/opel\/wp-json\/wp\/v2\/product_brand?post=685449"},{"taxonomy":"product_cat","embeddable":true,"href":"https:\/\/autorival.ro\/opel\/wp-json\/wp\/v2\/product_cat?post=685449"},{"taxonomy":"product_tag","embeddable":true,"href":"https:\/\/autorival.ro\/opel\/wp-json\/wp\/v2\/product_tag?post=685449"}],"curies":[{"name":"wp","href":"https:\/\/api.w.org\/{rel}","templated":true}]}}