{"id":439910,"date":"2025-06-08T09:26:37","date_gmt":"2025-06-08T09:26:37","guid":{"rendered":"https:\/\/autorival.ro\/opel\/product\/filtru-polen-opel-movano-a-bus-x70-2-5-cdti-jd-diesel-146-cai-mastersport-germany-3454-if-pcs-ms\/"},"modified":"2025-06-08T09:26:37","modified_gmt":"2025-06-08T09:26:37","slug":"filtru-polen-opel-movano-a-bus-x70-2-5-cdti-jd-diesel-146-cai-mastersport-germany-3454-if-pcs-ms","status":"publish","type":"product","link":"https:\/\/autorival.ro\/opel\/product\/filtru-polen-opel-movano-a-bus-x70-2-5-cdti-jd-diesel-146-cai-mastersport-germany-3454-if-pcs-ms\/","title":{"rendered":"Filtru polen OPEL MOVANO A bus (X70) 2.5 CDTI (JD) diesel 146 cai MASTERSPORT GERMANY 3454-IF-PCS-MS"},"content":{"rendered":"<p>Tip filtru: Filtru de particule ->Lungime [mm]: 332 ->Latime [mm]: 192\u00cenaltime [mm]: 31Versiunea de baz\u0103 cu c\u0103rbune activ (nr. art.): 3454\/1-IFEficien\u021b\u0103 \u00eenalt\u0103 versiunea cu c\u0103rbune activ (nr. art.): 3454-IFB ->Greutate neta [kg]: 0,15 ->Greutate brut\u0103 [kg]: 0,27<\/p>\n","protected":false},"excerpt":{"rendered":"<p>Producator: MASTERSPORT GERMANY Cod producator: 3454-IF-PCS-MS<\/p>\n","protected":false},"featured_media":439911,"comment_status":"open","ping_status":"closed","template":"","meta":[],"product_brand":[386],"product_cat":[16439],"product_tag":[43326,43863,43459,43458,43332,43324,44203],"class_list":{"0":"post-439910","1":"product","2":"type-product","3":"status-publish","4":"has-post-thumbnail","6":"product_brand-mastersport-germany","7":"product_cat-filtru-polen-a-bus-x70-2-5-cdti-jd-diesel-146","8":"product_tag-cdti","9":"product_tag-filtru","10":"product_tag-germany","11":"product_tag-mastersport","12":"product_tag-movano","13":"product_tag-opel","14":"product_tag-polen","16":"first","17":"instock","18":"shipping-taxable","19":"purchasable","20":"product-type-simple"},"yoast_head":"<!-- This site is optimized with the Yoast SEO plugin v27.3 - https:\/\/yoast.com\/product\/yoast-seo-wordpress\/ -->\n<title>Filtru polen OPEL MOVANO A bus (X70) 2.5 CDTI (JD) diesel 146 cai MASTERSPORT GERMANY 3454-IF-PCS-MS - OPEL<\/title>\n<meta name=\"robots\" content=\"index, follow, max-snippet:-1, max-image-preview:large, max-video-preview:-1\" \/>\n<meta property=\"og:locale\" content=\"en_US\" \/>\n<meta property=\"og:type\" content=\"article\" \/>\n<meta property=\"og:title\" content=\"Filtru polen OPEL MOVANO A bus (X70) 2.5 CDTI (JD) diesel 146 cai MASTERSPORT GERMANY 3454-IF-PCS-MS - OPEL\" \/>\n<meta property=\"og:description\" content=\"Producator: MASTERSPORT GERMANY Cod producator: 3454-IF-PCS-MS\" \/>\n<meta property=\"og:url\" content=\"https:\/\/autorival.ro\/opel\/product\/filtru-polen-opel-movano-a-bus-x70-2-5-cdti-jd-diesel-146-cai-mastersport-germany-3454-if-pcs-ms\/\" \/>\n<meta property=\"og:site_name\" content=\"OPEL\" \/>\n<meta property=\"og:image\" content=\"https:\/\/autorival.ro\/opel\/wp-content\/uploads\/sites\/21\/2025\/06\/3454-if-pcs-ms-5.jpg\" \/>\n\t<meta property=\"og:image:width\" content=\"1500\" \/>\n\t<meta property=\"og:image:height\" content=\"1500\" \/>\n\t<meta property=\"og:image:type\" content=\"image\/jpeg\" \/>\n<meta name=\"twitter:card\" content=\"summary_large_image\" \/>\n<script type=\"application\/ld+json\" class=\"yoast-schema-graph\">{\"@context\":\"https:\\\/\\\/schema.org\",\"@graph\":[{\"@type\":\"WebPage\",\"@id\":\"https:\\\/\\\/autorival.ro\\\/opel\\\/product\\\/filtru-polen-opel-movano-a-bus-x70-2-5-cdti-jd-diesel-146-cai-mastersport-germany-3454-if-pcs-ms\\\/\",\"url\":\"https:\\\/\\\/autorival.ro\\\/opel\\\/product\\\/filtru-polen-opel-movano-a-bus-x70-2-5-cdti-jd-diesel-146-cai-mastersport-germany-3454-if-pcs-ms\\\/\",\"name\":\"Filtru polen OPEL MOVANO A bus (X70) 2.5 CDTI (JD) diesel 146 cai MASTERSPORT GERMANY 3454-IF-PCS-MS - OPEL\",\"isPartOf\":{\"@id\":\"https:\\\/\\\/autorival.ro\\\/opel\\\/#website\"},\"primaryImageOfPage\":{\"@id\":\"https:\\\/\\\/autorival.ro\\\/opel\\\/product\\\/filtru-polen-opel-movano-a-bus-x70-2-5-cdti-jd-diesel-146-cai-mastersport-germany-3454-if-pcs-ms\\\/#primaryimage\"},\"image\":{\"@id\":\"https:\\\/\\\/autorival.ro\\\/opel\\\/product\\\/filtru-polen-opel-movano-a-bus-x70-2-5-cdti-jd-diesel-146-cai-mastersport-germany-3454-if-pcs-ms\\\/#primaryimage\"},\"thumbnailUrl\":\"https:\\\/\\\/autorival.ro\\\/opel\\\/wp-content\\\/uploads\\\/sites\\\/21\\\/2025\\\/06\\\/3454-if-pcs-ms-5.jpg\",\"datePublished\":\"2025-06-08T09:26:37+00:00\",\"breadcrumb\":{\"@id\":\"https:\\\/\\\/autorival.ro\\\/opel\\\/product\\\/filtru-polen-opel-movano-a-bus-x70-2-5-cdti-jd-diesel-146-cai-mastersport-germany-3454-if-pcs-ms\\\/#breadcrumb\"},\"inLanguage\":\"en-US\",\"potentialAction\":[{\"@type\":\"ReadAction\",\"target\":[\"https:\\\/\\\/autorival.ro\\\/opel\\\/product\\\/filtru-polen-opel-movano-a-bus-x70-2-5-cdti-jd-diesel-146-cai-mastersport-germany-3454-if-pcs-ms\\\/\"]}]},{\"@type\":\"ImageObject\",\"inLanguage\":\"en-US\",\"@id\":\"https:\\\/\\\/autorival.ro\\\/opel\\\/product\\\/filtru-polen-opel-movano-a-bus-x70-2-5-cdti-jd-diesel-146-cai-mastersport-germany-3454-if-pcs-ms\\\/#primaryimage\",\"url\":\"https:\\\/\\\/autorival.ro\\\/opel\\\/wp-content\\\/uploads\\\/sites\\\/21\\\/2025\\\/06\\\/3454-if-pcs-ms-5.jpg\",\"contentUrl\":\"https:\\\/\\\/autorival.ro\\\/opel\\\/wp-content\\\/uploads\\\/sites\\\/21\\\/2025\\\/06\\\/3454-if-pcs-ms-5.jpg\",\"width\":1500,\"height\":1500,\"caption\":\"Filtru polen OPEL MOVANO A bus (X70) 2.5 CDTI (JD) diesel 146 cai MASTERSPORT GERMANY 3454-IF-PCS-MS\"},{\"@type\":\"BreadcrumbList\",\"@id\":\"https:\\\/\\\/autorival.ro\\\/opel\\\/product\\\/filtru-polen-opel-movano-a-bus-x70-2-5-cdti-jd-diesel-146-cai-mastersport-germany-3454-if-pcs-ms\\\/#breadcrumb\",\"itemListElement\":[{\"@type\":\"ListItem\",\"position\":1,\"name\":\"Prima pagin\u0103\",\"item\":\"https:\\\/\\\/autorival.ro\\\/opel\\\/\"},{\"@type\":\"ListItem\",\"position\":2,\"name\":\"Piese auto OPEL\",\"item\":\"https:\\\/\\\/autorival.ro\\\/opel\\\/\"},{\"@type\":\"ListItem\",\"position\":3,\"name\":\"Filtru polen OPEL MOVANO A bus (X70) 2.5 CDTI (JD) diesel 146 cai MASTERSPORT GERMANY 3454-IF-PCS-MS\"}]},{\"@type\":\"WebSite\",\"@id\":\"https:\\\/\\\/autorival.ro\\\/opel\\\/#website\",\"url\":\"https:\\\/\\\/autorival.ro\\\/opel\\\/\",\"name\":\"OPEL\",\"description\":\"\",\"potentialAction\":[{\"@type\":\"SearchAction\",\"target\":{\"@type\":\"EntryPoint\",\"urlTemplate\":\"https:\\\/\\\/autorival.ro\\\/opel\\\/?s={search_term_string}\"},\"query-input\":{\"@type\":\"PropertyValueSpecification\",\"valueRequired\":true,\"valueName\":\"search_term_string\"}}],\"inLanguage\":\"en-US\"}]}<\/script>\n<!-- \/ Yoast SEO plugin. -->","yoast_head_json":{"title":"Filtru polen OPEL MOVANO A bus (X70) 2.5 CDTI (JD) diesel 146 cai MASTERSPORT GERMANY 3454-IF-PCS-MS - OPEL","robots":{"index":"index","follow":"follow","max-snippet":"max-snippet:-1","max-image-preview":"max-image-preview:large","max-video-preview":"max-video-preview:-1"},"og_locale":"en_US","og_type":"article","og_title":"Filtru polen OPEL MOVANO A bus (X70) 2.5 CDTI (JD) diesel 146 cai MASTERSPORT GERMANY 3454-IF-PCS-MS - OPEL","og_description":"Producator: MASTERSPORT GERMANY Cod producator: 3454-IF-PCS-MS","og_url":"https:\/\/autorival.ro\/opel\/product\/filtru-polen-opel-movano-a-bus-x70-2-5-cdti-jd-diesel-146-cai-mastersport-germany-3454-if-pcs-ms\/","og_site_name":"OPEL","og_image":[{"width":1500,"height":1500,"url":"https:\/\/autorival.ro\/opel\/wp-content\/uploads\/sites\/21\/2025\/06\/3454-if-pcs-ms-5.jpg","type":"image\/jpeg"}],"twitter_card":"summary_large_image","schema":{"@context":"https:\/\/schema.org","@graph":[{"@type":"WebPage","@id":"https:\/\/autorival.ro\/opel\/product\/filtru-polen-opel-movano-a-bus-x70-2-5-cdti-jd-diesel-146-cai-mastersport-germany-3454-if-pcs-ms\/","url":"https:\/\/autorival.ro\/opel\/product\/filtru-polen-opel-movano-a-bus-x70-2-5-cdti-jd-diesel-146-cai-mastersport-germany-3454-if-pcs-ms\/","name":"Filtru polen OPEL MOVANO A bus (X70) 2.5 CDTI (JD) diesel 146 cai MASTERSPORT GERMANY 3454-IF-PCS-MS - OPEL","isPartOf":{"@id":"https:\/\/autorival.ro\/opel\/#website"},"primaryImageOfPage":{"@id":"https:\/\/autorival.ro\/opel\/product\/filtru-polen-opel-movano-a-bus-x70-2-5-cdti-jd-diesel-146-cai-mastersport-germany-3454-if-pcs-ms\/#primaryimage"},"image":{"@id":"https:\/\/autorival.ro\/opel\/product\/filtru-polen-opel-movano-a-bus-x70-2-5-cdti-jd-diesel-146-cai-mastersport-germany-3454-if-pcs-ms\/#primaryimage"},"thumbnailUrl":"https:\/\/autorival.ro\/opel\/wp-content\/uploads\/sites\/21\/2025\/06\/3454-if-pcs-ms-5.jpg","datePublished":"2025-06-08T09:26:37+00:00","breadcrumb":{"@id":"https:\/\/autorival.ro\/opel\/product\/filtru-polen-opel-movano-a-bus-x70-2-5-cdti-jd-diesel-146-cai-mastersport-germany-3454-if-pcs-ms\/#breadcrumb"},"inLanguage":"en-US","potentialAction":[{"@type":"ReadAction","target":["https:\/\/autorival.ro\/opel\/product\/filtru-polen-opel-movano-a-bus-x70-2-5-cdti-jd-diesel-146-cai-mastersport-germany-3454-if-pcs-ms\/"]}]},{"@type":"ImageObject","inLanguage":"en-US","@id":"https:\/\/autorival.ro\/opel\/product\/filtru-polen-opel-movano-a-bus-x70-2-5-cdti-jd-diesel-146-cai-mastersport-germany-3454-if-pcs-ms\/#primaryimage","url":"https:\/\/autorival.ro\/opel\/wp-content\/uploads\/sites\/21\/2025\/06\/3454-if-pcs-ms-5.jpg","contentUrl":"https:\/\/autorival.ro\/opel\/wp-content\/uploads\/sites\/21\/2025\/06\/3454-if-pcs-ms-5.jpg","width":1500,"height":1500,"caption":"Filtru polen OPEL MOVANO A bus (X70) 2.5 CDTI (JD) diesel 146 cai MASTERSPORT GERMANY 3454-IF-PCS-MS"},{"@type":"BreadcrumbList","@id":"https:\/\/autorival.ro\/opel\/product\/filtru-polen-opel-movano-a-bus-x70-2-5-cdti-jd-diesel-146-cai-mastersport-germany-3454-if-pcs-ms\/#breadcrumb","itemListElement":[{"@type":"ListItem","position":1,"name":"Prima pagin\u0103","item":"https:\/\/autorival.ro\/opel\/"},{"@type":"ListItem","position":2,"name":"Piese auto OPEL","item":"https:\/\/autorival.ro\/opel\/"},{"@type":"ListItem","position":3,"name":"Filtru polen OPEL MOVANO A bus (X70) 2.5 CDTI (JD) diesel 146 cai MASTERSPORT GERMANY 3454-IF-PCS-MS"}]},{"@type":"WebSite","@id":"https:\/\/autorival.ro\/opel\/#website","url":"https:\/\/autorival.ro\/opel\/","name":"OPEL","description":"","potentialAction":[{"@type":"SearchAction","target":{"@type":"EntryPoint","urlTemplate":"https:\/\/autorival.ro\/opel\/?s={search_term_string}"},"query-input":{"@type":"PropertyValueSpecification","valueRequired":true,"valueName":"search_term_string"}}],"inLanguage":"en-US"}]}},"_links":{"self":[{"href":"https:\/\/autorival.ro\/opel\/wp-json\/wp\/v2\/product\/439910","targetHints":{"allow":["GET"]}}],"collection":[{"href":"https:\/\/autorival.ro\/opel\/wp-json\/wp\/v2\/product"}],"about":[{"href":"https:\/\/autorival.ro\/opel\/wp-json\/wp\/v2\/types\/product"}],"replies":[{"embeddable":true,"href":"https:\/\/autorival.ro\/opel\/wp-json\/wp\/v2\/comments?post=439910"}],"wp:featuredmedia":[{"embeddable":true,"href":"https:\/\/autorival.ro\/opel\/wp-json\/wp\/v2\/media\/439911"}],"wp:attachment":[{"href":"https:\/\/autorival.ro\/opel\/wp-json\/wp\/v2\/media?parent=439910"}],"wp:term":[{"taxonomy":"product_brand","embeddable":true,"href":"https:\/\/autorival.ro\/opel\/wp-json\/wp\/v2\/product_brand?post=439910"},{"taxonomy":"product_cat","embeddable":true,"href":"https:\/\/autorival.ro\/opel\/wp-json\/wp\/v2\/product_cat?post=439910"},{"taxonomy":"product_tag","embeddable":true,"href":"https:\/\/autorival.ro\/opel\/wp-json\/wp\/v2\/product_tag?post=439910"}],"curies":[{"name":"wp","href":"https:\/\/api.w.org\/{rel}","templated":true}]}}