{"id":439356,"date":"2025-06-08T09:10:28","date_gmt":"2025-06-08T09:10:28","guid":{"rendered":"https:\/\/autorival.ro\/opel\/product\/filtru-polen-opel-mokka-1-2-76-benzina-101-cai-bosch-1-987-435-608\/"},"modified":"2025-06-08T09:10:28","modified_gmt":"2025-06-08T09:10:28","slug":"filtru-polen-opel-mokka-1-2-76-benzina-101-cai-bosch-1-987-435-608","status":"publish","type":"product","link":"https:\/\/autorival.ro\/opel\/product\/filtru-polen-opel-mokka-1-2-76-benzina-101-cai-bosch-1-987-435-608\/","title":{"rendered":"Filtru polen OPEL MOKKA 1.2 (76) benzina 101 cai BOSCH 1 987 435 608"},"content":{"rendered":"<p>Tip filtru: Filtru carbon activ ->Lungime [mm]: 255 ->Latime [mm]: 83\u00cenaltime [mm]: 30Calitate: 2Versiunea de baz\u0103 (nr. art.): 1987435149Eficien\u021b\u0103 \u00eenalt\u0103 versiunea cu c\u0103rbune activ (nr. art.): 0986628568<\/p>\n","protected":false},"excerpt":{"rendered":"<p>Producator: BOSCH Cod producator: 1 987 435 608<\/p>\n","protected":false},"featured_media":439357,"comment_status":"open","ping_status":"closed","template":"","meta":[],"product_brand":[298],"product_cat":[16427],"product_tag":[43388,43389,43863,43341,43324,44203],"class_list":{"0":"post-439356","1":"product","2":"type-product","3":"status-publish","4":"has-post-thumbnail","6":"product_brand-bosch","7":"product_cat-filtru-polen-1-2-76-benzina-101","8":"product_tag-1-2","9":"product_tag-bosch","10":"product_tag-filtru","11":"product_tag-mokka","12":"product_tag-opel","13":"product_tag-polen","15":"first","16":"instock","17":"shipping-taxable","18":"purchasable","19":"product-type-simple"},"yoast_head":"<!-- This site is optimized with the Yoast SEO plugin v27.3 - https:\/\/yoast.com\/product\/yoast-seo-wordpress\/ -->\n<title>Filtru polen OPEL MOKKA 1.2 (76) benzina 101 cai BOSCH 1 987 435 608 OPEL | BOSCH - Autorival<\/title>\n<meta name=\"description\" content=\"\u26a1 Filtru polen OPEL MOKKA 1.2 (76) benzina 101 cai BOSCH 1 987 435 608 pentru OPEL la doar 128.1 RON. \u2713 Cod: 1 \u2713 Brand: BOSCH \u2713 \u00cen stoc \u2713 Livrare 24h \u2713 Garan\u021bie!\" \/>\n<meta name=\"robots\" content=\"index, follow, max-snippet:-1, max-image-preview:large, max-video-preview:-1\" \/>\n<meta property=\"og:locale\" content=\"en_US\" \/>\n<meta property=\"og:type\" content=\"article\" \/>\n<meta property=\"og:title\" content=\"Filtru polen OPEL MOKKA 1.2 (76) benzina 101 cai BOSCH 1 987 435 608 OPEL | BOSCH - Autorival\" \/>\n<meta property=\"og:description\" content=\"\u26a1 Filtru polen OPEL MOKKA 1.2 (76) benzina 101 cai BOSCH 1 987 435 608 pentru OPEL la doar 128.1 RON. \u2713 Cod: 1 \u2713 Brand: BOSCH \u2713 \u00cen stoc \u2713 Livrare 24h \u2713 Garan\u021bie!\" \/>\n<meta property=\"og:url\" content=\"https:\/\/autorival.ro\/opel\/product\/filtru-polen-opel-mokka-1-2-76-benzina-101-cai-bosch-1-987-435-608\/\" \/>\n<meta property=\"og:site_name\" content=\"OPEL\" \/>\n<meta property=\"og:image\" content=\"https:\/\/autorival.ro\/opel\/wp-content\/uploads\/sites\/21\/2025\/06\/1987435608ph01whco0000.jpg\" \/>\n\t<meta property=\"og:image:width\" content=\"1280\" \/>\n\t<meta property=\"og:image:height\" content=\"943\" \/>\n\t<meta property=\"og:image:type\" content=\"image\/jpeg\" \/>\n<meta name=\"twitter:card\" content=\"summary_large_image\" \/>\n<meta name=\"twitter:title\" content=\"Filtru polen OPEL MOKKA 1.2 (76) benzina 101 cai BOSCH 1 987 435 608 OPEL | BOSCH - Autorival\" \/>\n<meta name=\"twitter:description\" content=\"\u26a1 Filtru polen OPEL MOKKA 1.2 (76) benzina 101 cai BOSCH 1 987 435 608 pentru OPEL la doar 128.1 RON. \u2713 Cod: 1 \u2713 Brand: BOSCH \u2713 \u00cen stoc \u2713 Livrare 24h \u2713 Garan\u021bie!\" \/>\n<script type=\"application\/ld+json\" class=\"yoast-schema-graph\">{\"@context\":\"https:\\\/\\\/schema.org\",\"@graph\":[{\"@type\":\"WebPage\",\"@id\":\"https:\\\/\\\/autorival.ro\\\/opel\\\/product\\\/filtru-polen-opel-mokka-1-2-76-benzina-101-cai-bosch-1-987-435-608\\\/\",\"url\":\"https:\\\/\\\/autorival.ro\\\/opel\\\/product\\\/filtru-polen-opel-mokka-1-2-76-benzina-101-cai-bosch-1-987-435-608\\\/\",\"name\":\"Filtru polen OPEL MOKKA 1.2 (76) benzina 101 cai BOSCH 1 987 435 608 OPEL | BOSCH - Autorival\",\"isPartOf\":{\"@id\":\"https:\\\/\\\/autorival.ro\\\/opel\\\/#website\"},\"primaryImageOfPage\":{\"@id\":\"https:\\\/\\\/autorival.ro\\\/opel\\\/product\\\/filtru-polen-opel-mokka-1-2-76-benzina-101-cai-bosch-1-987-435-608\\\/#primaryimage\"},\"image\":{\"@id\":\"https:\\\/\\\/autorival.ro\\\/opel\\\/product\\\/filtru-polen-opel-mokka-1-2-76-benzina-101-cai-bosch-1-987-435-608\\\/#primaryimage\"},\"thumbnailUrl\":\"https:\\\/\\\/autorival.ro\\\/opel\\\/wp-content\\\/uploads\\\/sites\\\/21\\\/2025\\\/06\\\/1987435608ph01whco0000.jpg\",\"datePublished\":\"2025-06-08T09:10:28+00:00\",\"description\":\"\u26a1 Filtru polen OPEL MOKKA 1.2 (76) benzina 101 cai BOSCH 1 987 435 608 pentru OPEL la doar 128.1 RON. \u2713 Cod: 1 \u2713 Brand: BOSCH \u2713 \u00cen stoc \u2713 Livrare 24h \u2713 Garan\u021bie!\",\"breadcrumb\":{\"@id\":\"https:\\\/\\\/autorival.ro\\\/opel\\\/product\\\/filtru-polen-opel-mokka-1-2-76-benzina-101-cai-bosch-1-987-435-608\\\/#breadcrumb\"},\"inLanguage\":\"en-US\",\"potentialAction\":[{\"@type\":\"ReadAction\",\"target\":[\"https:\\\/\\\/autorival.ro\\\/opel\\\/product\\\/filtru-polen-opel-mokka-1-2-76-benzina-101-cai-bosch-1-987-435-608\\\/\"]}]},{\"@type\":\"ImageObject\",\"inLanguage\":\"en-US\",\"@id\":\"https:\\\/\\\/autorival.ro\\\/opel\\\/product\\\/filtru-polen-opel-mokka-1-2-76-benzina-101-cai-bosch-1-987-435-608\\\/#primaryimage\",\"url\":\"https:\\\/\\\/autorival.ro\\\/opel\\\/wp-content\\\/uploads\\\/sites\\\/21\\\/2025\\\/06\\\/1987435608ph01whco0000.jpg\",\"contentUrl\":\"https:\\\/\\\/autorival.ro\\\/opel\\\/wp-content\\\/uploads\\\/sites\\\/21\\\/2025\\\/06\\\/1987435608ph01whco0000.jpg\",\"width\":1280,\"height\":943,\"caption\":\"Filtru polen OPEL MOKKA 1.2 (76) benzina 101 cai BOSCH 1 987 435 608\"},{\"@type\":\"BreadcrumbList\",\"@id\":\"https:\\\/\\\/autorival.ro\\\/opel\\\/product\\\/filtru-polen-opel-mokka-1-2-76-benzina-101-cai-bosch-1-987-435-608\\\/#breadcrumb\",\"itemListElement\":[{\"@type\":\"ListItem\",\"position\":1,\"name\":\"Prima pagin\u0103\",\"item\":\"https:\\\/\\\/autorival.ro\\\/opel\\\/\"},{\"@type\":\"ListItem\",\"position\":2,\"name\":\"Piese auto OPEL\",\"item\":\"https:\\\/\\\/autorival.ro\\\/opel\\\/\"},{\"@type\":\"ListItem\",\"position\":3,\"name\":\"Filtru polen OPEL MOKKA 1.2 (76) benzina 101 cai BOSCH 1 987 435 608\"}]},{\"@type\":\"WebSite\",\"@id\":\"https:\\\/\\\/autorival.ro\\\/opel\\\/#website\",\"url\":\"https:\\\/\\\/autorival.ro\\\/opel\\\/\",\"name\":\"OPEL\",\"description\":\"\",\"potentialAction\":[{\"@type\":\"SearchAction\",\"target\":{\"@type\":\"EntryPoint\",\"urlTemplate\":\"https:\\\/\\\/autorival.ro\\\/opel\\\/?s={search_term_string}\"},\"query-input\":{\"@type\":\"PropertyValueSpecification\",\"valueRequired\":true,\"valueName\":\"search_term_string\"}}],\"inLanguage\":\"en-US\"}]}<\/script>\n<!-- \/ Yoast SEO plugin. -->","yoast_head_json":{"title":"Filtru polen OPEL MOKKA 1.2 (76) benzina 101 cai BOSCH 1 987 435 608 OPEL | BOSCH - Autorival","description":"\u26a1 Filtru polen OPEL MOKKA 1.2 (76) benzina 101 cai BOSCH 1 987 435 608 pentru OPEL la doar 128.1 RON. \u2713 Cod: 1 \u2713 Brand: BOSCH \u2713 \u00cen stoc \u2713 Livrare 24h \u2713 Garan\u021bie!","robots":{"index":"index","follow":"follow","max-snippet":"max-snippet:-1","max-image-preview":"max-image-preview:large","max-video-preview":"max-video-preview:-1"},"og_locale":"en_US","og_type":"article","og_title":"Filtru polen OPEL MOKKA 1.2 (76) benzina 101 cai BOSCH 1 987 435 608 OPEL | BOSCH - Autorival","og_description":"\u26a1 Filtru polen OPEL MOKKA 1.2 (76) benzina 101 cai BOSCH 1 987 435 608 pentru OPEL la doar 128.1 RON. \u2713 Cod: 1 \u2713 Brand: BOSCH \u2713 \u00cen stoc \u2713 Livrare 24h \u2713 Garan\u021bie!","og_url":"https:\/\/autorival.ro\/opel\/product\/filtru-polen-opel-mokka-1-2-76-benzina-101-cai-bosch-1-987-435-608\/","og_site_name":"OPEL","og_image":[{"width":1280,"height":943,"url":"https:\/\/autorival.ro\/opel\/wp-content\/uploads\/sites\/21\/2025\/06\/1987435608ph01whco0000.jpg","type":"image\/jpeg"}],"twitter_card":"summary_large_image","twitter_title":"Filtru polen OPEL MOKKA 1.2 (76) benzina 101 cai BOSCH 1 987 435 608 OPEL | BOSCH - Autorival","twitter_description":"\u26a1 Filtru polen OPEL MOKKA 1.2 (76) benzina 101 cai BOSCH 1 987 435 608 pentru OPEL la doar 128.1 RON. \u2713 Cod: 1 \u2713 Brand: BOSCH \u2713 \u00cen stoc \u2713 Livrare 24h \u2713 Garan\u021bie!","schema":{"@context":"https:\/\/schema.org","@graph":[{"@type":"WebPage","@id":"https:\/\/autorival.ro\/opel\/product\/filtru-polen-opel-mokka-1-2-76-benzina-101-cai-bosch-1-987-435-608\/","url":"https:\/\/autorival.ro\/opel\/product\/filtru-polen-opel-mokka-1-2-76-benzina-101-cai-bosch-1-987-435-608\/","name":"Filtru polen OPEL MOKKA 1.2 (76) benzina 101 cai BOSCH 1 987 435 608 OPEL | BOSCH - Autorival","isPartOf":{"@id":"https:\/\/autorival.ro\/opel\/#website"},"primaryImageOfPage":{"@id":"https:\/\/autorival.ro\/opel\/product\/filtru-polen-opel-mokka-1-2-76-benzina-101-cai-bosch-1-987-435-608\/#primaryimage"},"image":{"@id":"https:\/\/autorival.ro\/opel\/product\/filtru-polen-opel-mokka-1-2-76-benzina-101-cai-bosch-1-987-435-608\/#primaryimage"},"thumbnailUrl":"https:\/\/autorival.ro\/opel\/wp-content\/uploads\/sites\/21\/2025\/06\/1987435608ph01whco0000.jpg","datePublished":"2025-06-08T09:10:28+00:00","description":"\u26a1 Filtru polen OPEL MOKKA 1.2 (76) benzina 101 cai BOSCH 1 987 435 608 pentru OPEL la doar 128.1 RON. \u2713 Cod: 1 \u2713 Brand: BOSCH \u2713 \u00cen stoc \u2713 Livrare 24h \u2713 Garan\u021bie!","breadcrumb":{"@id":"https:\/\/autorival.ro\/opel\/product\/filtru-polen-opel-mokka-1-2-76-benzina-101-cai-bosch-1-987-435-608\/#breadcrumb"},"inLanguage":"en-US","potentialAction":[{"@type":"ReadAction","target":["https:\/\/autorival.ro\/opel\/product\/filtru-polen-opel-mokka-1-2-76-benzina-101-cai-bosch-1-987-435-608\/"]}]},{"@type":"ImageObject","inLanguage":"en-US","@id":"https:\/\/autorival.ro\/opel\/product\/filtru-polen-opel-mokka-1-2-76-benzina-101-cai-bosch-1-987-435-608\/#primaryimage","url":"https:\/\/autorival.ro\/opel\/wp-content\/uploads\/sites\/21\/2025\/06\/1987435608ph01whco0000.jpg","contentUrl":"https:\/\/autorival.ro\/opel\/wp-content\/uploads\/sites\/21\/2025\/06\/1987435608ph01whco0000.jpg","width":1280,"height":943,"caption":"Filtru polen OPEL MOKKA 1.2 (76) benzina 101 cai BOSCH 1 987 435 608"},{"@type":"BreadcrumbList","@id":"https:\/\/autorival.ro\/opel\/product\/filtru-polen-opel-mokka-1-2-76-benzina-101-cai-bosch-1-987-435-608\/#breadcrumb","itemListElement":[{"@type":"ListItem","position":1,"name":"Prima pagin\u0103","item":"https:\/\/autorival.ro\/opel\/"},{"@type":"ListItem","position":2,"name":"Piese auto OPEL","item":"https:\/\/autorival.ro\/opel\/"},{"@type":"ListItem","position":3,"name":"Filtru polen OPEL MOKKA 1.2 (76) benzina 101 cai BOSCH 1 987 435 608"}]},{"@type":"WebSite","@id":"https:\/\/autorival.ro\/opel\/#website","url":"https:\/\/autorival.ro\/opel\/","name":"OPEL","description":"","potentialAction":[{"@type":"SearchAction","target":{"@type":"EntryPoint","urlTemplate":"https:\/\/autorival.ro\/opel\/?s={search_term_string}"},"query-input":{"@type":"PropertyValueSpecification","valueRequired":true,"valueName":"search_term_string"}}],"inLanguage":"en-US"}]}},"_links":{"self":[{"href":"https:\/\/autorival.ro\/opel\/wp-json\/wp\/v2\/product\/439356","targetHints":{"allow":["GET"]}}],"collection":[{"href":"https:\/\/autorival.ro\/opel\/wp-json\/wp\/v2\/product"}],"about":[{"href":"https:\/\/autorival.ro\/opel\/wp-json\/wp\/v2\/types\/product"}],"replies":[{"embeddable":true,"href":"https:\/\/autorival.ro\/opel\/wp-json\/wp\/v2\/comments?post=439356"}],"wp:featuredmedia":[{"embeddable":true,"href":"https:\/\/autorival.ro\/opel\/wp-json\/wp\/v2\/media\/439357"}],"wp:attachment":[{"href":"https:\/\/autorival.ro\/opel\/wp-json\/wp\/v2\/media?parent=439356"}],"wp:term":[{"taxonomy":"product_brand","embeddable":true,"href":"https:\/\/autorival.ro\/opel\/wp-json\/wp\/v2\/product_brand?post=439356"},{"taxonomy":"product_cat","embeddable":true,"href":"https:\/\/autorival.ro\/opel\/wp-json\/wp\/v2\/product_cat?post=439356"},{"taxonomy":"product_tag","embeddable":true,"href":"https:\/\/autorival.ro\/opel\/wp-json\/wp\/v2\/product_tag?post=439356"}],"curies":[{"name":"wp","href":"https:\/\/api.w.org\/{rel}","templated":true}]}}