{"id":355784,"date":"2025-06-06T22:26:10","date_gmt":"2025-06-06T22:26:10","guid":{"rendered":"https:\/\/autorival.ro\/opel\/product\/electromotor-opel-combo-tour-1-4-benzina-90-cai-bosch-0-986-020-870\/"},"modified":"2025-06-06T22:26:10","modified_gmt":"2025-06-06T22:26:10","slug":"electromotor-opel-combo-tour-1-4-benzina-90-cai-bosch-0-986-020-870","status":"publish","type":"product","link":"https:\/\/autorival.ro\/opel\/product\/electromotor-opel-combo-tour-1-4-benzina-90-cai-bosch-0-986-020-870\/","title":{"rendered":"Electromotor OPEL COMBO Tour 1.4 benzina 90 cai BOSCH 0 986 020 870"},"content":{"rendered":"<p>An fabricatie pana la: 201101Restrictiile producatorului: VALEOTip cutie viteza: cv. manualaPiesa la schimbTensiune [V]: 12Putere electromotor [kW]: 1,1Numarul gaurilor de fixare: 2Numarul gaurilor filetate: 0Numar dinti: 10, 9Clema: 50, 30 ->Diametru flan\u00c3\u02c6\u00e2\u201e\u00a2\u0103 [mm]: 68Directia de rotatie: rotatie contrar acelor de ceasornicPozitie initiala-Pinion [mm]: 18,5Varianta starter: lagare individuale ->Diametrul orificiului [mm]: 8,5 ->Diametru alezaj 2 [mm]: 8,5 ->Lungime [mm]: 199Pozitie\/Grade: linksUnghi de fixare (Grade): 75M\u0103rime unghiular\u0103 orificiu de alimentare [grade]: 105M\u0103rime unghiular\u0103 orificiu de fixare [grade]: 75<\/p>\n","protected":false},"excerpt":{"rendered":"<p>Producator: BOSCH Cod producator: 0 986 020 870<\/p>\n","protected":false},"featured_media":355785,"comment_status":"open","ping_status":"closed","template":"","meta":[],"product_brand":[298],"product_cat":[14421],"product_tag":[43391,43389,43325,44085,43324,43340],"class_list":{"0":"post-355784","1":"product","2":"type-product","3":"status-publish","4":"has-post-thumbnail","6":"product_brand-bosch","7":"product_cat-electromotor-tour-1-4-benzina-90","8":"product_tag-1-4","9":"product_tag-bosch","10":"product_tag-combo","11":"product_tag-electromotor","12":"product_tag-opel","13":"product_tag-tour","15":"first","16":"instock","17":"shipping-taxable","18":"purchasable","19":"product-type-simple"},"yoast_head":"<!-- This site is optimized with the Yoast SEO plugin v27.3 - https:\/\/yoast.com\/product\/yoast-seo-wordpress\/ -->\n<title>Electromotor OPEL COMBO Tour 1.4 benzina 90 cai BOSCH 0 986 020 870 OPEL | BOSCH - Autorival<\/title>\n<meta name=\"description\" content=\"\u26a1 Electromotor OPEL COMBO Tour 1.4 benzina 90 cai BOSCH 0 986 020 870 pentru OPEL la doar 527.42 RON \u2713 Brand: BOSCH \u2713 \u00cen stoc \u2713 Livrare 24h \u2713 Garan\u021bie!\" \/>\n<meta name=\"robots\" content=\"index, follow, max-snippet:-1, max-image-preview:large, max-video-preview:-1\" \/>\n<meta property=\"og:locale\" content=\"en_US\" \/>\n<meta property=\"og:type\" content=\"article\" \/>\n<meta property=\"og:title\" content=\"Electromotor OPEL COMBO Tour 1.4 benzina 90 cai BOSCH 0 986 020 870 OPEL | BOSCH - Autorival\" \/>\n<meta property=\"og:description\" content=\"\u26a1 Electromotor OPEL COMBO Tour 1.4 benzina 90 cai BOSCH 0 986 020 870 pentru OPEL la doar 527.42 RON \u2713 Brand: BOSCH \u2713 \u00cen stoc \u2713 Livrare 24h \u2713 Garan\u021bie!\" \/>\n<meta property=\"og:url\" content=\"https:\/\/autorival.ro\/opel\/product\/electromotor-opel-combo-tour-1-4-benzina-90-cai-bosch-0-986-020-870\/\" \/>\n<meta property=\"og:site_name\" content=\"OPEL\" \/>\n<meta property=\"og:image\" content=\"https:\/\/autorival.ro\/opel\/wp-content\/uploads\/sites\/21\/2025\/06\/0986020870dr00whcoenmm-3.jpg\" \/>\n\t<meta property=\"og:image:width\" content=\"1280\" \/>\n\t<meta property=\"og:image:height\" content=\"853\" \/>\n\t<meta property=\"og:image:type\" content=\"image\/jpeg\" \/>\n<meta name=\"twitter:card\" content=\"summary_large_image\" \/>\n<meta name=\"twitter:title\" content=\"Electromotor OPEL COMBO Tour 1.4 benzina 90 cai BOSCH 0 986 020 870 OPEL | BOSCH - Autorival\" \/>\n<meta name=\"twitter:description\" content=\"\u26a1 Electromotor OPEL COMBO Tour 1.4 benzina 90 cai BOSCH 0 986 020 870 pentru OPEL la doar 527.42 RON \u2713 Brand: BOSCH \u2713 \u00cen stoc \u2713 Livrare 24h \u2713 Garan\u021bie!\" \/>\n<script type=\"application\/ld+json\" class=\"yoast-schema-graph\">{\"@context\":\"https:\\\/\\\/schema.org\",\"@graph\":[{\"@type\":\"WebPage\",\"@id\":\"https:\\\/\\\/autorival.ro\\\/opel\\\/product\\\/electromotor-opel-combo-tour-1-4-benzina-90-cai-bosch-0-986-020-870\\\/\",\"url\":\"https:\\\/\\\/autorival.ro\\\/opel\\\/product\\\/electromotor-opel-combo-tour-1-4-benzina-90-cai-bosch-0-986-020-870\\\/\",\"name\":\"Electromotor OPEL COMBO Tour 1.4 benzina 90 cai BOSCH 0 986 020 870 OPEL | BOSCH - Autorival\",\"isPartOf\":{\"@id\":\"https:\\\/\\\/autorival.ro\\\/opel\\\/#website\"},\"primaryImageOfPage\":{\"@id\":\"https:\\\/\\\/autorival.ro\\\/opel\\\/product\\\/electromotor-opel-combo-tour-1-4-benzina-90-cai-bosch-0-986-020-870\\\/#primaryimage\"},\"image\":{\"@id\":\"https:\\\/\\\/autorival.ro\\\/opel\\\/product\\\/electromotor-opel-combo-tour-1-4-benzina-90-cai-bosch-0-986-020-870\\\/#primaryimage\"},\"thumbnailUrl\":\"https:\\\/\\\/autorival.ro\\\/opel\\\/wp-content\\\/uploads\\\/sites\\\/21\\\/2025\\\/06\\\/0986020870dr00whcoenmm-3.jpg\",\"datePublished\":\"2025-06-06T22:26:10+00:00\",\"description\":\"\u26a1 Electromotor OPEL COMBO Tour 1.4 benzina 90 cai BOSCH 0 986 020 870 pentru OPEL la doar 527.42 RON \u2713 Brand: BOSCH \u2713 \u00cen stoc \u2713 Livrare 24h \u2713 Garan\u021bie!\",\"breadcrumb\":{\"@id\":\"https:\\\/\\\/autorival.ro\\\/opel\\\/product\\\/electromotor-opel-combo-tour-1-4-benzina-90-cai-bosch-0-986-020-870\\\/#breadcrumb\"},\"inLanguage\":\"en-US\",\"potentialAction\":[{\"@type\":\"ReadAction\",\"target\":[\"https:\\\/\\\/autorival.ro\\\/opel\\\/product\\\/electromotor-opel-combo-tour-1-4-benzina-90-cai-bosch-0-986-020-870\\\/\"]}]},{\"@type\":\"ImageObject\",\"inLanguage\":\"en-US\",\"@id\":\"https:\\\/\\\/autorival.ro\\\/opel\\\/product\\\/electromotor-opel-combo-tour-1-4-benzina-90-cai-bosch-0-986-020-870\\\/#primaryimage\",\"url\":\"https:\\\/\\\/autorival.ro\\\/opel\\\/wp-content\\\/uploads\\\/sites\\\/21\\\/2025\\\/06\\\/0986020870dr00whcoenmm-3.jpg\",\"contentUrl\":\"https:\\\/\\\/autorival.ro\\\/opel\\\/wp-content\\\/uploads\\\/sites\\\/21\\\/2025\\\/06\\\/0986020870dr00whcoenmm-3.jpg\",\"width\":1280,\"height\":853,\"caption\":\"Electromotor OPEL COMBO Tour 1.4 benzina 90 cai BOSCH 0 986 020 870\"},{\"@type\":\"BreadcrumbList\",\"@id\":\"https:\\\/\\\/autorival.ro\\\/opel\\\/product\\\/electromotor-opel-combo-tour-1-4-benzina-90-cai-bosch-0-986-020-870\\\/#breadcrumb\",\"itemListElement\":[{\"@type\":\"ListItem\",\"position\":1,\"name\":\"Prima pagin\u0103\",\"item\":\"https:\\\/\\\/autorival.ro\\\/opel\\\/\"},{\"@type\":\"ListItem\",\"position\":2,\"name\":\"Piese auto OPEL\",\"item\":\"https:\\\/\\\/autorival.ro\\\/opel\\\/\"},{\"@type\":\"ListItem\",\"position\":3,\"name\":\"Electromotor OPEL COMBO Tour 1.4 benzina 90 cai BOSCH 0 986 020 870\"}]},{\"@type\":\"WebSite\",\"@id\":\"https:\\\/\\\/autorival.ro\\\/opel\\\/#website\",\"url\":\"https:\\\/\\\/autorival.ro\\\/opel\\\/\",\"name\":\"OPEL\",\"description\":\"\",\"potentialAction\":[{\"@type\":\"SearchAction\",\"target\":{\"@type\":\"EntryPoint\",\"urlTemplate\":\"https:\\\/\\\/autorival.ro\\\/opel\\\/?s={search_term_string}\"},\"query-input\":{\"@type\":\"PropertyValueSpecification\",\"valueRequired\":true,\"valueName\":\"search_term_string\"}}],\"inLanguage\":\"en-US\"}]}<\/script>\n<!-- \/ Yoast SEO plugin. -->","yoast_head_json":{"title":"Electromotor OPEL COMBO Tour 1.4 benzina 90 cai BOSCH 0 986 020 870 OPEL | BOSCH - Autorival","description":"\u26a1 Electromotor OPEL COMBO Tour 1.4 benzina 90 cai BOSCH 0 986 020 870 pentru OPEL la doar 527.42 RON \u2713 Brand: BOSCH \u2713 \u00cen stoc \u2713 Livrare 24h \u2713 Garan\u021bie!","robots":{"index":"index","follow":"follow","max-snippet":"max-snippet:-1","max-image-preview":"max-image-preview:large","max-video-preview":"max-video-preview:-1"},"og_locale":"en_US","og_type":"article","og_title":"Electromotor OPEL COMBO Tour 1.4 benzina 90 cai BOSCH 0 986 020 870 OPEL | BOSCH - Autorival","og_description":"\u26a1 Electromotor OPEL COMBO Tour 1.4 benzina 90 cai BOSCH 0 986 020 870 pentru OPEL la doar 527.42 RON \u2713 Brand: BOSCH \u2713 \u00cen stoc \u2713 Livrare 24h \u2713 Garan\u021bie!","og_url":"https:\/\/autorival.ro\/opel\/product\/electromotor-opel-combo-tour-1-4-benzina-90-cai-bosch-0-986-020-870\/","og_site_name":"OPEL","og_image":[{"width":1280,"height":853,"url":"https:\/\/autorival.ro\/opel\/wp-content\/uploads\/sites\/21\/2025\/06\/0986020870dr00whcoenmm-3.jpg","type":"image\/jpeg"}],"twitter_card":"summary_large_image","twitter_title":"Electromotor OPEL COMBO Tour 1.4 benzina 90 cai BOSCH 0 986 020 870 OPEL | BOSCH - Autorival","twitter_description":"\u26a1 Electromotor OPEL COMBO Tour 1.4 benzina 90 cai BOSCH 0 986 020 870 pentru OPEL la doar 527.42 RON \u2713 Brand: BOSCH \u2713 \u00cen stoc \u2713 Livrare 24h \u2713 Garan\u021bie!","schema":{"@context":"https:\/\/schema.org","@graph":[{"@type":"WebPage","@id":"https:\/\/autorival.ro\/opel\/product\/electromotor-opel-combo-tour-1-4-benzina-90-cai-bosch-0-986-020-870\/","url":"https:\/\/autorival.ro\/opel\/product\/electromotor-opel-combo-tour-1-4-benzina-90-cai-bosch-0-986-020-870\/","name":"Electromotor OPEL COMBO Tour 1.4 benzina 90 cai BOSCH 0 986 020 870 OPEL | BOSCH - Autorival","isPartOf":{"@id":"https:\/\/autorival.ro\/opel\/#website"},"primaryImageOfPage":{"@id":"https:\/\/autorival.ro\/opel\/product\/electromotor-opel-combo-tour-1-4-benzina-90-cai-bosch-0-986-020-870\/#primaryimage"},"image":{"@id":"https:\/\/autorival.ro\/opel\/product\/electromotor-opel-combo-tour-1-4-benzina-90-cai-bosch-0-986-020-870\/#primaryimage"},"thumbnailUrl":"https:\/\/autorival.ro\/opel\/wp-content\/uploads\/sites\/21\/2025\/06\/0986020870dr00whcoenmm-3.jpg","datePublished":"2025-06-06T22:26:10+00:00","description":"\u26a1 Electromotor OPEL COMBO Tour 1.4 benzina 90 cai BOSCH 0 986 020 870 pentru OPEL la doar 527.42 RON \u2713 Brand: BOSCH \u2713 \u00cen stoc \u2713 Livrare 24h \u2713 Garan\u021bie!","breadcrumb":{"@id":"https:\/\/autorival.ro\/opel\/product\/electromotor-opel-combo-tour-1-4-benzina-90-cai-bosch-0-986-020-870\/#breadcrumb"},"inLanguage":"en-US","potentialAction":[{"@type":"ReadAction","target":["https:\/\/autorival.ro\/opel\/product\/electromotor-opel-combo-tour-1-4-benzina-90-cai-bosch-0-986-020-870\/"]}]},{"@type":"ImageObject","inLanguage":"en-US","@id":"https:\/\/autorival.ro\/opel\/product\/electromotor-opel-combo-tour-1-4-benzina-90-cai-bosch-0-986-020-870\/#primaryimage","url":"https:\/\/autorival.ro\/opel\/wp-content\/uploads\/sites\/21\/2025\/06\/0986020870dr00whcoenmm-3.jpg","contentUrl":"https:\/\/autorival.ro\/opel\/wp-content\/uploads\/sites\/21\/2025\/06\/0986020870dr00whcoenmm-3.jpg","width":1280,"height":853,"caption":"Electromotor OPEL COMBO Tour 1.4 benzina 90 cai BOSCH 0 986 020 870"},{"@type":"BreadcrumbList","@id":"https:\/\/autorival.ro\/opel\/product\/electromotor-opel-combo-tour-1-4-benzina-90-cai-bosch-0-986-020-870\/#breadcrumb","itemListElement":[{"@type":"ListItem","position":1,"name":"Prima pagin\u0103","item":"https:\/\/autorival.ro\/opel\/"},{"@type":"ListItem","position":2,"name":"Piese auto OPEL","item":"https:\/\/autorival.ro\/opel\/"},{"@type":"ListItem","position":3,"name":"Electromotor OPEL COMBO Tour 1.4 benzina 90 cai BOSCH 0 986 020 870"}]},{"@type":"WebSite","@id":"https:\/\/autorival.ro\/opel\/#website","url":"https:\/\/autorival.ro\/opel\/","name":"OPEL","description":"","potentialAction":[{"@type":"SearchAction","target":{"@type":"EntryPoint","urlTemplate":"https:\/\/autorival.ro\/opel\/?s={search_term_string}"},"query-input":{"@type":"PropertyValueSpecification","valueRequired":true,"valueName":"search_term_string"}}],"inLanguage":"en-US"}]}},"_links":{"self":[{"href":"https:\/\/autorival.ro\/opel\/wp-json\/wp\/v2\/product\/355784","targetHints":{"allow":["GET"]}}],"collection":[{"href":"https:\/\/autorival.ro\/opel\/wp-json\/wp\/v2\/product"}],"about":[{"href":"https:\/\/autorival.ro\/opel\/wp-json\/wp\/v2\/types\/product"}],"replies":[{"embeddable":true,"href":"https:\/\/autorival.ro\/opel\/wp-json\/wp\/v2\/comments?post=355784"}],"wp:featuredmedia":[{"embeddable":true,"href":"https:\/\/autorival.ro\/opel\/wp-json\/wp\/v2\/media\/355785"}],"wp:attachment":[{"href":"https:\/\/autorival.ro\/opel\/wp-json\/wp\/v2\/media?parent=355784"}],"wp:term":[{"taxonomy":"product_brand","embeddable":true,"href":"https:\/\/autorival.ro\/opel\/wp-json\/wp\/v2\/product_brand?post=355784"},{"taxonomy":"product_cat","embeddable":true,"href":"https:\/\/autorival.ro\/opel\/wp-json\/wp\/v2\/product_cat?post=355784"},{"taxonomy":"product_tag","embeddable":true,"href":"https:\/\/autorival.ro\/opel\/wp-json\/wp\/v2\/product_tag?post=355784"}],"curies":[{"name":"wp","href":"https:\/\/api.w.org\/{rel}","templated":true}]}}