{"id":317812,"date":"2025-06-06T09:19:06","date_gmt":"2025-06-06T09:19:06","guid":{"rendered":"https:\/\/autorival.ro\/opel\/product\/condensator-climatizare-opel-ampera-r12-ev-150-benzina-elector-151-cai-nissens-940364\/"},"modified":"2025-06-06T09:19:06","modified_gmt":"2025-06-06T09:19:06","slug":"condensator-climatizare-opel-ampera-r12-ev-150-benzina-elector-151-cai-nissens-940364","status":"publish","type":"product","link":"https:\/\/autorival.ro\/opel\/product\/condensator-climatizare-opel-ampera-r12-ev-150-benzina-elector-151-cai-nissens-940364\/","title":{"rendered":"Condensator climatizare OPEL AMPERA (R12) EV 150 benzina\/elector 151 cai NISSENS 940364"},"content":{"rendered":"<p>Ad\u00e2ncimea plasei [mm]: 16 ->Lungime plas\u0103 [mm]: 634L\u0103\u021bimea plasei [mm]: 407Proprietati chimice: rezistent la coroziune ->Diametru admisie [mm]: 11,9Material: aluminiuArticol extins\/Informatii de extindere: cu umplutur\u0103 de azot ->Diametru evacuare [mm]: 8,7Agent frigorific: R 134a, R 1234yfArticol completare\/Info suplimentar 2: cu uscator<\/p>\n","protected":false},"excerpt":{"rendered":"<p>Producator: NISSENS Cod producator: 940364<\/p>\n","protected":false},"featured_media":317813,"comment_status":"open","ping_status":"closed","template":"","meta":[],"product_brand":[8719],"product_cat":[12304],"product_tag":[43444,43946,43994,43445,43873,43324],"class_list":{"0":"post-317812","1":"product","2":"type-product","3":"status-publish","4":"has-post-thumbnail","6":"product_brand-nissens","7":"product_cat-condensator-climatizare-r12-ev-150-benzina-elector-151","8":"product_tag-ampera","9":"product_tag-climatizare","10":"product_tag-condensator","11":"product_tag-ev","12":"product_tag-nissens","13":"product_tag-opel","15":"first","16":"instock","17":"shipping-taxable","18":"purchasable","19":"product-type-simple"},"yoast_head":"<!-- This site is optimized with the Yoast SEO plugin v27.3 - https:\/\/yoast.com\/product\/yoast-seo-wordpress\/ -->\n<title>Condensator climatizare OPEL AMPERA (R12) EV 150 benzina\/elector 151 cai NISSENS 940364 - OPEL<\/title>\n<meta name=\"robots\" content=\"index, follow, max-snippet:-1, max-image-preview:large, max-video-preview:-1\" \/>\n<meta property=\"og:locale\" content=\"en_US\" \/>\n<meta property=\"og:type\" content=\"article\" \/>\n<meta property=\"og:title\" content=\"Condensator climatizare OPEL AMPERA (R12) EV 150 benzina\/elector 151 cai NISSENS 940364 - OPEL\" \/>\n<meta property=\"og:description\" content=\"Producator: NISSENS Cod producator: 940364\" \/>\n<meta property=\"og:url\" content=\"https:\/\/autorival.ro\/opel\/product\/condensator-climatizare-opel-ampera-r12-ev-150-benzina-elector-151-cai-nissens-940364\/\" \/>\n<meta property=\"og:site_name\" content=\"OPEL\" \/>\n<meta property=\"og:image\" content=\"https:\/\/autorival.ro\/opel\/wp-content\/uploads\/sites\/21\/2025\/06\/nis-940364-00.jpg\" \/>\n\t<meta property=\"og:image:width\" content=\"2000\" \/>\n\t<meta property=\"og:image:height\" content=\"1333\" \/>\n\t<meta property=\"og:image:type\" content=\"image\/jpeg\" \/>\n<meta name=\"twitter:card\" content=\"summary_large_image\" \/>\n<script type=\"application\/ld+json\" class=\"yoast-schema-graph\">{\"@context\":\"https:\\\/\\\/schema.org\",\"@graph\":[{\"@type\":\"WebPage\",\"@id\":\"https:\\\/\\\/autorival.ro\\\/opel\\\/product\\\/condensator-climatizare-opel-ampera-r12-ev-150-benzina-elector-151-cai-nissens-940364\\\/\",\"url\":\"https:\\\/\\\/autorival.ro\\\/opel\\\/product\\\/condensator-climatizare-opel-ampera-r12-ev-150-benzina-elector-151-cai-nissens-940364\\\/\",\"name\":\"Condensator climatizare OPEL AMPERA (R12) EV 150 benzina\\\/elector 151 cai NISSENS 940364 - OPEL\",\"isPartOf\":{\"@id\":\"https:\\\/\\\/autorival.ro\\\/opel\\\/#website\"},\"primaryImageOfPage\":{\"@id\":\"https:\\\/\\\/autorival.ro\\\/opel\\\/product\\\/condensator-climatizare-opel-ampera-r12-ev-150-benzina-elector-151-cai-nissens-940364\\\/#primaryimage\"},\"image\":{\"@id\":\"https:\\\/\\\/autorival.ro\\\/opel\\\/product\\\/condensator-climatizare-opel-ampera-r12-ev-150-benzina-elector-151-cai-nissens-940364\\\/#primaryimage\"},\"thumbnailUrl\":\"https:\\\/\\\/autorival.ro\\\/opel\\\/wp-content\\\/uploads\\\/sites\\\/21\\\/2025\\\/06\\\/nis-940364-00.jpg\",\"datePublished\":\"2025-06-06T09:19:06+00:00\",\"breadcrumb\":{\"@id\":\"https:\\\/\\\/autorival.ro\\\/opel\\\/product\\\/condensator-climatizare-opel-ampera-r12-ev-150-benzina-elector-151-cai-nissens-940364\\\/#breadcrumb\"},\"inLanguage\":\"en-US\",\"potentialAction\":[{\"@type\":\"ReadAction\",\"target\":[\"https:\\\/\\\/autorival.ro\\\/opel\\\/product\\\/condensator-climatizare-opel-ampera-r12-ev-150-benzina-elector-151-cai-nissens-940364\\\/\"]}]},{\"@type\":\"ImageObject\",\"inLanguage\":\"en-US\",\"@id\":\"https:\\\/\\\/autorival.ro\\\/opel\\\/product\\\/condensator-climatizare-opel-ampera-r12-ev-150-benzina-elector-151-cai-nissens-940364\\\/#primaryimage\",\"url\":\"https:\\\/\\\/autorival.ro\\\/opel\\\/wp-content\\\/uploads\\\/sites\\\/21\\\/2025\\\/06\\\/nis-940364-00.jpg\",\"contentUrl\":\"https:\\\/\\\/autorival.ro\\\/opel\\\/wp-content\\\/uploads\\\/sites\\\/21\\\/2025\\\/06\\\/nis-940364-00.jpg\",\"width\":2000,\"height\":1333,\"caption\":\"Condensator climatizare OPEL AMPERA (R12) EV 150 benzina\\\/elector 151 cai NISSENS 940364\"},{\"@type\":\"BreadcrumbList\",\"@id\":\"https:\\\/\\\/autorival.ro\\\/opel\\\/product\\\/condensator-climatizare-opel-ampera-r12-ev-150-benzina-elector-151-cai-nissens-940364\\\/#breadcrumb\",\"itemListElement\":[{\"@type\":\"ListItem\",\"position\":1,\"name\":\"Prima pagin\u0103\",\"item\":\"https:\\\/\\\/autorival.ro\\\/opel\\\/\"},{\"@type\":\"ListItem\",\"position\":2,\"name\":\"Piese auto OPEL\",\"item\":\"https:\\\/\\\/autorival.ro\\\/opel\\\/\"},{\"@type\":\"ListItem\",\"position\":3,\"name\":\"Condensator climatizare OPEL AMPERA (R12) EV 150 benzina\\\/elector 151 cai NISSENS 940364\"}]},{\"@type\":\"WebSite\",\"@id\":\"https:\\\/\\\/autorival.ro\\\/opel\\\/#website\",\"url\":\"https:\\\/\\\/autorival.ro\\\/opel\\\/\",\"name\":\"OPEL\",\"description\":\"\",\"potentialAction\":[{\"@type\":\"SearchAction\",\"target\":{\"@type\":\"EntryPoint\",\"urlTemplate\":\"https:\\\/\\\/autorival.ro\\\/opel\\\/?s={search_term_string}\"},\"query-input\":{\"@type\":\"PropertyValueSpecification\",\"valueRequired\":true,\"valueName\":\"search_term_string\"}}],\"inLanguage\":\"en-US\"}]}<\/script>\n<!-- \/ Yoast SEO plugin. -->","yoast_head_json":{"title":"Condensator climatizare OPEL AMPERA (R12) EV 150 benzina\/elector 151 cai NISSENS 940364 - OPEL","robots":{"index":"index","follow":"follow","max-snippet":"max-snippet:-1","max-image-preview":"max-image-preview:large","max-video-preview":"max-video-preview:-1"},"og_locale":"en_US","og_type":"article","og_title":"Condensator climatizare OPEL AMPERA (R12) EV 150 benzina\/elector 151 cai NISSENS 940364 - OPEL","og_description":"Producator: NISSENS Cod producator: 940364","og_url":"https:\/\/autorival.ro\/opel\/product\/condensator-climatizare-opel-ampera-r12-ev-150-benzina-elector-151-cai-nissens-940364\/","og_site_name":"OPEL","og_image":[{"width":2000,"height":1333,"url":"https:\/\/autorival.ro\/opel\/wp-content\/uploads\/sites\/21\/2025\/06\/nis-940364-00.jpg","type":"image\/jpeg"}],"twitter_card":"summary_large_image","schema":{"@context":"https:\/\/schema.org","@graph":[{"@type":"WebPage","@id":"https:\/\/autorival.ro\/opel\/product\/condensator-climatizare-opel-ampera-r12-ev-150-benzina-elector-151-cai-nissens-940364\/","url":"https:\/\/autorival.ro\/opel\/product\/condensator-climatizare-opel-ampera-r12-ev-150-benzina-elector-151-cai-nissens-940364\/","name":"Condensator climatizare OPEL AMPERA (R12) EV 150 benzina\/elector 151 cai NISSENS 940364 - OPEL","isPartOf":{"@id":"https:\/\/autorival.ro\/opel\/#website"},"primaryImageOfPage":{"@id":"https:\/\/autorival.ro\/opel\/product\/condensator-climatizare-opel-ampera-r12-ev-150-benzina-elector-151-cai-nissens-940364\/#primaryimage"},"image":{"@id":"https:\/\/autorival.ro\/opel\/product\/condensator-climatizare-opel-ampera-r12-ev-150-benzina-elector-151-cai-nissens-940364\/#primaryimage"},"thumbnailUrl":"https:\/\/autorival.ro\/opel\/wp-content\/uploads\/sites\/21\/2025\/06\/nis-940364-00.jpg","datePublished":"2025-06-06T09:19:06+00:00","breadcrumb":{"@id":"https:\/\/autorival.ro\/opel\/product\/condensator-climatizare-opel-ampera-r12-ev-150-benzina-elector-151-cai-nissens-940364\/#breadcrumb"},"inLanguage":"en-US","potentialAction":[{"@type":"ReadAction","target":["https:\/\/autorival.ro\/opel\/product\/condensator-climatizare-opel-ampera-r12-ev-150-benzina-elector-151-cai-nissens-940364\/"]}]},{"@type":"ImageObject","inLanguage":"en-US","@id":"https:\/\/autorival.ro\/opel\/product\/condensator-climatizare-opel-ampera-r12-ev-150-benzina-elector-151-cai-nissens-940364\/#primaryimage","url":"https:\/\/autorival.ro\/opel\/wp-content\/uploads\/sites\/21\/2025\/06\/nis-940364-00.jpg","contentUrl":"https:\/\/autorival.ro\/opel\/wp-content\/uploads\/sites\/21\/2025\/06\/nis-940364-00.jpg","width":2000,"height":1333,"caption":"Condensator climatizare OPEL AMPERA (R12) EV 150 benzina\/elector 151 cai NISSENS 940364"},{"@type":"BreadcrumbList","@id":"https:\/\/autorival.ro\/opel\/product\/condensator-climatizare-opel-ampera-r12-ev-150-benzina-elector-151-cai-nissens-940364\/#breadcrumb","itemListElement":[{"@type":"ListItem","position":1,"name":"Prima pagin\u0103","item":"https:\/\/autorival.ro\/opel\/"},{"@type":"ListItem","position":2,"name":"Piese auto OPEL","item":"https:\/\/autorival.ro\/opel\/"},{"@type":"ListItem","position":3,"name":"Condensator climatizare OPEL AMPERA (R12) EV 150 benzina\/elector 151 cai NISSENS 940364"}]},{"@type":"WebSite","@id":"https:\/\/autorival.ro\/opel\/#website","url":"https:\/\/autorival.ro\/opel\/","name":"OPEL","description":"","potentialAction":[{"@type":"SearchAction","target":{"@type":"EntryPoint","urlTemplate":"https:\/\/autorival.ro\/opel\/?s={search_term_string}"},"query-input":{"@type":"PropertyValueSpecification","valueRequired":true,"valueName":"search_term_string"}}],"inLanguage":"en-US"}]}},"_links":{"self":[{"href":"https:\/\/autorival.ro\/opel\/wp-json\/wp\/v2\/product\/317812","targetHints":{"allow":["GET"]}}],"collection":[{"href":"https:\/\/autorival.ro\/opel\/wp-json\/wp\/v2\/product"}],"about":[{"href":"https:\/\/autorival.ro\/opel\/wp-json\/wp\/v2\/types\/product"}],"replies":[{"embeddable":true,"href":"https:\/\/autorival.ro\/opel\/wp-json\/wp\/v2\/comments?post=317812"}],"wp:featuredmedia":[{"embeddable":true,"href":"https:\/\/autorival.ro\/opel\/wp-json\/wp\/v2\/media\/317813"}],"wp:attachment":[{"href":"https:\/\/autorival.ro\/opel\/wp-json\/wp\/v2\/media?parent=317812"}],"wp:term":[{"taxonomy":"product_brand","embeddable":true,"href":"https:\/\/autorival.ro\/opel\/wp-json\/wp\/v2\/product_brand?post=317812"},{"taxonomy":"product_cat","embeddable":true,"href":"https:\/\/autorival.ro\/opel\/wp-json\/wp\/v2\/product_cat?post=317812"},{"taxonomy":"product_tag","embeddable":true,"href":"https:\/\/autorival.ro\/opel\/wp-json\/wp\/v2\/product_tag?post=317812"}],"curies":[{"name":"wp","href":"https:\/\/api.w.org\/{rel}","templated":true}]}}