{"id":13860,"date":"2025-06-04T06:52:52","date_gmt":"2025-06-04T06:52:52","guid":{"rendered":"https:\/\/autorival.ro\/opel\/product\/amortizor-opel-combo-e-tour-life-k9-1-5-diesel-102-cai-sachs-319-877\/"},"modified":"2025-06-04T06:52:52","modified_gmt":"2025-06-04T06:52:52","slug":"amortizor-opel-combo-e-tour-life-k9-1-5-diesel-102-cai-sachs-319-877","status":"publish","type":"product","link":"https:\/\/autorival.ro\/opel\/product\/amortizor-opel-combo-e-tour-life-k9-1-5-diesel-102-cai-sachs-319-877\/","title":{"rendered":"Amortizor OPEL COMBO E Tour \/ Life (K9) 1.5 diesel 102 cai SACHS 319 877"},"content":{"rendered":"<p>Partea de montare: punte fataSasiu: pentru vehicule cu suspensie standard, pentru vehicule cu garda marita, pentru vehicule cu suspensie ranforsatapentru num\u0103r organiza\u021bie p\u00e2n\u0103 la: 16468, 16464Verificare num\u0103r OETip constructiv amortizor: Ansamblu amortizor-arcSistem amortizor: bitubularTip amortizor: presiune gasParametru: ST32\/22X176ATip montare amortizor: stift superior<\/p>\n","protected":false},"excerpt":{"rendered":"<p>Producator: SACHS Cod producator: 319 877<\/p>\n","protected":false},"featured_media":13861,"comment_status":"open","ping_status":"closed","template":"","meta":[],"product_brand":[392],"product_cat":[1569],"product_tag":[43434,43325,43423,43324,43443,43340],"class_list":{"0":"post-13860","1":"product","2":"type-product","3":"status-publish","4":"has-post-thumbnail","6":"product_brand-sachs","7":"product_cat-amortizor-e-tour-life-k9-1-5-diesel-102","8":"product_tag-amortizor","9":"product_tag-combo","10":"product_tag-life","11":"product_tag-opel","12":"product_tag-sachs","13":"product_tag-tour","15":"first","16":"instock","17":"shipping-taxable","18":"purchasable","19":"product-type-simple"},"yoast_head":"<!-- This site is optimized with the Yoast SEO plugin v27.3 - https:\/\/yoast.com\/product\/yoast-seo-wordpress\/ -->\n<title>Amortizor OPEL COMBO E Tour \/ Life (K9) 1.5 diesel 102 cai SACHS 319 877 - OPEL<\/title>\n<meta name=\"robots\" content=\"index, follow, max-snippet:-1, max-image-preview:large, max-video-preview:-1\" \/>\n<meta property=\"og:locale\" content=\"en_US\" \/>\n<meta property=\"og:type\" content=\"article\" \/>\n<meta property=\"og:title\" content=\"Amortizor OPEL COMBO E Tour \/ Life (K9) 1.5 diesel 102 cai SACHS 319 877 - OPEL\" \/>\n<meta property=\"og:description\" content=\"Producator: SACHS Cod producator: 319 877\" \/>\n<meta property=\"og:url\" content=\"https:\/\/autorival.ro\/opel\/product\/amortizor-opel-combo-e-tour-life-k9-1-5-diesel-102-cai-sachs-319-877\/\" \/>\n<meta property=\"og:site_name\" content=\"OPEL\" \/>\n<meta property=\"og:image\" content=\"https:\/\/autorival.ro\/opel\/wp-content\/uploads\/sites\/21\/2025\/06\/0032319877-11.jpg\" \/>\n\t<meta property=\"og:image:width\" content=\"2500\" \/>\n\t<meta property=\"og:image:height\" content=\"1594\" \/>\n\t<meta property=\"og:image:type\" content=\"image\/jpeg\" \/>\n<meta name=\"twitter:card\" content=\"summary_large_image\" \/>\n<script type=\"application\/ld+json\" class=\"yoast-schema-graph\">{\"@context\":\"https:\\\/\\\/schema.org\",\"@graph\":[{\"@type\":\"WebPage\",\"@id\":\"https:\\\/\\\/autorival.ro\\\/opel\\\/product\\\/amortizor-opel-combo-e-tour-life-k9-1-5-diesel-102-cai-sachs-319-877\\\/\",\"url\":\"https:\\\/\\\/autorival.ro\\\/opel\\\/product\\\/amortizor-opel-combo-e-tour-life-k9-1-5-diesel-102-cai-sachs-319-877\\\/\",\"name\":\"Amortizor OPEL COMBO E Tour \\\/ Life (K9) 1.5 diesel 102 cai SACHS 319 877 - OPEL\",\"isPartOf\":{\"@id\":\"https:\\\/\\\/autorival.ro\\\/opel\\\/#website\"},\"primaryImageOfPage\":{\"@id\":\"https:\\\/\\\/autorival.ro\\\/opel\\\/product\\\/amortizor-opel-combo-e-tour-life-k9-1-5-diesel-102-cai-sachs-319-877\\\/#primaryimage\"},\"image\":{\"@id\":\"https:\\\/\\\/autorival.ro\\\/opel\\\/product\\\/amortizor-opel-combo-e-tour-life-k9-1-5-diesel-102-cai-sachs-319-877\\\/#primaryimage\"},\"thumbnailUrl\":\"https:\\\/\\\/autorival.ro\\\/opel\\\/wp-content\\\/uploads\\\/sites\\\/21\\\/2025\\\/06\\\/0032319877-11.jpg\",\"datePublished\":\"2025-06-04T06:52:52+00:00\",\"breadcrumb\":{\"@id\":\"https:\\\/\\\/autorival.ro\\\/opel\\\/product\\\/amortizor-opel-combo-e-tour-life-k9-1-5-diesel-102-cai-sachs-319-877\\\/#breadcrumb\"},\"inLanguage\":\"en-US\",\"potentialAction\":[{\"@type\":\"ReadAction\",\"target\":[\"https:\\\/\\\/autorival.ro\\\/opel\\\/product\\\/amortizor-opel-combo-e-tour-life-k9-1-5-diesel-102-cai-sachs-319-877\\\/\"]}]},{\"@type\":\"ImageObject\",\"inLanguage\":\"en-US\",\"@id\":\"https:\\\/\\\/autorival.ro\\\/opel\\\/product\\\/amortizor-opel-combo-e-tour-life-k9-1-5-diesel-102-cai-sachs-319-877\\\/#primaryimage\",\"url\":\"https:\\\/\\\/autorival.ro\\\/opel\\\/wp-content\\\/uploads\\\/sites\\\/21\\\/2025\\\/06\\\/0032319877-11.jpg\",\"contentUrl\":\"https:\\\/\\\/autorival.ro\\\/opel\\\/wp-content\\\/uploads\\\/sites\\\/21\\\/2025\\\/06\\\/0032319877-11.jpg\",\"width\":2500,\"height\":1594,\"caption\":\"Amortizor OPEL COMBO E Tour \\\/ Life (K9) 1.5 diesel 102 cai SACHS 319 877\"},{\"@type\":\"BreadcrumbList\",\"@id\":\"https:\\\/\\\/autorival.ro\\\/opel\\\/product\\\/amortizor-opel-combo-e-tour-life-k9-1-5-diesel-102-cai-sachs-319-877\\\/#breadcrumb\",\"itemListElement\":[{\"@type\":\"ListItem\",\"position\":1,\"name\":\"Prima pagin\u0103\",\"item\":\"https:\\\/\\\/autorival.ro\\\/opel\\\/\"},{\"@type\":\"ListItem\",\"position\":2,\"name\":\"Piese auto OPEL\",\"item\":\"https:\\\/\\\/autorival.ro\\\/opel\\\/\"},{\"@type\":\"ListItem\",\"position\":3,\"name\":\"Amortizor OPEL COMBO E Tour \\\/ Life (K9) 1.5 diesel 102 cai SACHS 319 877\"}]},{\"@type\":\"WebSite\",\"@id\":\"https:\\\/\\\/autorival.ro\\\/opel\\\/#website\",\"url\":\"https:\\\/\\\/autorival.ro\\\/opel\\\/\",\"name\":\"OPEL\",\"description\":\"\",\"potentialAction\":[{\"@type\":\"SearchAction\",\"target\":{\"@type\":\"EntryPoint\",\"urlTemplate\":\"https:\\\/\\\/autorival.ro\\\/opel\\\/?s={search_term_string}\"},\"query-input\":{\"@type\":\"PropertyValueSpecification\",\"valueRequired\":true,\"valueName\":\"search_term_string\"}}],\"inLanguage\":\"en-US\"}]}<\/script>\n<!-- \/ Yoast SEO plugin. -->","yoast_head_json":{"title":"Amortizor OPEL COMBO E Tour \/ Life (K9) 1.5 diesel 102 cai SACHS 319 877 - OPEL","robots":{"index":"index","follow":"follow","max-snippet":"max-snippet:-1","max-image-preview":"max-image-preview:large","max-video-preview":"max-video-preview:-1"},"og_locale":"en_US","og_type":"article","og_title":"Amortizor OPEL COMBO E Tour \/ Life (K9) 1.5 diesel 102 cai SACHS 319 877 - OPEL","og_description":"Producator: SACHS Cod producator: 319 877","og_url":"https:\/\/autorival.ro\/opel\/product\/amortizor-opel-combo-e-tour-life-k9-1-5-diesel-102-cai-sachs-319-877\/","og_site_name":"OPEL","og_image":[{"width":2500,"height":1594,"url":"https:\/\/autorival.ro\/opel\/wp-content\/uploads\/sites\/21\/2025\/06\/0032319877-11.jpg","type":"image\/jpeg"}],"twitter_card":"summary_large_image","schema":{"@context":"https:\/\/schema.org","@graph":[{"@type":"WebPage","@id":"https:\/\/autorival.ro\/opel\/product\/amortizor-opel-combo-e-tour-life-k9-1-5-diesel-102-cai-sachs-319-877\/","url":"https:\/\/autorival.ro\/opel\/product\/amortizor-opel-combo-e-tour-life-k9-1-5-diesel-102-cai-sachs-319-877\/","name":"Amortizor OPEL COMBO E Tour \/ Life (K9) 1.5 diesel 102 cai SACHS 319 877 - OPEL","isPartOf":{"@id":"https:\/\/autorival.ro\/opel\/#website"},"primaryImageOfPage":{"@id":"https:\/\/autorival.ro\/opel\/product\/amortizor-opel-combo-e-tour-life-k9-1-5-diesel-102-cai-sachs-319-877\/#primaryimage"},"image":{"@id":"https:\/\/autorival.ro\/opel\/product\/amortizor-opel-combo-e-tour-life-k9-1-5-diesel-102-cai-sachs-319-877\/#primaryimage"},"thumbnailUrl":"https:\/\/autorival.ro\/opel\/wp-content\/uploads\/sites\/21\/2025\/06\/0032319877-11.jpg","datePublished":"2025-06-04T06:52:52+00:00","breadcrumb":{"@id":"https:\/\/autorival.ro\/opel\/product\/amortizor-opel-combo-e-tour-life-k9-1-5-diesel-102-cai-sachs-319-877\/#breadcrumb"},"inLanguage":"en-US","potentialAction":[{"@type":"ReadAction","target":["https:\/\/autorival.ro\/opel\/product\/amortizor-opel-combo-e-tour-life-k9-1-5-diesel-102-cai-sachs-319-877\/"]}]},{"@type":"ImageObject","inLanguage":"en-US","@id":"https:\/\/autorival.ro\/opel\/product\/amortizor-opel-combo-e-tour-life-k9-1-5-diesel-102-cai-sachs-319-877\/#primaryimage","url":"https:\/\/autorival.ro\/opel\/wp-content\/uploads\/sites\/21\/2025\/06\/0032319877-11.jpg","contentUrl":"https:\/\/autorival.ro\/opel\/wp-content\/uploads\/sites\/21\/2025\/06\/0032319877-11.jpg","width":2500,"height":1594,"caption":"Amortizor OPEL COMBO E Tour \/ Life (K9) 1.5 diesel 102 cai SACHS 319 877"},{"@type":"BreadcrumbList","@id":"https:\/\/autorival.ro\/opel\/product\/amortizor-opel-combo-e-tour-life-k9-1-5-diesel-102-cai-sachs-319-877\/#breadcrumb","itemListElement":[{"@type":"ListItem","position":1,"name":"Prima pagin\u0103","item":"https:\/\/autorival.ro\/opel\/"},{"@type":"ListItem","position":2,"name":"Piese auto OPEL","item":"https:\/\/autorival.ro\/opel\/"},{"@type":"ListItem","position":3,"name":"Amortizor OPEL COMBO E Tour \/ Life (K9) 1.5 diesel 102 cai SACHS 319 877"}]},{"@type":"WebSite","@id":"https:\/\/autorival.ro\/opel\/#website","url":"https:\/\/autorival.ro\/opel\/","name":"OPEL","description":"","potentialAction":[{"@type":"SearchAction","target":{"@type":"EntryPoint","urlTemplate":"https:\/\/autorival.ro\/opel\/?s={search_term_string}"},"query-input":{"@type":"PropertyValueSpecification","valueRequired":true,"valueName":"search_term_string"}}],"inLanguage":"en-US"}]}},"_links":{"self":[{"href":"https:\/\/autorival.ro\/opel\/wp-json\/wp\/v2\/product\/13860","targetHints":{"allow":["GET"]}}],"collection":[{"href":"https:\/\/autorival.ro\/opel\/wp-json\/wp\/v2\/product"}],"about":[{"href":"https:\/\/autorival.ro\/opel\/wp-json\/wp\/v2\/types\/product"}],"replies":[{"embeddable":true,"href":"https:\/\/autorival.ro\/opel\/wp-json\/wp\/v2\/comments?post=13860"}],"wp:featuredmedia":[{"embeddable":true,"href":"https:\/\/autorival.ro\/opel\/wp-json\/wp\/v2\/media\/13861"}],"wp:attachment":[{"href":"https:\/\/autorival.ro\/opel\/wp-json\/wp\/v2\/media?parent=13860"}],"wp:term":[{"taxonomy":"product_brand","embeddable":true,"href":"https:\/\/autorival.ro\/opel\/wp-json\/wp\/v2\/product_brand?post=13860"},{"taxonomy":"product_cat","embeddable":true,"href":"https:\/\/autorival.ro\/opel\/wp-json\/wp\/v2\/product_cat?post=13860"},{"taxonomy":"product_tag","embeddable":true,"href":"https:\/\/autorival.ro\/opel\/wp-json\/wp\/v2\/product_tag?post=13860"}],"curies":[{"name":"wp","href":"https:\/\/api.w.org\/{rel}","templated":true}]}}