{"id":1681886,"date":"2026-02-07T13:46:54","date_gmt":"2026-02-07T13:46:54","guid":{"rendered":"https:\/\/autorival.ro\/mit\/product\/sonda-lambda-mitsubishi-colt-czc-vi-cabriolet-rg-1-5-turbo-z37a-benzina-150-cai-denso-dox-2057\/"},"modified":"2026-02-07T13:46:54","modified_gmt":"2026-02-07T13:46:54","slug":"sonda-lambda-mitsubishi-colt-czc-vi-cabriolet-rg-1-5-turbo-z37a-benzina-150-cai-denso-dox-2057","status":"publish","type":"product","link":"https:\/\/autorival.ro\/mit\/product\/sonda-lambda-mitsubishi-colt-czc-vi-cabriolet-rg-1-5-turbo-z37a-benzina-150-cai-denso-dox-2057\/","title":{"rendered":"Sonda Lambda MITSUBISHI COLT CZC VI Cabriolet (RG) 1.5 Turbo (Z37A) benzina 150 cai DENSO DOX-2057"},"content":{"rendered":"<p>Tip cutie viteza: cv. manualapt. cod original (OE): MR985039Sonda lambda: Sonda diagnozapt. cod original (OE): MN128424Calitate: OERestrictiile producatorului: DENSOTehnica de cuplaj: with rubber grommetDimensiune filet: M18x1.5Lungime cablu [mm]: 475Num\u0103rul conexiunilor cu muf\u0103: 4Masa [g]: 121Sonda lambda: incalzit, Sonda planara, Filet gresat \u00een prealabil, Sound\u0103 LambdaGreutate brut\u0103 [g]: 154<\/p>\n","protected":false},"excerpt":{"rendered":"<p>Producator: DENSO Cod producator: DOX-2057<\/p>\n","protected":false},"featured_media":1681887,"comment_status":"open","ping_status":"closed","template":"","meta":[],"product_brand":[5036],"product_cat":[37144],"product_tag":[],"class_list":{"0":"post-1681886","1":"product","2":"type-product","3":"status-publish","4":"has-post-thumbnail","6":"product_brand-denso","7":"product_cat-sonda-lambda-rg-1-5-turbo-z37a-benzina-150","9":"first","10":"instock","11":"shipping-taxable","12":"purchasable","13":"product-type-simple"},"yoast_head":"<!-- This site is optimized with the Yoast SEO plugin v27.6 - https:\/\/yoast.com\/product\/yoast-seo-wordpress\/ -->\n<title>Sonda Lambda MITSUBISHI COLT CZC VI Cabriolet (RG) 1.5 Turbo (Z37A) benzina 150 cai DENSO DOX-2057 MITUBISHI | DENSO - Autorival<\/title>\n<meta name=\"description\" content=\"\u26a1 Sonda Lambda MITSUBISHI COLT CZC VI Cabriolet (RG) 1.5 Turbo (Z37A) benzina 150 cai DENSO DOX-2057 pentru MITUBISHI. \u2713 Cod: DOX-2057 \u2713 Brand: DENSO \u2713 \u00cen stoc \u2713 Livrare 24h \u2713 Garan\u021bie!\" \/>\n<meta name=\"robots\" content=\"index, follow, max-snippet:-1, max-image-preview:large, max-video-preview:-1\" \/>\n<meta property=\"og:locale\" content=\"en_US\" \/>\n<meta property=\"og:type\" content=\"article\" \/>\n<meta property=\"og:title\" content=\"Sonda Lambda MITSUBISHI COLT CZC VI Cabriolet (RG) 1.5 Turbo (Z37A) benzina 150 cai DENSO DOX-2057 MITUBISHI | DENSO - Autorival\" \/>\n<meta property=\"og:description\" content=\"\u26a1 Sonda Lambda MITSUBISHI COLT CZC VI Cabriolet (RG) 1.5 Turbo (Z37A) benzina 150 cai DENSO DOX-2057 pentru MITUBISHI. \u2713 Cod: DOX-2057 \u2713 Brand: DENSO \u2713 \u00cen stoc \u2713 Livrare 24h \u2713 Garan\u021bie!\" \/>\n<meta property=\"og:url\" content=\"https:\/\/autorival.ro\/mit\/product\/sonda-lambda-mitsubishi-colt-czc-vi-cabriolet-rg-1-5-turbo-z37a-benzina-150-cai-denso-dox-2057\/\" \/>\n<meta property=\"og:site_name\" content=\"MITUBISHI\" \/>\n<meta property=\"og:image\" content=\"https:\/\/autorival.ro\/mit\/wp-content\/uploads\/sites\/25\/2026\/02\/dox-2057_5113307-1.jpg\" \/>\n\t<meta property=\"og:image:width\" content=\"2000\" \/>\n\t<meta property=\"og:image:height\" content=\"2000\" \/>\n\t<meta property=\"og:image:type\" content=\"image\/jpeg\" \/>\n<meta name=\"twitter:card\" content=\"summary_large_image\" \/>\n<meta name=\"twitter:title\" content=\"Sonda Lambda MITSUBISHI COLT CZC VI Cabriolet (RG) 1.5 Turbo (Z37A) benzina 150 cai DENSO DOX-2057 MITUBISHI | DENSO - Autorival\" \/>\n<meta name=\"twitter:description\" content=\"\u26a1 Sonda Lambda MITSUBISHI COLT CZC VI Cabriolet (RG) 1.5 Turbo (Z37A) benzina 150 cai DENSO DOX-2057 pentru MITUBISHI. \u2713 Cod: DOX-2057 \u2713 Brand: DENSO \u2713 \u00cen stoc \u2713 Livrare 24h \u2713 Garan\u021bie!\" \/>\n<script type=\"application\/ld+json\" class=\"yoast-schema-graph\">{\"@context\":\"https:\\\/\\\/schema.org\",\"@graph\":[{\"@type\":\"WebPage\",\"@id\":\"https:\\\/\\\/autorival.ro\\\/mit\\\/product\\\/sonda-lambda-mitsubishi-colt-czc-vi-cabriolet-rg-1-5-turbo-z37a-benzina-150-cai-denso-dox-2057\\\/\",\"url\":\"https:\\\/\\\/autorival.ro\\\/mit\\\/product\\\/sonda-lambda-mitsubishi-colt-czc-vi-cabriolet-rg-1-5-turbo-z37a-benzina-150-cai-denso-dox-2057\\\/\",\"name\":\"Sonda Lambda MITSUBISHI COLT CZC VI Cabriolet (RG) 1.5 Turbo (Z37A) benzina 150 cai DENSO DOX-2057 MITUBISHI | DENSO - Autorival\",\"isPartOf\":{\"@id\":\"https:\\\/\\\/autorival.ro\\\/mit\\\/#website\"},\"primaryImageOfPage\":{\"@id\":\"https:\\\/\\\/autorival.ro\\\/mit\\\/product\\\/sonda-lambda-mitsubishi-colt-czc-vi-cabriolet-rg-1-5-turbo-z37a-benzina-150-cai-denso-dox-2057\\\/#primaryimage\"},\"image\":{\"@id\":\"https:\\\/\\\/autorival.ro\\\/mit\\\/product\\\/sonda-lambda-mitsubishi-colt-czc-vi-cabriolet-rg-1-5-turbo-z37a-benzina-150-cai-denso-dox-2057\\\/#primaryimage\"},\"thumbnailUrl\":\"https:\\\/\\\/autorival.ro\\\/mit\\\/wp-content\\\/uploads\\\/sites\\\/25\\\/2026\\\/02\\\/dox-2057_5113307-1.jpg\",\"datePublished\":\"2026-02-07T13:46:54+00:00\",\"description\":\"\u26a1 Sonda Lambda MITSUBISHI COLT CZC VI Cabriolet (RG) 1.5 Turbo (Z37A) benzina 150 cai DENSO DOX-2057 pentru MITUBISHI. \u2713 Cod: DOX-2057 \u2713 Brand: DENSO \u2713 \u00cen stoc \u2713 Livrare 24h \u2713 Garan\u021bie!\",\"breadcrumb\":{\"@id\":\"https:\\\/\\\/autorival.ro\\\/mit\\\/product\\\/sonda-lambda-mitsubishi-colt-czc-vi-cabriolet-rg-1-5-turbo-z37a-benzina-150-cai-denso-dox-2057\\\/#breadcrumb\"},\"inLanguage\":\"en-US\",\"potentialAction\":[{\"@type\":\"ReadAction\",\"target\":[\"https:\\\/\\\/autorival.ro\\\/mit\\\/product\\\/sonda-lambda-mitsubishi-colt-czc-vi-cabriolet-rg-1-5-turbo-z37a-benzina-150-cai-denso-dox-2057\\\/\"]}]},{\"@type\":\"ImageObject\",\"inLanguage\":\"en-US\",\"@id\":\"https:\\\/\\\/autorival.ro\\\/mit\\\/product\\\/sonda-lambda-mitsubishi-colt-czc-vi-cabriolet-rg-1-5-turbo-z37a-benzina-150-cai-denso-dox-2057\\\/#primaryimage\",\"url\":\"https:\\\/\\\/autorival.ro\\\/mit\\\/wp-content\\\/uploads\\\/sites\\\/25\\\/2026\\\/02\\\/dox-2057_5113307-1.jpg\",\"contentUrl\":\"https:\\\/\\\/autorival.ro\\\/mit\\\/wp-content\\\/uploads\\\/sites\\\/25\\\/2026\\\/02\\\/dox-2057_5113307-1.jpg\",\"width\":2000,\"height\":2000},{\"@type\":\"BreadcrumbList\",\"@id\":\"https:\\\/\\\/autorival.ro\\\/mit\\\/product\\\/sonda-lambda-mitsubishi-colt-czc-vi-cabriolet-rg-1-5-turbo-z37a-benzina-150-cai-denso-dox-2057\\\/#breadcrumb\",\"itemListElement\":[{\"@type\":\"ListItem\",\"position\":1,\"name\":\"Prima pagin\u0103\",\"item\":\"https:\\\/\\\/autorival.ro\\\/mit\\\/\"},{\"@type\":\"ListItem\",\"position\":2,\"name\":\"Piese auto MITUBISHI\",\"item\":\"https:\\\/\\\/autorival.ro\\\/mit\\\/\"},{\"@type\":\"ListItem\",\"position\":3,\"name\":\"Sonda Lambda MITSUBISHI COLT CZC VI Cabriolet (RG) 1.5 Turbo (Z37A) benzina 150 cai DENSO DOX-2057\"}]},{\"@type\":\"WebSite\",\"@id\":\"https:\\\/\\\/autorival.ro\\\/mit\\\/#website\",\"url\":\"https:\\\/\\\/autorival.ro\\\/mit\\\/\",\"name\":\"MITUBISHI\",\"description\":\"\",\"potentialAction\":[{\"@type\":\"SearchAction\",\"target\":{\"@type\":\"EntryPoint\",\"urlTemplate\":\"https:\\\/\\\/autorival.ro\\\/mit\\\/?s={search_term_string}\"},\"query-input\":{\"@type\":\"PropertyValueSpecification\",\"valueRequired\":true,\"valueName\":\"search_term_string\"}}],\"inLanguage\":\"en-US\"}]}<\/script>\n<!-- \/ Yoast SEO plugin. -->","yoast_head_json":{"title":"Sonda Lambda MITSUBISHI COLT CZC VI Cabriolet (RG) 1.5 Turbo (Z37A) benzina 150 cai DENSO DOX-2057 MITUBISHI | DENSO - Autorival","description":"\u26a1 Sonda Lambda MITSUBISHI COLT CZC VI Cabriolet (RG) 1.5 Turbo (Z37A) benzina 150 cai DENSO DOX-2057 pentru MITUBISHI. \u2713 Cod: DOX-2057 \u2713 Brand: DENSO \u2713 \u00cen stoc \u2713 Livrare 24h \u2713 Garan\u021bie!","robots":{"index":"index","follow":"follow","max-snippet":"max-snippet:-1","max-image-preview":"max-image-preview:large","max-video-preview":"max-video-preview:-1"},"og_locale":"en_US","og_type":"article","og_title":"Sonda Lambda MITSUBISHI COLT CZC VI Cabriolet (RG) 1.5 Turbo (Z37A) benzina 150 cai DENSO DOX-2057 MITUBISHI | DENSO - Autorival","og_description":"\u26a1 Sonda Lambda MITSUBISHI COLT CZC VI Cabriolet (RG) 1.5 Turbo (Z37A) benzina 150 cai DENSO DOX-2057 pentru MITUBISHI. \u2713 Cod: DOX-2057 \u2713 Brand: DENSO \u2713 \u00cen stoc \u2713 Livrare 24h \u2713 Garan\u021bie!","og_url":"https:\/\/autorival.ro\/mit\/product\/sonda-lambda-mitsubishi-colt-czc-vi-cabriolet-rg-1-5-turbo-z37a-benzina-150-cai-denso-dox-2057\/","og_site_name":"MITUBISHI","og_image":[{"width":2000,"height":2000,"url":"https:\/\/autorival.ro\/mit\/wp-content\/uploads\/sites\/25\/2026\/02\/dox-2057_5113307-1.jpg","type":"image\/jpeg"}],"twitter_card":"summary_large_image","twitter_title":"Sonda Lambda MITSUBISHI COLT CZC VI Cabriolet (RG) 1.5 Turbo (Z37A) benzina 150 cai DENSO DOX-2057 MITUBISHI | DENSO - Autorival","twitter_description":"\u26a1 Sonda Lambda MITSUBISHI COLT CZC VI Cabriolet (RG) 1.5 Turbo (Z37A) benzina 150 cai DENSO DOX-2057 pentru MITUBISHI. \u2713 Cod: DOX-2057 \u2713 Brand: DENSO \u2713 \u00cen stoc \u2713 Livrare 24h \u2713 Garan\u021bie!","schema":{"@context":"https:\/\/schema.org","@graph":[{"@type":"WebPage","@id":"https:\/\/autorival.ro\/mit\/product\/sonda-lambda-mitsubishi-colt-czc-vi-cabriolet-rg-1-5-turbo-z37a-benzina-150-cai-denso-dox-2057\/","url":"https:\/\/autorival.ro\/mit\/product\/sonda-lambda-mitsubishi-colt-czc-vi-cabriolet-rg-1-5-turbo-z37a-benzina-150-cai-denso-dox-2057\/","name":"Sonda Lambda MITSUBISHI COLT CZC VI Cabriolet (RG) 1.5 Turbo (Z37A) benzina 150 cai DENSO DOX-2057 MITUBISHI | DENSO - Autorival","isPartOf":{"@id":"https:\/\/autorival.ro\/mit\/#website"},"primaryImageOfPage":{"@id":"https:\/\/autorival.ro\/mit\/product\/sonda-lambda-mitsubishi-colt-czc-vi-cabriolet-rg-1-5-turbo-z37a-benzina-150-cai-denso-dox-2057\/#primaryimage"},"image":{"@id":"https:\/\/autorival.ro\/mit\/product\/sonda-lambda-mitsubishi-colt-czc-vi-cabriolet-rg-1-5-turbo-z37a-benzina-150-cai-denso-dox-2057\/#primaryimage"},"thumbnailUrl":"https:\/\/autorival.ro\/mit\/wp-content\/uploads\/sites\/25\/2026\/02\/dox-2057_5113307-1.jpg","datePublished":"2026-02-07T13:46:54+00:00","description":"\u26a1 Sonda Lambda MITSUBISHI COLT CZC VI Cabriolet (RG) 1.5 Turbo (Z37A) benzina 150 cai DENSO DOX-2057 pentru MITUBISHI. \u2713 Cod: DOX-2057 \u2713 Brand: DENSO \u2713 \u00cen stoc \u2713 Livrare 24h \u2713 Garan\u021bie!","breadcrumb":{"@id":"https:\/\/autorival.ro\/mit\/product\/sonda-lambda-mitsubishi-colt-czc-vi-cabriolet-rg-1-5-turbo-z37a-benzina-150-cai-denso-dox-2057\/#breadcrumb"},"inLanguage":"en-US","potentialAction":[{"@type":"ReadAction","target":["https:\/\/autorival.ro\/mit\/product\/sonda-lambda-mitsubishi-colt-czc-vi-cabriolet-rg-1-5-turbo-z37a-benzina-150-cai-denso-dox-2057\/"]}]},{"@type":"ImageObject","inLanguage":"en-US","@id":"https:\/\/autorival.ro\/mit\/product\/sonda-lambda-mitsubishi-colt-czc-vi-cabriolet-rg-1-5-turbo-z37a-benzina-150-cai-denso-dox-2057\/#primaryimage","url":"https:\/\/autorival.ro\/mit\/wp-content\/uploads\/sites\/25\/2026\/02\/dox-2057_5113307-1.jpg","contentUrl":"https:\/\/autorival.ro\/mit\/wp-content\/uploads\/sites\/25\/2026\/02\/dox-2057_5113307-1.jpg","width":2000,"height":2000},{"@type":"BreadcrumbList","@id":"https:\/\/autorival.ro\/mit\/product\/sonda-lambda-mitsubishi-colt-czc-vi-cabriolet-rg-1-5-turbo-z37a-benzina-150-cai-denso-dox-2057\/#breadcrumb","itemListElement":[{"@type":"ListItem","position":1,"name":"Prima pagin\u0103","item":"https:\/\/autorival.ro\/mit\/"},{"@type":"ListItem","position":2,"name":"Piese auto MITUBISHI","item":"https:\/\/autorival.ro\/mit\/"},{"@type":"ListItem","position":3,"name":"Sonda Lambda MITSUBISHI COLT CZC VI Cabriolet (RG) 1.5 Turbo (Z37A) benzina 150 cai DENSO DOX-2057"}]},{"@type":"WebSite","@id":"https:\/\/autorival.ro\/mit\/#website","url":"https:\/\/autorival.ro\/mit\/","name":"MITUBISHI","description":"","potentialAction":[{"@type":"SearchAction","target":{"@type":"EntryPoint","urlTemplate":"https:\/\/autorival.ro\/mit\/?s={search_term_string}"},"query-input":{"@type":"PropertyValueSpecification","valueRequired":true,"valueName":"search_term_string"}}],"inLanguage":"en-US"}]}},"_links":{"self":[{"href":"https:\/\/autorival.ro\/mit\/wp-json\/wp\/v2\/product\/1681886","targetHints":{"allow":["GET"]}}],"collection":[{"href":"https:\/\/autorival.ro\/mit\/wp-json\/wp\/v2\/product"}],"about":[{"href":"https:\/\/autorival.ro\/mit\/wp-json\/wp\/v2\/types\/product"}],"replies":[{"embeddable":true,"href":"https:\/\/autorival.ro\/mit\/wp-json\/wp\/v2\/comments?post=1681886"}],"wp:featuredmedia":[{"embeddable":true,"href":"https:\/\/autorival.ro\/mit\/wp-json\/wp\/v2\/media\/1681887"}],"wp:attachment":[{"href":"https:\/\/autorival.ro\/mit\/wp-json\/wp\/v2\/media?parent=1681886"}],"wp:term":[{"taxonomy":"product_brand","embeddable":true,"href":"https:\/\/autorival.ro\/mit\/wp-json\/wp\/v2\/product_brand?post=1681886"},{"taxonomy":"product_cat","embeddable":true,"href":"https:\/\/autorival.ro\/mit\/wp-json\/wp\/v2\/product_cat?post=1681886"},{"taxonomy":"product_tag","embeddable":true,"href":"https:\/\/autorival.ro\/mit\/wp-json\/wp\/v2\/product_tag?post=1681886"}],"curies":[{"name":"wp","href":"https:\/\/api.w.org\/{rel}","templated":true}]}}