{"id":1290520,"date":"2026-01-21T11:44:36","date_gmt":"2026-01-21T11:44:36","guid":{"rendered":"https:\/\/autorival.ro\/mit\/product\/etrier-frana-mitsubishi-grandis-na_w-2-4-mivec-na4w-benzina-177-cai-budweg-caliper-343548\/"},"modified":"2026-01-21T11:44:36","modified_gmt":"2026-01-21T11:44:36","slug":"etrier-frana-mitsubishi-grandis-na_w-2-4-mivec-na4w-benzina-177-cai-budweg-caliper-343548","status":"publish","type":"product","link":"https:\/\/autorival.ro\/mit\/product\/etrier-frana-mitsubishi-grandis-na_w-2-4-mivec-na4w-benzina-177-cai-budweg-caliper-343548\/","title":{"rendered":"Etrier frana MITSUBISHI GRANDIS (NA_W) 2.4 MIVEC (NA4W) benzina 177 cai BUDWEG CALIPER 343548"},"content":{"rendered":"<p>Partea de montare: in spatele puntii, Axa spate stangaNumar articol par: 343549Sistem de fr\u00e2nare: AKEBONOGrosime disc fr\u00e2na [mm]: 10Tip etrier fr\u00e2na: Etrier de fr\u00e2n\u0103 (1 piston)Diametru [mm]: 38<\/p>\n","protected":false},"excerpt":{"rendered":"<p>Producator: BUDWEG CALIPER Cod producator: 343548<\/p>\n","protected":false},"featured_media":1290521,"comment_status":"open","ping_status":"closed","template":"","meta":[],"product_brand":[15527],"product_cat":[15608],"product_tag":[],"class_list":{"0":"post-1290520","1":"product","2":"type-product","3":"status-publish","4":"has-post-thumbnail","6":"product_brand-budweg-caliper","7":"product_cat-etrier-frana-naw-2-4-mivec-na4w-benzina-177","9":"first","10":"instock","11":"shipping-taxable","12":"purchasable","13":"product-type-simple"},"yoast_head":"<!-- This site is optimized with the Yoast SEO plugin v27.5 - https:\/\/yoast.com\/product\/yoast-seo-wordpress\/ -->\n<title>Etrier frana MITSUBISHI GRANDIS (NA_W) 2.4 MIVEC (NA4W) benzina 177 cai BUDWEG CALIPER 343548 MITUBISHI | BUDWEG - Autorival<\/title>\n<meta name=\"description\" content=\"\u26a1 Etrier frana MITSUBISHI GRANDIS (NA_W) 2.4 MIVEC (NA4W) benzina 177 cai BUDWEG CALIPER 343548 pentru MITUBISHI. \u2713 Cod: 343548 \u2713 Brand: BUDWEG \u2713 \u00cen stoc \u2713 Livrare 24h \u2713 Garan\u021bie!\" \/>\n<meta name=\"robots\" content=\"index, follow, max-snippet:-1, max-image-preview:large, max-video-preview:-1\" \/>\n<meta property=\"og:locale\" content=\"en_US\" \/>\n<meta property=\"og:type\" content=\"article\" \/>\n<meta property=\"og:title\" content=\"Etrier frana MITSUBISHI GRANDIS (NA_W) 2.4 MIVEC (NA4W) benzina 177 cai BUDWEG CALIPER 343548 MITUBISHI | BUDWEG - Autorival\" \/>\n<meta property=\"og:description\" content=\"\u26a1 Etrier frana MITSUBISHI GRANDIS (NA_W) 2.4 MIVEC (NA4W) benzina 177 cai BUDWEG CALIPER 343548 pentru MITUBISHI. \u2713 Cod: 343548 \u2713 Brand: BUDWEG \u2713 \u00cen stoc \u2713 Livrare 24h \u2713 Garan\u021bie!\" \/>\n<meta property=\"og:url\" content=\"https:\/\/autorival.ro\/mit\/product\/etrier-frana-mitsubishi-grandis-na_w-2-4-mivec-na4w-benzina-177-cai-budweg-caliper-343548\/\" \/>\n<meta property=\"og:site_name\" content=\"MITUBISHI\" \/>\n<meta property=\"og:image\" content=\"https:\/\/autorival.ro\/mit\/wp-content\/uploads\/sites\/25\/2026\/01\/343548-2.jpg\" \/>\n\t<meta property=\"og:image:width\" content=\"600\" \/>\n\t<meta property=\"og:image:height\" content=\"288\" \/>\n\t<meta property=\"og:image:type\" content=\"image\/jpeg\" \/>\n<meta name=\"twitter:card\" content=\"summary_large_image\" \/>\n<meta name=\"twitter:title\" content=\"Etrier frana MITSUBISHI GRANDIS (NA_W) 2.4 MIVEC (NA4W) benzina 177 cai BUDWEG CALIPER 343548 MITUBISHI | BUDWEG - Autorival\" \/>\n<meta name=\"twitter:description\" content=\"\u26a1 Etrier frana MITSUBISHI GRANDIS (NA_W) 2.4 MIVEC (NA4W) benzina 177 cai BUDWEG CALIPER 343548 pentru MITUBISHI. \u2713 Cod: 343548 \u2713 Brand: BUDWEG \u2713 \u00cen stoc \u2713 Livrare 24h \u2713 Garan\u021bie!\" \/>\n<script type=\"application\/ld+json\" class=\"yoast-schema-graph\">{\"@context\":\"https:\\\/\\\/schema.org\",\"@graph\":[{\"@type\":\"WebPage\",\"@id\":\"https:\\\/\\\/autorival.ro\\\/mit\\\/product\\\/etrier-frana-mitsubishi-grandis-na_w-2-4-mivec-na4w-benzina-177-cai-budweg-caliper-343548\\\/\",\"url\":\"https:\\\/\\\/autorival.ro\\\/mit\\\/product\\\/etrier-frana-mitsubishi-grandis-na_w-2-4-mivec-na4w-benzina-177-cai-budweg-caliper-343548\\\/\",\"name\":\"Etrier frana MITSUBISHI GRANDIS (NA_W) 2.4 MIVEC (NA4W) benzina 177 cai BUDWEG CALIPER 343548 MITUBISHI | BUDWEG - Autorival\",\"isPartOf\":{\"@id\":\"https:\\\/\\\/autorival.ro\\\/mit\\\/#website\"},\"primaryImageOfPage\":{\"@id\":\"https:\\\/\\\/autorival.ro\\\/mit\\\/product\\\/etrier-frana-mitsubishi-grandis-na_w-2-4-mivec-na4w-benzina-177-cai-budweg-caliper-343548\\\/#primaryimage\"},\"image\":{\"@id\":\"https:\\\/\\\/autorival.ro\\\/mit\\\/product\\\/etrier-frana-mitsubishi-grandis-na_w-2-4-mivec-na4w-benzina-177-cai-budweg-caliper-343548\\\/#primaryimage\"},\"thumbnailUrl\":\"https:\\\/\\\/autorival.ro\\\/mit\\\/wp-content\\\/uploads\\\/sites\\\/25\\\/2026\\\/01\\\/343548-2.jpg\",\"datePublished\":\"2026-01-21T11:44:36+00:00\",\"description\":\"\u26a1 Etrier frana MITSUBISHI GRANDIS (NA_W) 2.4 MIVEC (NA4W) benzina 177 cai BUDWEG CALIPER 343548 pentru MITUBISHI. \u2713 Cod: 343548 \u2713 Brand: BUDWEG \u2713 \u00cen stoc \u2713 Livrare 24h \u2713 Garan\u021bie!\",\"breadcrumb\":{\"@id\":\"https:\\\/\\\/autorival.ro\\\/mit\\\/product\\\/etrier-frana-mitsubishi-grandis-na_w-2-4-mivec-na4w-benzina-177-cai-budweg-caliper-343548\\\/#breadcrumb\"},\"inLanguage\":\"en-US\",\"potentialAction\":[{\"@type\":\"ReadAction\",\"target\":[\"https:\\\/\\\/autorival.ro\\\/mit\\\/product\\\/etrier-frana-mitsubishi-grandis-na_w-2-4-mivec-na4w-benzina-177-cai-budweg-caliper-343548\\\/\"]}]},{\"@type\":\"ImageObject\",\"inLanguage\":\"en-US\",\"@id\":\"https:\\\/\\\/autorival.ro\\\/mit\\\/product\\\/etrier-frana-mitsubishi-grandis-na_w-2-4-mivec-na4w-benzina-177-cai-budweg-caliper-343548\\\/#primaryimage\",\"url\":\"https:\\\/\\\/autorival.ro\\\/mit\\\/wp-content\\\/uploads\\\/sites\\\/25\\\/2026\\\/01\\\/343548-2.jpg\",\"contentUrl\":\"https:\\\/\\\/autorival.ro\\\/mit\\\/wp-content\\\/uploads\\\/sites\\\/25\\\/2026\\\/01\\\/343548-2.jpg\",\"width\":600,\"height\":288},{\"@type\":\"BreadcrumbList\",\"@id\":\"https:\\\/\\\/autorival.ro\\\/mit\\\/product\\\/etrier-frana-mitsubishi-grandis-na_w-2-4-mivec-na4w-benzina-177-cai-budweg-caliper-343548\\\/#breadcrumb\",\"itemListElement\":[{\"@type\":\"ListItem\",\"position\":1,\"name\":\"Prima pagin\u0103\",\"item\":\"https:\\\/\\\/autorival.ro\\\/mit\\\/\"},{\"@type\":\"ListItem\",\"position\":2,\"name\":\"Piese auto MITUBISHI\",\"item\":\"https:\\\/\\\/autorival.ro\\\/mit\\\/\"},{\"@type\":\"ListItem\",\"position\":3,\"name\":\"Etrier frana MITSUBISHI GRANDIS (NA_W) 2.4 MIVEC (NA4W) benzina 177 cai BUDWEG CALIPER 343548\"}]},{\"@type\":\"WebSite\",\"@id\":\"https:\\\/\\\/autorival.ro\\\/mit\\\/#website\",\"url\":\"https:\\\/\\\/autorival.ro\\\/mit\\\/\",\"name\":\"MITUBISHI\",\"description\":\"\",\"potentialAction\":[{\"@type\":\"SearchAction\",\"target\":{\"@type\":\"EntryPoint\",\"urlTemplate\":\"https:\\\/\\\/autorival.ro\\\/mit\\\/?s={search_term_string}\"},\"query-input\":{\"@type\":\"PropertyValueSpecification\",\"valueRequired\":true,\"valueName\":\"search_term_string\"}}],\"inLanguage\":\"en-US\"}]}<\/script>\n<!-- \/ Yoast SEO plugin. -->","yoast_head_json":{"title":"Etrier frana MITSUBISHI GRANDIS (NA_W) 2.4 MIVEC (NA4W) benzina 177 cai BUDWEG CALIPER 343548 MITUBISHI | BUDWEG - Autorival","description":"\u26a1 Etrier frana MITSUBISHI GRANDIS (NA_W) 2.4 MIVEC (NA4W) benzina 177 cai BUDWEG CALIPER 343548 pentru MITUBISHI. \u2713 Cod: 343548 \u2713 Brand: BUDWEG \u2713 \u00cen stoc \u2713 Livrare 24h \u2713 Garan\u021bie!","robots":{"index":"index","follow":"follow","max-snippet":"max-snippet:-1","max-image-preview":"max-image-preview:large","max-video-preview":"max-video-preview:-1"},"og_locale":"en_US","og_type":"article","og_title":"Etrier frana MITSUBISHI GRANDIS (NA_W) 2.4 MIVEC (NA4W) benzina 177 cai BUDWEG CALIPER 343548 MITUBISHI | BUDWEG - Autorival","og_description":"\u26a1 Etrier frana MITSUBISHI GRANDIS (NA_W) 2.4 MIVEC (NA4W) benzina 177 cai BUDWEG CALIPER 343548 pentru MITUBISHI. \u2713 Cod: 343548 \u2713 Brand: BUDWEG \u2713 \u00cen stoc \u2713 Livrare 24h \u2713 Garan\u021bie!","og_url":"https:\/\/autorival.ro\/mit\/product\/etrier-frana-mitsubishi-grandis-na_w-2-4-mivec-na4w-benzina-177-cai-budweg-caliper-343548\/","og_site_name":"MITUBISHI","og_image":[{"width":600,"height":288,"url":"https:\/\/autorival.ro\/mit\/wp-content\/uploads\/sites\/25\/2026\/01\/343548-2.jpg","type":"image\/jpeg"}],"twitter_card":"summary_large_image","twitter_title":"Etrier frana MITSUBISHI GRANDIS (NA_W) 2.4 MIVEC (NA4W) benzina 177 cai BUDWEG CALIPER 343548 MITUBISHI | BUDWEG - Autorival","twitter_description":"\u26a1 Etrier frana MITSUBISHI GRANDIS (NA_W) 2.4 MIVEC (NA4W) benzina 177 cai BUDWEG CALIPER 343548 pentru MITUBISHI. \u2713 Cod: 343548 \u2713 Brand: BUDWEG \u2713 \u00cen stoc \u2713 Livrare 24h \u2713 Garan\u021bie!","schema":{"@context":"https:\/\/schema.org","@graph":[{"@type":"WebPage","@id":"https:\/\/autorival.ro\/mit\/product\/etrier-frana-mitsubishi-grandis-na_w-2-4-mivec-na4w-benzina-177-cai-budweg-caliper-343548\/","url":"https:\/\/autorival.ro\/mit\/product\/etrier-frana-mitsubishi-grandis-na_w-2-4-mivec-na4w-benzina-177-cai-budweg-caliper-343548\/","name":"Etrier frana MITSUBISHI GRANDIS (NA_W) 2.4 MIVEC (NA4W) benzina 177 cai BUDWEG CALIPER 343548 MITUBISHI | BUDWEG - Autorival","isPartOf":{"@id":"https:\/\/autorival.ro\/mit\/#website"},"primaryImageOfPage":{"@id":"https:\/\/autorival.ro\/mit\/product\/etrier-frana-mitsubishi-grandis-na_w-2-4-mivec-na4w-benzina-177-cai-budweg-caliper-343548\/#primaryimage"},"image":{"@id":"https:\/\/autorival.ro\/mit\/product\/etrier-frana-mitsubishi-grandis-na_w-2-4-mivec-na4w-benzina-177-cai-budweg-caliper-343548\/#primaryimage"},"thumbnailUrl":"https:\/\/autorival.ro\/mit\/wp-content\/uploads\/sites\/25\/2026\/01\/343548-2.jpg","datePublished":"2026-01-21T11:44:36+00:00","description":"\u26a1 Etrier frana MITSUBISHI GRANDIS (NA_W) 2.4 MIVEC (NA4W) benzina 177 cai BUDWEG CALIPER 343548 pentru MITUBISHI. \u2713 Cod: 343548 \u2713 Brand: BUDWEG \u2713 \u00cen stoc \u2713 Livrare 24h \u2713 Garan\u021bie!","breadcrumb":{"@id":"https:\/\/autorival.ro\/mit\/product\/etrier-frana-mitsubishi-grandis-na_w-2-4-mivec-na4w-benzina-177-cai-budweg-caliper-343548\/#breadcrumb"},"inLanguage":"en-US","potentialAction":[{"@type":"ReadAction","target":["https:\/\/autorival.ro\/mit\/product\/etrier-frana-mitsubishi-grandis-na_w-2-4-mivec-na4w-benzina-177-cai-budweg-caliper-343548\/"]}]},{"@type":"ImageObject","inLanguage":"en-US","@id":"https:\/\/autorival.ro\/mit\/product\/etrier-frana-mitsubishi-grandis-na_w-2-4-mivec-na4w-benzina-177-cai-budweg-caliper-343548\/#primaryimage","url":"https:\/\/autorival.ro\/mit\/wp-content\/uploads\/sites\/25\/2026\/01\/343548-2.jpg","contentUrl":"https:\/\/autorival.ro\/mit\/wp-content\/uploads\/sites\/25\/2026\/01\/343548-2.jpg","width":600,"height":288},{"@type":"BreadcrumbList","@id":"https:\/\/autorival.ro\/mit\/product\/etrier-frana-mitsubishi-grandis-na_w-2-4-mivec-na4w-benzina-177-cai-budweg-caliper-343548\/#breadcrumb","itemListElement":[{"@type":"ListItem","position":1,"name":"Prima pagin\u0103","item":"https:\/\/autorival.ro\/mit\/"},{"@type":"ListItem","position":2,"name":"Piese auto MITUBISHI","item":"https:\/\/autorival.ro\/mit\/"},{"@type":"ListItem","position":3,"name":"Etrier frana MITSUBISHI GRANDIS (NA_W) 2.4 MIVEC (NA4W) benzina 177 cai BUDWEG CALIPER 343548"}]},{"@type":"WebSite","@id":"https:\/\/autorival.ro\/mit\/#website","url":"https:\/\/autorival.ro\/mit\/","name":"MITUBISHI","description":"","potentialAction":[{"@type":"SearchAction","target":{"@type":"EntryPoint","urlTemplate":"https:\/\/autorival.ro\/mit\/?s={search_term_string}"},"query-input":{"@type":"PropertyValueSpecification","valueRequired":true,"valueName":"search_term_string"}}],"inLanguage":"en-US"}]}},"_links":{"self":[{"href":"https:\/\/autorival.ro\/mit\/wp-json\/wp\/v2\/product\/1290520","targetHints":{"allow":["GET"]}}],"collection":[{"href":"https:\/\/autorival.ro\/mit\/wp-json\/wp\/v2\/product"}],"about":[{"href":"https:\/\/autorival.ro\/mit\/wp-json\/wp\/v2\/types\/product"}],"replies":[{"embeddable":true,"href":"https:\/\/autorival.ro\/mit\/wp-json\/wp\/v2\/comments?post=1290520"}],"wp:featuredmedia":[{"embeddable":true,"href":"https:\/\/autorival.ro\/mit\/wp-json\/wp\/v2\/media\/1290521"}],"wp:attachment":[{"href":"https:\/\/autorival.ro\/mit\/wp-json\/wp\/v2\/media?parent=1290520"}],"wp:term":[{"taxonomy":"product_brand","embeddable":true,"href":"https:\/\/autorival.ro\/mit\/wp-json\/wp\/v2\/product_brand?post=1290520"},{"taxonomy":"product_cat","embeddable":true,"href":"https:\/\/autorival.ro\/mit\/wp-json\/wp\/v2\/product_cat?post=1290520"},{"taxonomy":"product_tag","embeddable":true,"href":"https:\/\/autorival.ro\/mit\/wp-json\/wp\/v2\/product_tag?post=1290520"}],"curies":[{"name":"wp","href":"https:\/\/api.w.org\/{rel}","templated":true}]}}