{"id":575065,"date":"2025-07-14T11:33:07","date_gmt":"2025-07-14T11:33:07","guid":{"rendered":"https:\/\/autorival.ro\/mercedesbenz\/produs\/regulator-alternator-mercedes-benz-actros-2643-k-2643-lk-diesel-428-cai-as-pl-are0042\/"},"modified":"2025-07-14T11:33:07","modified_gmt":"2025-07-14T11:33:07","slug":"regulator-alternator-mercedes-benz-actros-2643-k-2643-lk-diesel-428-cai-as-pl-are0042","status":"publish","type":"product","link":"https:\/\/autorival.ro\/mercedesbenz\/produs\/regulator-alternator-mercedes-benz-actros-2643-k-2643-lk-diesel-428-cai-as-pl-are0042\/","title":{"rendered":"Regulator alternator MERCEDES-BENZ ACTROS 2643 K, 2643 LK diesel 428 cai AS-PL ARE0042"},"content":{"rendered":"<p>Restrictiile producatorului: BOSCHTensiune [V]: 24Calitate: STANDARD LINEPies\u0103 nou\u0103 f\u0103r\u0103 gaj<\/p>\n","protected":false},"excerpt":{"rendered":"<p>Producator: AS-PL Cod producator: ARE0042<\/p>\n","protected":false},"featured_media":575066,"comment_status":"open","ping_status":"closed","template":"","meta":[],"product_brand":[294],"product_cat":[39254],"product_tag":[45803,45857,65894,45856,46111,45795,45801,65893],"class_list":{"0":"post-575065","1":"product","2":"type-product","3":"status-publish","4":"has-post-thumbnail","6":"product_brand-as-pl","7":"product_cat-regulator-alternator-2643-k-2643-lk-diesel-428","8":"product_tag-actros","9":"product_tag-alternator","10":"product_tag-are","11":"product_tag-as","12":"product_tag-lk","13":"product_tag-mercedes","14":"product_tag-mercedes-benz","15":"product_tag-regulator","17":"first","18":"instock","19":"shipping-taxable","20":"purchasable","21":"product-type-simple"},"yoast_head":"<!-- This site is optimized with the Yoast SEO plugin v27.3 - https:\/\/yoast.com\/product\/yoast-seo-wordpress\/ -->\n<title>Regulator alternator MERCEDES-BENZ ACTROS 2643 K, 2643 LK diesel 428 cai AS-PL ARE0042 - Mercedes<\/title>\n<meta name=\"description\" content=\"Regulator alternator MERCEDES-BENZ\" \/>\n<meta name=\"robots\" content=\"index, follow, max-snippet:-1, max-image-preview:large, max-video-preview:-1\" \/>\n<meta property=\"og:locale\" content=\"ro_RO\" \/>\n<meta property=\"og:type\" content=\"article\" \/>\n<meta property=\"og:title\" content=\"Regulator alternator MERCEDES-BENZ ACTROS 2643 K, 2643 LK diesel 428 cai AS-PL ARE0042 - Mercedes\" \/>\n<meta property=\"og:description\" content=\"Regulator alternator MERCEDES-BENZ\" \/>\n<meta property=\"og:url\" content=\"https:\/\/autorival.ro\/mercedesbenz\/produs\/regulator-alternator-mercedes-benz-actros-2643-k-2643-lk-diesel-428-cai-as-pl-are0042\/\" \/>\n<meta property=\"og:site_name\" content=\"Mercedes\" \/>\n<meta property=\"og:image\" content=\"https:\/\/autorival.ro\/mercedesbenz\/wp-content\/uploads\/sites\/28\/2025\/07\/246150-61.jpg\" \/>\n\t<meta property=\"og:image:width\" content=\"1080\" \/>\n\t<meta property=\"og:image:height\" content=\"810\" \/>\n\t<meta property=\"og:image:type\" content=\"image\/jpeg\" \/>\n<meta name=\"twitter:card\" content=\"summary_large_image\" \/>\n<script type=\"application\/ld+json\" class=\"yoast-schema-graph\">{\"@context\":\"https:\\\/\\\/schema.org\",\"@graph\":[{\"@type\":\"WebPage\",\"@id\":\"https:\\\/\\\/autorival.ro\\\/mercedesbenz\\\/produs\\\/regulator-alternator-mercedes-benz-actros-2643-k-2643-lk-diesel-428-cai-as-pl-are0042\\\/\",\"url\":\"https:\\\/\\\/autorival.ro\\\/mercedesbenz\\\/produs\\\/regulator-alternator-mercedes-benz-actros-2643-k-2643-lk-diesel-428-cai-as-pl-are0042\\\/\",\"name\":\"Regulator alternator MERCEDES-BENZ ACTROS 2643 K, 2643 LK diesel 428 cai AS-PL ARE0042 - Mercedes\",\"isPartOf\":{\"@id\":\"https:\\\/\\\/autorival.ro\\\/mercedesbenz\\\/#website\"},\"primaryImageOfPage\":{\"@id\":\"https:\\\/\\\/autorival.ro\\\/mercedesbenz\\\/produs\\\/regulator-alternator-mercedes-benz-actros-2643-k-2643-lk-diesel-428-cai-as-pl-are0042\\\/#primaryimage\"},\"image\":{\"@id\":\"https:\\\/\\\/autorival.ro\\\/mercedesbenz\\\/produs\\\/regulator-alternator-mercedes-benz-actros-2643-k-2643-lk-diesel-428-cai-as-pl-are0042\\\/#primaryimage\"},\"thumbnailUrl\":\"https:\\\/\\\/autorival.ro\\\/mercedesbenz\\\/wp-content\\\/uploads\\\/sites\\\/28\\\/2025\\\/07\\\/246150-61.jpg\",\"datePublished\":\"2025-07-14T11:33:07+00:00\",\"description\":\"Regulator alternator MERCEDES-BENZ\",\"breadcrumb\":{\"@id\":\"https:\\\/\\\/autorival.ro\\\/mercedesbenz\\\/produs\\\/regulator-alternator-mercedes-benz-actros-2643-k-2643-lk-diesel-428-cai-as-pl-are0042\\\/#breadcrumb\"},\"inLanguage\":\"ro-RO\",\"potentialAction\":[{\"@type\":\"ReadAction\",\"target\":[\"https:\\\/\\\/autorival.ro\\\/mercedesbenz\\\/produs\\\/regulator-alternator-mercedes-benz-actros-2643-k-2643-lk-diesel-428-cai-as-pl-are0042\\\/\"]}]},{\"@type\":\"ImageObject\",\"inLanguage\":\"ro-RO\",\"@id\":\"https:\\\/\\\/autorival.ro\\\/mercedesbenz\\\/produs\\\/regulator-alternator-mercedes-benz-actros-2643-k-2643-lk-diesel-428-cai-as-pl-are0042\\\/#primaryimage\",\"url\":\"https:\\\/\\\/autorival.ro\\\/mercedesbenz\\\/wp-content\\\/uploads\\\/sites\\\/28\\\/2025\\\/07\\\/246150-61.jpg\",\"contentUrl\":\"https:\\\/\\\/autorival.ro\\\/mercedesbenz\\\/wp-content\\\/uploads\\\/sites\\\/28\\\/2025\\\/07\\\/246150-61.jpg\",\"width\":1080,\"height\":810},{\"@type\":\"BreadcrumbList\",\"@id\":\"https:\\\/\\\/autorival.ro\\\/mercedesbenz\\\/produs\\\/regulator-alternator-mercedes-benz-actros-2643-k-2643-lk-diesel-428-cai-as-pl-are0042\\\/#breadcrumb\",\"itemListElement\":[{\"@type\":\"ListItem\",\"position\":1,\"name\":\"Prima pagin\u0103\",\"item\":\"https:\\\/\\\/autorival.ro\\\/mercedesbenz\\\/\"},{\"@type\":\"ListItem\",\"position\":2,\"name\":\"Piese auto MERCEDES\",\"item\":\"https:\\\/\\\/autorival.ro\\\/mercedesbenz\\\/\"},{\"@type\":\"ListItem\",\"position\":3,\"name\":\"Regulator alternator MERCEDES-BENZ ACTROS 2643 K, 2643 LK diesel 428 cai AS-PL ARE0042\"}]},{\"@type\":\"WebSite\",\"@id\":\"https:\\\/\\\/autorival.ro\\\/mercedesbenz\\\/#website\",\"url\":\"https:\\\/\\\/autorival.ro\\\/mercedesbenz\\\/\",\"name\":\"Mercedes\",\"description\":\"\",\"potentialAction\":[{\"@type\":\"SearchAction\",\"target\":{\"@type\":\"EntryPoint\",\"urlTemplate\":\"https:\\\/\\\/autorival.ro\\\/mercedesbenz\\\/?s={search_term_string}\"},\"query-input\":{\"@type\":\"PropertyValueSpecification\",\"valueRequired\":true,\"valueName\":\"search_term_string\"}}],\"inLanguage\":\"ro-RO\"}]}<\/script>\n<!-- \/ Yoast SEO plugin. -->","yoast_head_json":{"title":"Regulator alternator MERCEDES-BENZ ACTROS 2643 K, 2643 LK diesel 428 cai AS-PL ARE0042 - Mercedes","description":"Regulator alternator MERCEDES-BENZ","robots":{"index":"index","follow":"follow","max-snippet":"max-snippet:-1","max-image-preview":"max-image-preview:large","max-video-preview":"max-video-preview:-1"},"og_locale":"ro_RO","og_type":"article","og_title":"Regulator alternator MERCEDES-BENZ ACTROS 2643 K, 2643 LK diesel 428 cai AS-PL ARE0042 - Mercedes","og_description":"Regulator alternator MERCEDES-BENZ","og_url":"https:\/\/autorival.ro\/mercedesbenz\/produs\/regulator-alternator-mercedes-benz-actros-2643-k-2643-lk-diesel-428-cai-as-pl-are0042\/","og_site_name":"Mercedes","og_image":[{"width":1080,"height":810,"url":"https:\/\/autorival.ro\/mercedesbenz\/wp-content\/uploads\/sites\/28\/2025\/07\/246150-61.jpg","type":"image\/jpeg"}],"twitter_card":"summary_large_image","schema":{"@context":"https:\/\/schema.org","@graph":[{"@type":"WebPage","@id":"https:\/\/autorival.ro\/mercedesbenz\/produs\/regulator-alternator-mercedes-benz-actros-2643-k-2643-lk-diesel-428-cai-as-pl-are0042\/","url":"https:\/\/autorival.ro\/mercedesbenz\/produs\/regulator-alternator-mercedes-benz-actros-2643-k-2643-lk-diesel-428-cai-as-pl-are0042\/","name":"Regulator alternator MERCEDES-BENZ ACTROS 2643 K, 2643 LK diesel 428 cai AS-PL ARE0042 - Mercedes","isPartOf":{"@id":"https:\/\/autorival.ro\/mercedesbenz\/#website"},"primaryImageOfPage":{"@id":"https:\/\/autorival.ro\/mercedesbenz\/produs\/regulator-alternator-mercedes-benz-actros-2643-k-2643-lk-diesel-428-cai-as-pl-are0042\/#primaryimage"},"image":{"@id":"https:\/\/autorival.ro\/mercedesbenz\/produs\/regulator-alternator-mercedes-benz-actros-2643-k-2643-lk-diesel-428-cai-as-pl-are0042\/#primaryimage"},"thumbnailUrl":"https:\/\/autorival.ro\/mercedesbenz\/wp-content\/uploads\/sites\/28\/2025\/07\/246150-61.jpg","datePublished":"2025-07-14T11:33:07+00:00","description":"Regulator alternator MERCEDES-BENZ","breadcrumb":{"@id":"https:\/\/autorival.ro\/mercedesbenz\/produs\/regulator-alternator-mercedes-benz-actros-2643-k-2643-lk-diesel-428-cai-as-pl-are0042\/#breadcrumb"},"inLanguage":"ro-RO","potentialAction":[{"@type":"ReadAction","target":["https:\/\/autorival.ro\/mercedesbenz\/produs\/regulator-alternator-mercedes-benz-actros-2643-k-2643-lk-diesel-428-cai-as-pl-are0042\/"]}]},{"@type":"ImageObject","inLanguage":"ro-RO","@id":"https:\/\/autorival.ro\/mercedesbenz\/produs\/regulator-alternator-mercedes-benz-actros-2643-k-2643-lk-diesel-428-cai-as-pl-are0042\/#primaryimage","url":"https:\/\/autorival.ro\/mercedesbenz\/wp-content\/uploads\/sites\/28\/2025\/07\/246150-61.jpg","contentUrl":"https:\/\/autorival.ro\/mercedesbenz\/wp-content\/uploads\/sites\/28\/2025\/07\/246150-61.jpg","width":1080,"height":810},{"@type":"BreadcrumbList","@id":"https:\/\/autorival.ro\/mercedesbenz\/produs\/regulator-alternator-mercedes-benz-actros-2643-k-2643-lk-diesel-428-cai-as-pl-are0042\/#breadcrumb","itemListElement":[{"@type":"ListItem","position":1,"name":"Prima pagin\u0103","item":"https:\/\/autorival.ro\/mercedesbenz\/"},{"@type":"ListItem","position":2,"name":"Piese auto MERCEDES","item":"https:\/\/autorival.ro\/mercedesbenz\/"},{"@type":"ListItem","position":3,"name":"Regulator alternator MERCEDES-BENZ ACTROS 2643 K, 2643 LK diesel 428 cai AS-PL ARE0042"}]},{"@type":"WebSite","@id":"https:\/\/autorival.ro\/mercedesbenz\/#website","url":"https:\/\/autorival.ro\/mercedesbenz\/","name":"Mercedes","description":"","potentialAction":[{"@type":"SearchAction","target":{"@type":"EntryPoint","urlTemplate":"https:\/\/autorival.ro\/mercedesbenz\/?s={search_term_string}"},"query-input":{"@type":"PropertyValueSpecification","valueRequired":true,"valueName":"search_term_string"}}],"inLanguage":"ro-RO"}]}},"_links":{"self":[{"href":"https:\/\/autorival.ro\/mercedesbenz\/wp-json\/wp\/v2\/product\/575065","targetHints":{"allow":["GET"]}}],"collection":[{"href":"https:\/\/autorival.ro\/mercedesbenz\/wp-json\/wp\/v2\/product"}],"about":[{"href":"https:\/\/autorival.ro\/mercedesbenz\/wp-json\/wp\/v2\/types\/product"}],"replies":[{"embeddable":true,"href":"https:\/\/autorival.ro\/mercedesbenz\/wp-json\/wp\/v2\/comments?post=575065"}],"wp:featuredmedia":[{"embeddable":true,"href":"https:\/\/autorival.ro\/mercedesbenz\/wp-json\/wp\/v2\/media\/575066"}],"wp:attachment":[{"href":"https:\/\/autorival.ro\/mercedesbenz\/wp-json\/wp\/v2\/media?parent=575065"}],"wp:term":[{"taxonomy":"product_brand","embeddable":true,"href":"https:\/\/autorival.ro\/mercedesbenz\/wp-json\/wp\/v2\/product_brand?post=575065"},{"taxonomy":"product_cat","embeddable":true,"href":"https:\/\/autorival.ro\/mercedesbenz\/wp-json\/wp\/v2\/product_cat?post=575065"},{"taxonomy":"product_tag","embeddable":true,"href":"https:\/\/autorival.ro\/mercedesbenz\/wp-json\/wp\/v2\/product_tag?post=575065"}],"curies":[{"name":"wp","href":"https:\/\/api.w.org\/{rel}","templated":true}]}}