{"id":407904,"date":"2025-07-11T10:19:39","date_gmt":"2025-07-11T10:19:39","guid":{"rendered":"https:\/\/autorival.ro\/mercedesbenz\/produs\/garnitura-piston-etrier-mercedes-benz-a-class-w176-a-220-d-4-matic-176-005-diesel-177-cai-budweg-caliper-189967\/"},"modified":"2025-07-11T10:19:39","modified_gmt":"2025-07-11T10:19:39","slug":"garnitura-piston-etrier-mercedes-benz-a-class-w176-a-220-d-4-matic-176-005-diesel-177-cai-budweg-caliper-189967","status":"publish","type":"product","link":"https:\/\/autorival.ro\/mercedesbenz\/produs\/garnitura-piston-etrier-mercedes-benz-a-class-w176-a-220-d-4-matic-176-005-diesel-177-cai-budweg-caliper-189967\/","title":{"rendered":"Garnitura piston etrier MERCEDES-BENZ A-CLASS (W176) A 220 d 4-matic (176.005) diesel 177 cai BUDWEG CALIPER 189967"},"content":{"rendered":"<p>Partea de montare: punte fataEchipament vehicul: pentru vehicule cu pachet sport, pentru vehicule fara pachet sportSistem de fr\u00e2nare: TRWpentru numar articol: 344652, 344653, 344654, 344655, 345096, 345097pentru cod dotare special\u0103: 950, 66Onu pentru cod dotare special\u0103: 66O, 66O\/950Separarea blocurilorVariant\u0103 de echipare: RETROFIT ->Diametru [mm]: 60<\/p>\n","protected":false},"excerpt":{"rendered":"<p>Producator: BUDWEG CALIPER Cod producator: 189967<\/p>\n","protected":false},"featured_media":407905,"comment_status":"open","ping_status":"closed","template":"","meta":[],"product_brand":[20075],"product_cat":[25852],"product_tag":[45802,65511,65512,52542,65662,45795,45801,65675],"class_list":{"0":"post-407904","1":"product","2":"type-product","3":"status-publish","4":"has-post-thumbnail","6":"product_brand-budweg-caliper","7":"product_cat-garnitura-piston-etrier-w176-a-220-d-4-matic-176-005-diesel-177","8":"product_tag-a-class","9":"product_tag-budweg","10":"product_tag-caliper","11":"product_tag-etrier","12":"product_tag-garnitura","13":"product_tag-mercedes","14":"product_tag-mercedes-benz","15":"product_tag-piston","17":"first","18":"instock","19":"shipping-taxable","20":"purchasable","21":"product-type-simple"},"yoast_head":"<!-- This site is optimized with the Yoast SEO plugin v27.3 - https:\/\/yoast.com\/product\/yoast-seo-wordpress\/ -->\n<title>Garnitura piston etrier MERCEDES-BENZ A-CLASS (W176) A 220 d 4-matic (176.005) diesel 177 cai BUDWEG CALIPER 189967 Mercedes | BUDWEG - Autorival<\/title>\n<meta name=\"description\" content=\"\u26a1 Garnitura piston etrier MERCEDES-BENZ A-CLASS (W176) A 220 d 4-matic (176.005) diesel 177 cai BUDWEG CALIPER 189967 pentru Mercedes la doar 64 RON. \u2713 Cod: 189967 \u2713 Brand: BUDWEG \u2713 \u00cen stoc \u2713 Livrare 24h \u2713 Garan\u021bie!\" \/>\n<meta name=\"robots\" content=\"index, follow, max-snippet:-1, max-image-preview:large, max-video-preview:-1\" \/>\n<meta property=\"og:locale\" content=\"ro_RO\" \/>\n<meta property=\"og:type\" content=\"article\" \/>\n<meta property=\"og:title\" content=\"Garnitura piston etrier MERCEDES-BENZ A-CLASS (W176) A 220 d 4-matic (176.005) diesel 177 cai BUDWEG CALIPER 189967 Mercedes | BUDWEG - Autorival\" \/>\n<meta property=\"og:description\" content=\"\u26a1 Garnitura piston etrier MERCEDES-BENZ A-CLASS (W176) A 220 d 4-matic (176.005) diesel 177 cai BUDWEG CALIPER 189967 pentru Mercedes la doar 64 RON. \u2713 Cod: 189967 \u2713 Brand: BUDWEG \u2713 \u00cen stoc \u2713 Livrare 24h \u2713 Garan\u021bie!\" \/>\n<meta property=\"og:url\" content=\"https:\/\/autorival.ro\/mercedesbenz\/produs\/garnitura-piston-etrier-mercedes-benz-a-class-w176-a-220-d-4-matic-176-005-diesel-177-cai-budweg-caliper-189967\/\" \/>\n<meta property=\"og:site_name\" content=\"Mercedes\" \/>\n<meta property=\"og:image\" content=\"https:\/\/autorival.ro\/mercedesbenz\/wp-content\/uploads\/sites\/28\/2025\/07\/189967-14.jpg\" \/>\n\t<meta property=\"og:image:width\" content=\"473\" \/>\n\t<meta property=\"og:image:height\" content=\"400\" \/>\n\t<meta property=\"og:image:type\" content=\"image\/jpeg\" \/>\n<meta name=\"twitter:card\" content=\"summary_large_image\" \/>\n<meta name=\"twitter:title\" content=\"Garnitura piston etrier MERCEDES-BENZ A-CLASS (W176) A 220 d 4-matic (176.005) diesel 177 cai BUDWEG CALIPER 189967 Mercedes | BUDWEG - Autorival\" \/>\n<meta name=\"twitter:description\" content=\"\u26a1 Garnitura piston etrier MERCEDES-BENZ A-CLASS (W176) A 220 d 4-matic (176.005) diesel 177 cai BUDWEG CALIPER 189967 pentru Mercedes la doar 64 RON. \u2713 Cod: 189967 \u2713 Brand: BUDWEG \u2713 \u00cen stoc \u2713 Livrare 24h \u2713 Garan\u021bie!\" \/>\n<script type=\"application\/ld+json\" class=\"yoast-schema-graph\">{\"@context\":\"https:\\\/\\\/schema.org\",\"@graph\":[{\"@type\":\"WebPage\",\"@id\":\"https:\\\/\\\/autorival.ro\\\/mercedesbenz\\\/produs\\\/garnitura-piston-etrier-mercedes-benz-a-class-w176-a-220-d-4-matic-176-005-diesel-177-cai-budweg-caliper-189967\\\/\",\"url\":\"https:\\\/\\\/autorival.ro\\\/mercedesbenz\\\/produs\\\/garnitura-piston-etrier-mercedes-benz-a-class-w176-a-220-d-4-matic-176-005-diesel-177-cai-budweg-caliper-189967\\\/\",\"name\":\"Garnitura piston etrier MERCEDES-BENZ A-CLASS (W176) A 220 d 4-matic (176.005) diesel 177 cai BUDWEG CALIPER 189967 Mercedes | BUDWEG - Autorival\",\"isPartOf\":{\"@id\":\"https:\\\/\\\/autorival.ro\\\/mercedesbenz\\\/#website\"},\"primaryImageOfPage\":{\"@id\":\"https:\\\/\\\/autorival.ro\\\/mercedesbenz\\\/produs\\\/garnitura-piston-etrier-mercedes-benz-a-class-w176-a-220-d-4-matic-176-005-diesel-177-cai-budweg-caliper-189967\\\/#primaryimage\"},\"image\":{\"@id\":\"https:\\\/\\\/autorival.ro\\\/mercedesbenz\\\/produs\\\/garnitura-piston-etrier-mercedes-benz-a-class-w176-a-220-d-4-matic-176-005-diesel-177-cai-budweg-caliper-189967\\\/#primaryimage\"},\"thumbnailUrl\":\"https:\\\/\\\/autorival.ro\\\/mercedesbenz\\\/wp-content\\\/uploads\\\/sites\\\/28\\\/2025\\\/07\\\/189967-14.jpg\",\"datePublished\":\"2025-07-11T10:19:39+00:00\",\"description\":\"\u26a1 Garnitura piston etrier MERCEDES-BENZ A-CLASS (W176) A 220 d 4-matic (176.005) diesel 177 cai BUDWEG CALIPER 189967 pentru Mercedes la doar 64 RON. \u2713 Cod: 189967 \u2713 Brand: BUDWEG \u2713 \u00cen stoc \u2713 Livrare 24h \u2713 Garan\u021bie!\",\"breadcrumb\":{\"@id\":\"https:\\\/\\\/autorival.ro\\\/mercedesbenz\\\/produs\\\/garnitura-piston-etrier-mercedes-benz-a-class-w176-a-220-d-4-matic-176-005-diesel-177-cai-budweg-caliper-189967\\\/#breadcrumb\"},\"inLanguage\":\"ro-RO\",\"potentialAction\":[{\"@type\":\"ReadAction\",\"target\":[\"https:\\\/\\\/autorival.ro\\\/mercedesbenz\\\/produs\\\/garnitura-piston-etrier-mercedes-benz-a-class-w176-a-220-d-4-matic-176-005-diesel-177-cai-budweg-caliper-189967\\\/\"]}]},{\"@type\":\"ImageObject\",\"inLanguage\":\"ro-RO\",\"@id\":\"https:\\\/\\\/autorival.ro\\\/mercedesbenz\\\/produs\\\/garnitura-piston-etrier-mercedes-benz-a-class-w176-a-220-d-4-matic-176-005-diesel-177-cai-budweg-caliper-189967\\\/#primaryimage\",\"url\":\"https:\\\/\\\/autorival.ro\\\/mercedesbenz\\\/wp-content\\\/uploads\\\/sites\\\/28\\\/2025\\\/07\\\/189967-14.jpg\",\"contentUrl\":\"https:\\\/\\\/autorival.ro\\\/mercedesbenz\\\/wp-content\\\/uploads\\\/sites\\\/28\\\/2025\\\/07\\\/189967-14.jpg\",\"width\":473,\"height\":400,\"caption\":\"Garnitura piston etrier MERCEDES-BENZ A-CLASS (W176) A 220 d 4-matic (176.005) diesel 177 cai BUDWEG CALIPER 189967\"},{\"@type\":\"BreadcrumbList\",\"@id\":\"https:\\\/\\\/autorival.ro\\\/mercedesbenz\\\/produs\\\/garnitura-piston-etrier-mercedes-benz-a-class-w176-a-220-d-4-matic-176-005-diesel-177-cai-budweg-caliper-189967\\\/#breadcrumb\",\"itemListElement\":[{\"@type\":\"ListItem\",\"position\":1,\"name\":\"Prima pagin\u0103\",\"item\":\"https:\\\/\\\/autorival.ro\\\/mercedesbenz\\\/\"},{\"@type\":\"ListItem\",\"position\":2,\"name\":\"Piese auto MERCEDES\",\"item\":\"https:\\\/\\\/autorival.ro\\\/mercedesbenz\\\/\"},{\"@type\":\"ListItem\",\"position\":3,\"name\":\"Garnitura piston etrier MERCEDES-BENZ A-CLASS (W176) A 220 d 4-matic (176.005) diesel 177 cai BUDWEG CALIPER 189967\"}]},{\"@type\":\"WebSite\",\"@id\":\"https:\\\/\\\/autorival.ro\\\/mercedesbenz\\\/#website\",\"url\":\"https:\\\/\\\/autorival.ro\\\/mercedesbenz\\\/\",\"name\":\"Mercedes\",\"description\":\"\",\"potentialAction\":[{\"@type\":\"SearchAction\",\"target\":{\"@type\":\"EntryPoint\",\"urlTemplate\":\"https:\\\/\\\/autorival.ro\\\/mercedesbenz\\\/?s={search_term_string}\"},\"query-input\":{\"@type\":\"PropertyValueSpecification\",\"valueRequired\":true,\"valueName\":\"search_term_string\"}}],\"inLanguage\":\"ro-RO\"}]}<\/script>\n<!-- \/ Yoast SEO plugin. -->","yoast_head_json":{"title":"Garnitura piston etrier MERCEDES-BENZ A-CLASS (W176) A 220 d 4-matic (176.005) diesel 177 cai BUDWEG CALIPER 189967 Mercedes | BUDWEG - Autorival","description":"\u26a1 Garnitura piston etrier MERCEDES-BENZ A-CLASS (W176) A 220 d 4-matic (176.005) diesel 177 cai BUDWEG CALIPER 189967 pentru Mercedes la doar 64 RON. \u2713 Cod: 189967 \u2713 Brand: BUDWEG \u2713 \u00cen stoc \u2713 Livrare 24h \u2713 Garan\u021bie!","robots":{"index":"index","follow":"follow","max-snippet":"max-snippet:-1","max-image-preview":"max-image-preview:large","max-video-preview":"max-video-preview:-1"},"og_locale":"ro_RO","og_type":"article","og_title":"Garnitura piston etrier MERCEDES-BENZ A-CLASS (W176) A 220 d 4-matic (176.005) diesel 177 cai BUDWEG CALIPER 189967 Mercedes | BUDWEG - Autorival","og_description":"\u26a1 Garnitura piston etrier MERCEDES-BENZ A-CLASS (W176) A 220 d 4-matic (176.005) diesel 177 cai BUDWEG CALIPER 189967 pentru Mercedes la doar 64 RON. \u2713 Cod: 189967 \u2713 Brand: BUDWEG \u2713 \u00cen stoc \u2713 Livrare 24h \u2713 Garan\u021bie!","og_url":"https:\/\/autorival.ro\/mercedesbenz\/produs\/garnitura-piston-etrier-mercedes-benz-a-class-w176-a-220-d-4-matic-176-005-diesel-177-cai-budweg-caliper-189967\/","og_site_name":"Mercedes","og_image":[{"width":473,"height":400,"url":"https:\/\/autorival.ro\/mercedesbenz\/wp-content\/uploads\/sites\/28\/2025\/07\/189967-14.jpg","type":"image\/jpeg"}],"twitter_card":"summary_large_image","twitter_title":"Garnitura piston etrier MERCEDES-BENZ A-CLASS (W176) A 220 d 4-matic (176.005) diesel 177 cai BUDWEG CALIPER 189967 Mercedes | BUDWEG - Autorival","twitter_description":"\u26a1 Garnitura piston etrier MERCEDES-BENZ A-CLASS (W176) A 220 d 4-matic (176.005) diesel 177 cai BUDWEG CALIPER 189967 pentru Mercedes la doar 64 RON. \u2713 Cod: 189967 \u2713 Brand: BUDWEG \u2713 \u00cen stoc \u2713 Livrare 24h \u2713 Garan\u021bie!","schema":{"@context":"https:\/\/schema.org","@graph":[{"@type":"WebPage","@id":"https:\/\/autorival.ro\/mercedesbenz\/produs\/garnitura-piston-etrier-mercedes-benz-a-class-w176-a-220-d-4-matic-176-005-diesel-177-cai-budweg-caliper-189967\/","url":"https:\/\/autorival.ro\/mercedesbenz\/produs\/garnitura-piston-etrier-mercedes-benz-a-class-w176-a-220-d-4-matic-176-005-diesel-177-cai-budweg-caliper-189967\/","name":"Garnitura piston etrier MERCEDES-BENZ A-CLASS (W176) A 220 d 4-matic (176.005) diesel 177 cai BUDWEG CALIPER 189967 Mercedes | BUDWEG - Autorival","isPartOf":{"@id":"https:\/\/autorival.ro\/mercedesbenz\/#website"},"primaryImageOfPage":{"@id":"https:\/\/autorival.ro\/mercedesbenz\/produs\/garnitura-piston-etrier-mercedes-benz-a-class-w176-a-220-d-4-matic-176-005-diesel-177-cai-budweg-caliper-189967\/#primaryimage"},"image":{"@id":"https:\/\/autorival.ro\/mercedesbenz\/produs\/garnitura-piston-etrier-mercedes-benz-a-class-w176-a-220-d-4-matic-176-005-diesel-177-cai-budweg-caliper-189967\/#primaryimage"},"thumbnailUrl":"https:\/\/autorival.ro\/mercedesbenz\/wp-content\/uploads\/sites\/28\/2025\/07\/189967-14.jpg","datePublished":"2025-07-11T10:19:39+00:00","description":"\u26a1 Garnitura piston etrier MERCEDES-BENZ A-CLASS (W176) A 220 d 4-matic (176.005) diesel 177 cai BUDWEG CALIPER 189967 pentru Mercedes la doar 64 RON. \u2713 Cod: 189967 \u2713 Brand: BUDWEG \u2713 \u00cen stoc \u2713 Livrare 24h \u2713 Garan\u021bie!","breadcrumb":{"@id":"https:\/\/autorival.ro\/mercedesbenz\/produs\/garnitura-piston-etrier-mercedes-benz-a-class-w176-a-220-d-4-matic-176-005-diesel-177-cai-budweg-caliper-189967\/#breadcrumb"},"inLanguage":"ro-RO","potentialAction":[{"@type":"ReadAction","target":["https:\/\/autorival.ro\/mercedesbenz\/produs\/garnitura-piston-etrier-mercedes-benz-a-class-w176-a-220-d-4-matic-176-005-diesel-177-cai-budweg-caliper-189967\/"]}]},{"@type":"ImageObject","inLanguage":"ro-RO","@id":"https:\/\/autorival.ro\/mercedesbenz\/produs\/garnitura-piston-etrier-mercedes-benz-a-class-w176-a-220-d-4-matic-176-005-diesel-177-cai-budweg-caliper-189967\/#primaryimage","url":"https:\/\/autorival.ro\/mercedesbenz\/wp-content\/uploads\/sites\/28\/2025\/07\/189967-14.jpg","contentUrl":"https:\/\/autorival.ro\/mercedesbenz\/wp-content\/uploads\/sites\/28\/2025\/07\/189967-14.jpg","width":473,"height":400,"caption":"Garnitura piston etrier MERCEDES-BENZ A-CLASS (W176) A 220 d 4-matic (176.005) diesel 177 cai BUDWEG CALIPER 189967"},{"@type":"BreadcrumbList","@id":"https:\/\/autorival.ro\/mercedesbenz\/produs\/garnitura-piston-etrier-mercedes-benz-a-class-w176-a-220-d-4-matic-176-005-diesel-177-cai-budweg-caliper-189967\/#breadcrumb","itemListElement":[{"@type":"ListItem","position":1,"name":"Prima pagin\u0103","item":"https:\/\/autorival.ro\/mercedesbenz\/"},{"@type":"ListItem","position":2,"name":"Piese auto MERCEDES","item":"https:\/\/autorival.ro\/mercedesbenz\/"},{"@type":"ListItem","position":3,"name":"Garnitura piston etrier MERCEDES-BENZ A-CLASS (W176) A 220 d 4-matic (176.005) diesel 177 cai BUDWEG CALIPER 189967"}]},{"@type":"WebSite","@id":"https:\/\/autorival.ro\/mercedesbenz\/#website","url":"https:\/\/autorival.ro\/mercedesbenz\/","name":"Mercedes","description":"","potentialAction":[{"@type":"SearchAction","target":{"@type":"EntryPoint","urlTemplate":"https:\/\/autorival.ro\/mercedesbenz\/?s={search_term_string}"},"query-input":{"@type":"PropertyValueSpecification","valueRequired":true,"valueName":"search_term_string"}}],"inLanguage":"ro-RO"}]}},"_links":{"self":[{"href":"https:\/\/autorival.ro\/mercedesbenz\/wp-json\/wp\/v2\/product\/407904","targetHints":{"allow":["GET"]}}],"collection":[{"href":"https:\/\/autorival.ro\/mercedesbenz\/wp-json\/wp\/v2\/product"}],"about":[{"href":"https:\/\/autorival.ro\/mercedesbenz\/wp-json\/wp\/v2\/types\/product"}],"replies":[{"embeddable":true,"href":"https:\/\/autorival.ro\/mercedesbenz\/wp-json\/wp\/v2\/comments?post=407904"}],"wp:featuredmedia":[{"embeddable":true,"href":"https:\/\/autorival.ro\/mercedesbenz\/wp-json\/wp\/v2\/media\/407905"}],"wp:attachment":[{"href":"https:\/\/autorival.ro\/mercedesbenz\/wp-json\/wp\/v2\/media?parent=407904"}],"wp:term":[{"taxonomy":"product_brand","embeddable":true,"href":"https:\/\/autorival.ro\/mercedesbenz\/wp-json\/wp\/v2\/product_brand?post=407904"},{"taxonomy":"product_cat","embeddable":true,"href":"https:\/\/autorival.ro\/mercedesbenz\/wp-json\/wp\/v2\/product_cat?post=407904"},{"taxonomy":"product_tag","embeddable":true,"href":"https:\/\/autorival.ro\/mercedesbenz\/wp-json\/wp\/v2\/product_tag?post=407904"}],"curies":[{"name":"wp","href":"https:\/\/api.w.org\/{rel}","templated":true}]}}