{"id":224577,"date":"2025-07-09T08:12:08","date_gmt":"2025-07-09T08:12:08","guid":{"rendered":"https:\/\/autorival.ro\/mercedesbenz\/produs\/comutator-contact-portiera-mercedes-benz-actros-mp2-mp3-3348-a-diesel-476-cai-vemo-v30-73-0135\/"},"modified":"2025-07-09T08:12:08","modified_gmt":"2025-07-09T08:12:08","slug":"comutator-contact-portiera-mercedes-benz-actros-mp2-mp3-3348-a-diesel-476-cai-vemo-v30-73-0135","status":"publish","type":"product","link":"https:\/\/autorival.ro\/mercedesbenz\/produs\/comutator-contact-portiera-mercedes-benz-actros-mp2-mp3-3348-a-diesel-476-cai-vemo-v30-73-0135\/","title":{"rendered":"Comutator contact portiera MERCEDES-BENZ ACTROS MP2 \/ MP3 3348 A diesel 476 cai VEMO V30-73-0135"},"content":{"rendered":"<p>->Lungime [mm]: 58Partea de montare: fata si spate ->Latime [mm]: 22\u00cenaltime [mm]: 20Num\u0103rul conexiunilor cu muf\u0103: 2Nr. de cuplaje: 2 ->Greutate [kg]: 0,01<\/p>\n","protected":false},"excerpt":{"rendered":"<p>Producator: VEMO Cod producator: V30-73-0135<\/p>\n","protected":false},"featured_media":224578,"comment_status":"open","ping_status":"closed","template":"","meta":[],"product_brand":[3873],"product_cat":[14006],"product_tag":[45803,60891,60956,45795,45824,60957,48367],"class_list":{"0":"post-224577","1":"product","2":"type-product","3":"status-publish","4":"has-post-thumbnail","6":"product_brand-vemo","7":"product_cat-comutator-contact-portiera-mp2-mp3-3348-a-diesel-476","8":"product_tag-actros","9":"product_tag-comutator","10":"product_tag-contact","11":"product_tag-mercedes","12":"product_tag-mp","13":"product_tag-portiera","14":"product_tag-vemo","16":"first","17":"instock","18":"shipping-taxable","19":"purchasable","20":"product-type-simple"},"yoast_head":"<!-- This site is optimized with the Yoast SEO plugin v27.4 - https:\/\/yoast.com\/product\/yoast-seo-wordpress\/ -->\n<title>Comutator contact portiera MERCEDES-BENZ ACTROS MP2 \/ MP3 3348 A diesel 476 cai VEMO V30-73-0135 - Mercedes<\/title>\n<meta name=\"description\" content=\"Comutator contact portiera\" \/>\n<meta name=\"robots\" content=\"index, follow, max-snippet:-1, max-image-preview:large, max-video-preview:-1\" \/>\n<meta property=\"og:locale\" content=\"ro_RO\" \/>\n<meta property=\"og:type\" content=\"article\" \/>\n<meta property=\"og:title\" content=\"Comutator contact portiera MERCEDES-BENZ ACTROS MP2 \/ MP3 3348 A diesel 476 cai VEMO V30-73-0135 - Mercedes\" \/>\n<meta property=\"og:description\" content=\"Comutator contact portiera\" \/>\n<meta property=\"og:url\" content=\"https:\/\/autorival.ro\/mercedesbenz\/produs\/comutator-contact-portiera-mercedes-benz-actros-mp2-mp3-3348-a-diesel-476-cai-vemo-v30-73-0135\/\" \/>\n<meta property=\"og:site_name\" content=\"Mercedes\" \/>\n<meta property=\"og:image\" content=\"https:\/\/autorival.ro\/mercedesbenz\/wp-content\/uploads\/sites\/28\/2025\/07\/v10-60-0066_02-2.jpg\" \/>\n\t<meta property=\"og:image:width\" content=\"2499\" \/>\n\t<meta property=\"og:image:height\" content=\"1666\" \/>\n\t<meta property=\"og:image:type\" content=\"image\/jpeg\" \/>\n<meta name=\"twitter:card\" content=\"summary_large_image\" \/>\n<script type=\"application\/ld+json\" class=\"yoast-schema-graph\">{\"@context\":\"https:\\\/\\\/schema.org\",\"@graph\":[{\"@type\":\"WebPage\",\"@id\":\"https:\\\/\\\/autorival.ro\\\/mercedesbenz\\\/produs\\\/comutator-contact-portiera-mercedes-benz-actros-mp2-mp3-3348-a-diesel-476-cai-vemo-v30-73-0135\\\/\",\"url\":\"https:\\\/\\\/autorival.ro\\\/mercedesbenz\\\/produs\\\/comutator-contact-portiera-mercedes-benz-actros-mp2-mp3-3348-a-diesel-476-cai-vemo-v30-73-0135\\\/\",\"name\":\"Comutator contact portiera MERCEDES-BENZ ACTROS MP2 \\\/ MP3 3348 A diesel 476 cai VEMO V30-73-0135 - Mercedes\",\"isPartOf\":{\"@id\":\"https:\\\/\\\/autorival.ro\\\/mercedesbenz\\\/#website\"},\"primaryImageOfPage\":{\"@id\":\"https:\\\/\\\/autorival.ro\\\/mercedesbenz\\\/produs\\\/comutator-contact-portiera-mercedes-benz-actros-mp2-mp3-3348-a-diesel-476-cai-vemo-v30-73-0135\\\/#primaryimage\"},\"image\":{\"@id\":\"https:\\\/\\\/autorival.ro\\\/mercedesbenz\\\/produs\\\/comutator-contact-portiera-mercedes-benz-actros-mp2-mp3-3348-a-diesel-476-cai-vemo-v30-73-0135\\\/#primaryimage\"},\"thumbnailUrl\":\"https:\\\/\\\/autorival.ro\\\/mercedesbenz\\\/wp-content\\\/uploads\\\/sites\\\/28\\\/2025\\\/07\\\/v10-60-0066_02-2.jpg\",\"datePublished\":\"2025-07-09T08:12:08+00:00\",\"description\":\"Comutator contact portiera\",\"breadcrumb\":{\"@id\":\"https:\\\/\\\/autorival.ro\\\/mercedesbenz\\\/produs\\\/comutator-contact-portiera-mercedes-benz-actros-mp2-mp3-3348-a-diesel-476-cai-vemo-v30-73-0135\\\/#breadcrumb\"},\"inLanguage\":\"ro-RO\",\"potentialAction\":[{\"@type\":\"ReadAction\",\"target\":[\"https:\\\/\\\/autorival.ro\\\/mercedesbenz\\\/produs\\\/comutator-contact-portiera-mercedes-benz-actros-mp2-mp3-3348-a-diesel-476-cai-vemo-v30-73-0135\\\/\"]}]},{\"@type\":\"ImageObject\",\"inLanguage\":\"ro-RO\",\"@id\":\"https:\\\/\\\/autorival.ro\\\/mercedesbenz\\\/produs\\\/comutator-contact-portiera-mercedes-benz-actros-mp2-mp3-3348-a-diesel-476-cai-vemo-v30-73-0135\\\/#primaryimage\",\"url\":\"https:\\\/\\\/autorival.ro\\\/mercedesbenz\\\/wp-content\\\/uploads\\\/sites\\\/28\\\/2025\\\/07\\\/v10-60-0066_02-2.jpg\",\"contentUrl\":\"https:\\\/\\\/autorival.ro\\\/mercedesbenz\\\/wp-content\\\/uploads\\\/sites\\\/28\\\/2025\\\/07\\\/v10-60-0066_02-2.jpg\",\"width\":2499,\"height\":1666,\"caption\":\"Comutator contact portiera MERCEDES-BENZ ACTROS MP2 \\\/ MP3 3348 A diesel 476 cai VEMO V30-73-0135\"},{\"@type\":\"BreadcrumbList\",\"@id\":\"https:\\\/\\\/autorival.ro\\\/mercedesbenz\\\/produs\\\/comutator-contact-portiera-mercedes-benz-actros-mp2-mp3-3348-a-diesel-476-cai-vemo-v30-73-0135\\\/#breadcrumb\",\"itemListElement\":[{\"@type\":\"ListItem\",\"position\":1,\"name\":\"Prima pagin\u0103\",\"item\":\"https:\\\/\\\/autorival.ro\\\/mercedesbenz\\\/\"},{\"@type\":\"ListItem\",\"position\":2,\"name\":\"Piese auto MERCEDES\",\"item\":\"https:\\\/\\\/autorival.ro\\\/mercedesbenz\\\/\"},{\"@type\":\"ListItem\",\"position\":3,\"name\":\"Comutator contact portiera MERCEDES-BENZ ACTROS MP2 \\\/ MP3 3348 A diesel 476 cai VEMO V30-73-0135\"}]},{\"@type\":\"WebSite\",\"@id\":\"https:\\\/\\\/autorival.ro\\\/mercedesbenz\\\/#website\",\"url\":\"https:\\\/\\\/autorival.ro\\\/mercedesbenz\\\/\",\"name\":\"Mercedes\",\"description\":\"\",\"potentialAction\":[{\"@type\":\"SearchAction\",\"target\":{\"@type\":\"EntryPoint\",\"urlTemplate\":\"https:\\\/\\\/autorival.ro\\\/mercedesbenz\\\/?s={search_term_string}\"},\"query-input\":{\"@type\":\"PropertyValueSpecification\",\"valueRequired\":true,\"valueName\":\"search_term_string\"}}],\"inLanguage\":\"ro-RO\"}]}<\/script>\n<!-- \/ Yoast SEO plugin. -->","yoast_head_json":{"title":"Comutator contact portiera MERCEDES-BENZ ACTROS MP2 \/ MP3 3348 A diesel 476 cai VEMO V30-73-0135 - Mercedes","description":"Comutator contact portiera","robots":{"index":"index","follow":"follow","max-snippet":"max-snippet:-1","max-image-preview":"max-image-preview:large","max-video-preview":"max-video-preview:-1"},"og_locale":"ro_RO","og_type":"article","og_title":"Comutator contact portiera MERCEDES-BENZ ACTROS MP2 \/ MP3 3348 A diesel 476 cai VEMO V30-73-0135 - Mercedes","og_description":"Comutator contact portiera","og_url":"https:\/\/autorival.ro\/mercedesbenz\/produs\/comutator-contact-portiera-mercedes-benz-actros-mp2-mp3-3348-a-diesel-476-cai-vemo-v30-73-0135\/","og_site_name":"Mercedes","og_image":[{"width":2499,"height":1666,"url":"https:\/\/autorival.ro\/mercedesbenz\/wp-content\/uploads\/sites\/28\/2025\/07\/v10-60-0066_02-2.jpg","type":"image\/jpeg"}],"twitter_card":"summary_large_image","schema":{"@context":"https:\/\/schema.org","@graph":[{"@type":"WebPage","@id":"https:\/\/autorival.ro\/mercedesbenz\/produs\/comutator-contact-portiera-mercedes-benz-actros-mp2-mp3-3348-a-diesel-476-cai-vemo-v30-73-0135\/","url":"https:\/\/autorival.ro\/mercedesbenz\/produs\/comutator-contact-portiera-mercedes-benz-actros-mp2-mp3-3348-a-diesel-476-cai-vemo-v30-73-0135\/","name":"Comutator contact portiera MERCEDES-BENZ ACTROS MP2 \/ MP3 3348 A diesel 476 cai VEMO V30-73-0135 - Mercedes","isPartOf":{"@id":"https:\/\/autorival.ro\/mercedesbenz\/#website"},"primaryImageOfPage":{"@id":"https:\/\/autorival.ro\/mercedesbenz\/produs\/comutator-contact-portiera-mercedes-benz-actros-mp2-mp3-3348-a-diesel-476-cai-vemo-v30-73-0135\/#primaryimage"},"image":{"@id":"https:\/\/autorival.ro\/mercedesbenz\/produs\/comutator-contact-portiera-mercedes-benz-actros-mp2-mp3-3348-a-diesel-476-cai-vemo-v30-73-0135\/#primaryimage"},"thumbnailUrl":"https:\/\/autorival.ro\/mercedesbenz\/wp-content\/uploads\/sites\/28\/2025\/07\/v10-60-0066_02-2.jpg","datePublished":"2025-07-09T08:12:08+00:00","description":"Comutator contact portiera","breadcrumb":{"@id":"https:\/\/autorival.ro\/mercedesbenz\/produs\/comutator-contact-portiera-mercedes-benz-actros-mp2-mp3-3348-a-diesel-476-cai-vemo-v30-73-0135\/#breadcrumb"},"inLanguage":"ro-RO","potentialAction":[{"@type":"ReadAction","target":["https:\/\/autorival.ro\/mercedesbenz\/produs\/comutator-contact-portiera-mercedes-benz-actros-mp2-mp3-3348-a-diesel-476-cai-vemo-v30-73-0135\/"]}]},{"@type":"ImageObject","inLanguage":"ro-RO","@id":"https:\/\/autorival.ro\/mercedesbenz\/produs\/comutator-contact-portiera-mercedes-benz-actros-mp2-mp3-3348-a-diesel-476-cai-vemo-v30-73-0135\/#primaryimage","url":"https:\/\/autorival.ro\/mercedesbenz\/wp-content\/uploads\/sites\/28\/2025\/07\/v10-60-0066_02-2.jpg","contentUrl":"https:\/\/autorival.ro\/mercedesbenz\/wp-content\/uploads\/sites\/28\/2025\/07\/v10-60-0066_02-2.jpg","width":2499,"height":1666,"caption":"Comutator contact portiera MERCEDES-BENZ ACTROS MP2 \/ MP3 3348 A diesel 476 cai VEMO V30-73-0135"},{"@type":"BreadcrumbList","@id":"https:\/\/autorival.ro\/mercedesbenz\/produs\/comutator-contact-portiera-mercedes-benz-actros-mp2-mp3-3348-a-diesel-476-cai-vemo-v30-73-0135\/#breadcrumb","itemListElement":[{"@type":"ListItem","position":1,"name":"Prima pagin\u0103","item":"https:\/\/autorival.ro\/mercedesbenz\/"},{"@type":"ListItem","position":2,"name":"Piese auto MERCEDES","item":"https:\/\/autorival.ro\/mercedesbenz\/"},{"@type":"ListItem","position":3,"name":"Comutator contact portiera MERCEDES-BENZ ACTROS MP2 \/ MP3 3348 A diesel 476 cai VEMO V30-73-0135"}]},{"@type":"WebSite","@id":"https:\/\/autorival.ro\/mercedesbenz\/#website","url":"https:\/\/autorival.ro\/mercedesbenz\/","name":"Mercedes","description":"","potentialAction":[{"@type":"SearchAction","target":{"@type":"EntryPoint","urlTemplate":"https:\/\/autorival.ro\/mercedesbenz\/?s={search_term_string}"},"query-input":{"@type":"PropertyValueSpecification","valueRequired":true,"valueName":"search_term_string"}}],"inLanguage":"ro-RO"}]}},"_links":{"self":[{"href":"https:\/\/autorival.ro\/mercedesbenz\/wp-json\/wp\/v2\/product\/224577","targetHints":{"allow":["GET"]}}],"collection":[{"href":"https:\/\/autorival.ro\/mercedesbenz\/wp-json\/wp\/v2\/product"}],"about":[{"href":"https:\/\/autorival.ro\/mercedesbenz\/wp-json\/wp\/v2\/types\/product"}],"replies":[{"embeddable":true,"href":"https:\/\/autorival.ro\/mercedesbenz\/wp-json\/wp\/v2\/comments?post=224577"}],"wp:featuredmedia":[{"embeddable":true,"href":"https:\/\/autorival.ro\/mercedesbenz\/wp-json\/wp\/v2\/media\/224578"}],"wp:attachment":[{"href":"https:\/\/autorival.ro\/mercedesbenz\/wp-json\/wp\/v2\/media?parent=224577"}],"wp:term":[{"taxonomy":"product_brand","embeddable":true,"href":"https:\/\/autorival.ro\/mercedesbenz\/wp-json\/wp\/v2\/product_brand?post=224577"},{"taxonomy":"product_cat","embeddable":true,"href":"https:\/\/autorival.ro\/mercedesbenz\/wp-json\/wp\/v2\/product_cat?post=224577"},{"taxonomy":"product_tag","embeddable":true,"href":"https:\/\/autorival.ro\/mercedesbenz\/wp-json\/wp\/v2\/product_tag?post=224577"}],"curies":[{"name":"wp","href":"https:\/\/api.w.org\/{rel}","templated":true}]}}