{"id":90807,"date":"2025-05-13T05:03:12","date_gmt":"2025-05-13T05:03:12","guid":{"rendered":"https:\/\/autorival.ro\/mazda\/product\/filtru-polen-mazda-2-de_-dh_-1-5-de5fs-benzina-103-cai-valeo-715642\/"},"modified":"2025-05-13T05:03:12","modified_gmt":"2025-05-13T05:03:12","slug":"filtru-polen-mazda-2-de_-dh_-1-5-de5fs-benzina-103-cai-valeo-715642","status":"publish","type":"product","link":"https:\/\/autorival.ro\/mazda\/product\/filtru-polen-mazda-2-de_-dh_-1-5-de5fs-benzina-103-cai-valeo-715642\/","title":{"rendered":"Filtru polen MAZDA 2 (DE_, DH_) 1.5 (DE5FS) benzina 103 cai VALEO 715642"},"content":{"rendered":"<p>An fabricatie pana la: 201103Calitate: 2Tip filtru: Filtru de particule ->Lungime [mm]: 247 ->Lungime 1 [mm]: 245 ->Lungime 2 [mm]: 245 ->Latime [mm]: 99 ->Latime 1 [mm]: 99 ->Latime 2 [mm]: 99\u00cenaltime [mm]: 17\u00cenaltime 1 [mm]: 17\u00cenaltime 2 [mm]: 17 ->Greutate [kg]: 0,17<\/p>\n","protected":false},"excerpt":{"rendered":"<p>Producator: VALEO Cod producator: 715642<\/p>\n","protected":false},"featured_media":90758,"comment_status":"open","ping_status":"closed","template":"","meta":[],"product_brand":[207],"product_cat":[6973],"product_tag":[17255,17829,17250,17300,17249,18000,17305],"class_list":{"0":"post-90807","1":"product","2":"type-product","3":"status-publish","4":"has-post-thumbnail","6":"product_brand-valeo","7":"product_cat-filtru-polen-de_-dh_-1-5-de5fs-benzina-103","8":"product_tag-de_","9":"product_tag-filtru","10":"product_tag-dh","11":"product_tag-dh_","12":"product_tag-mazda","13":"product_tag-polen","14":"product_tag-valeo","16":"first","17":"instock","18":"shipping-taxable","19":"purchasable","20":"product-type-simple"},"yoast_head":"<!-- This site is optimized with the Yoast SEO plugin v27.3 - https:\/\/yoast.com\/product\/yoast-seo-wordpress\/ -->\n<title>Filtru polen MAZDA 2 (DE_, DH_) 1.5 (DE5FS) benzina 103 cai VALEO 715642 MAZDA | VALEO - Autorival<\/title>\n<meta name=\"description\" content=\"\u26a1 Filtru polen MAZDA 2 (DE_, DH_) 1.5 (DE5FS) benzina 103 cai VALEO 715642 pentru MAZDA la doar 141.75 RON. \u2713 Cod: 715642 \u2713 Brand: VALEO \u2713 \u00cen stoc \u2713 Livrare 24h \u2713 Garan\u021bie!\" \/>\n<meta name=\"robots\" content=\"index, follow, max-snippet:-1, max-image-preview:large, max-video-preview:-1\" \/>\n<meta property=\"og:locale\" content=\"en_US\" \/>\n<meta property=\"og:type\" content=\"article\" \/>\n<meta property=\"og:title\" content=\"Filtru polen MAZDA 2 (DE_, DH_) 1.5 (DE5FS) benzina 103 cai VALEO 715642 MAZDA | VALEO - Autorival\" \/>\n<meta property=\"og:description\" content=\"\u26a1 Filtru polen MAZDA 2 (DE_, DH_) 1.5 (DE5FS) benzina 103 cai VALEO 715642 pentru MAZDA la doar 141.75 RON. \u2713 Cod: 715642 \u2713 Brand: VALEO \u2713 \u00cen stoc \u2713 Livrare 24h \u2713 Garan\u021bie!\" \/>\n<meta property=\"og:url\" content=\"https:\/\/autorival.ro\/mazda\/product\/filtru-polen-mazda-2-de_-dh_-1-5-de5fs-benzina-103-cai-valeo-715642\/\" \/>\n<meta property=\"og:site_name\" content=\"MAZDA\" \/>\n<meta property=\"og:image\" content=\"https:\/\/autorival.ro\/mazda\/wp-content\/uploads\/sites\/16\/2025\/05\/715642.jpg\" \/>\n\t<meta property=\"og:image:width\" content=\"579\" \/>\n\t<meta property=\"og:image:height\" content=\"400\" \/>\n\t<meta property=\"og:image:type\" content=\"image\/jpeg\" \/>\n<meta name=\"twitter:card\" content=\"summary_large_image\" \/>\n<meta name=\"twitter:title\" content=\"Filtru polen MAZDA 2 (DE_, DH_) 1.5 (DE5FS) benzina 103 cai VALEO 715642 MAZDA | VALEO - Autorival\" \/>\n<meta name=\"twitter:description\" content=\"\u26a1 Filtru polen MAZDA 2 (DE_, DH_) 1.5 (DE5FS) benzina 103 cai VALEO 715642 pentru MAZDA la doar 141.75 RON. \u2713 Cod: 715642 \u2713 Brand: VALEO \u2713 \u00cen stoc \u2713 Livrare 24h \u2713 Garan\u021bie!\" \/>\n<script type=\"application\/ld+json\" class=\"yoast-schema-graph\">{\"@context\":\"https:\\\/\\\/schema.org\",\"@graph\":[{\"@type\":\"WebPage\",\"@id\":\"https:\\\/\\\/autorival.ro\\\/mazda\\\/product\\\/filtru-polen-mazda-2-de_-dh_-1-5-de5fs-benzina-103-cai-valeo-715642\\\/\",\"url\":\"https:\\\/\\\/autorival.ro\\\/mazda\\\/product\\\/filtru-polen-mazda-2-de_-dh_-1-5-de5fs-benzina-103-cai-valeo-715642\\\/\",\"name\":\"Filtru polen MAZDA 2 (DE_, DH_) 1.5 (DE5FS) benzina 103 cai VALEO 715642 MAZDA | VALEO - Autorival\",\"isPartOf\":{\"@id\":\"https:\\\/\\\/autorival.ro\\\/mazda\\\/#website\"},\"primaryImageOfPage\":{\"@id\":\"https:\\\/\\\/autorival.ro\\\/mazda\\\/product\\\/filtru-polen-mazda-2-de_-dh_-1-5-de5fs-benzina-103-cai-valeo-715642\\\/#primaryimage\"},\"image\":{\"@id\":\"https:\\\/\\\/autorival.ro\\\/mazda\\\/product\\\/filtru-polen-mazda-2-de_-dh_-1-5-de5fs-benzina-103-cai-valeo-715642\\\/#primaryimage\"},\"thumbnailUrl\":\"https:\\\/\\\/autorival.ro\\\/mazda\\\/wp-content\\\/uploads\\\/sites\\\/16\\\/2025\\\/05\\\/715642.jpg\",\"datePublished\":\"2025-05-13T05:03:12+00:00\",\"description\":\"\u26a1 Filtru polen MAZDA 2 (DE_, DH_) 1.5 (DE5FS) benzina 103 cai VALEO 715642 pentru MAZDA la doar 141.75 RON. \u2713 Cod: 715642 \u2713 Brand: VALEO \u2713 \u00cen stoc \u2713 Livrare 24h \u2713 Garan\u021bie!\",\"breadcrumb\":{\"@id\":\"https:\\\/\\\/autorival.ro\\\/mazda\\\/product\\\/filtru-polen-mazda-2-de_-dh_-1-5-de5fs-benzina-103-cai-valeo-715642\\\/#breadcrumb\"},\"inLanguage\":\"en-US\",\"potentialAction\":[{\"@type\":\"ReadAction\",\"target\":[\"https:\\\/\\\/autorival.ro\\\/mazda\\\/product\\\/filtru-polen-mazda-2-de_-dh_-1-5-de5fs-benzina-103-cai-valeo-715642\\\/\"]}]},{\"@type\":\"ImageObject\",\"inLanguage\":\"en-US\",\"@id\":\"https:\\\/\\\/autorival.ro\\\/mazda\\\/product\\\/filtru-polen-mazda-2-de_-dh_-1-5-de5fs-benzina-103-cai-valeo-715642\\\/#primaryimage\",\"url\":\"https:\\\/\\\/autorival.ro\\\/mazda\\\/wp-content\\\/uploads\\\/sites\\\/16\\\/2025\\\/05\\\/715642.jpg\",\"contentUrl\":\"https:\\\/\\\/autorival.ro\\\/mazda\\\/wp-content\\\/uploads\\\/sites\\\/16\\\/2025\\\/05\\\/715642.jpg\",\"width\":579,\"height\":400,\"caption\":\"Filtru polen MAZDA 2 (DE_, DH_) 1.3 (DE3FS) benzina 75 cai VALEO 715642\"},{\"@type\":\"BreadcrumbList\",\"@id\":\"https:\\\/\\\/autorival.ro\\\/mazda\\\/product\\\/filtru-polen-mazda-2-de_-dh_-1-5-de5fs-benzina-103-cai-valeo-715642\\\/#breadcrumb\",\"itemListElement\":[{\"@type\":\"ListItem\",\"position\":1,\"name\":\"Prima pagin\u0103\",\"item\":\"https:\\\/\\\/autorival.ro\\\/mazda\\\/\"},{\"@type\":\"ListItem\",\"position\":2,\"name\":\"Piese auto MAZDA\",\"item\":\"https:\\\/\\\/autorival.ro\\\/mazda\\\/\"},{\"@type\":\"ListItem\",\"position\":3,\"name\":\"Filtru polen MAZDA 2 (DE_, DH_) 1.5 (DE5FS) benzina 103 cai VALEO 715642\"}]},{\"@type\":\"WebSite\",\"@id\":\"https:\\\/\\\/autorival.ro\\\/mazda\\\/#website\",\"url\":\"https:\\\/\\\/autorival.ro\\\/mazda\\\/\",\"name\":\"MAZDA\",\"description\":\"\",\"potentialAction\":[{\"@type\":\"SearchAction\",\"target\":{\"@type\":\"EntryPoint\",\"urlTemplate\":\"https:\\\/\\\/autorival.ro\\\/mazda\\\/?s={search_term_string}\"},\"query-input\":{\"@type\":\"PropertyValueSpecification\",\"valueRequired\":true,\"valueName\":\"search_term_string\"}}],\"inLanguage\":\"en-US\"}]}<\/script>\n<!-- \/ Yoast SEO plugin. -->","yoast_head_json":{"title":"Filtru polen MAZDA 2 (DE_, DH_) 1.5 (DE5FS) benzina 103 cai VALEO 715642 MAZDA | VALEO - Autorival","description":"\u26a1 Filtru polen MAZDA 2 (DE_, DH_) 1.5 (DE5FS) benzina 103 cai VALEO 715642 pentru MAZDA la doar 141.75 RON. \u2713 Cod: 715642 \u2713 Brand: VALEO \u2713 \u00cen stoc \u2713 Livrare 24h \u2713 Garan\u021bie!","robots":{"index":"index","follow":"follow","max-snippet":"max-snippet:-1","max-image-preview":"max-image-preview:large","max-video-preview":"max-video-preview:-1"},"og_locale":"en_US","og_type":"article","og_title":"Filtru polen MAZDA 2 (DE_, DH_) 1.5 (DE5FS) benzina 103 cai VALEO 715642 MAZDA | VALEO - Autorival","og_description":"\u26a1 Filtru polen MAZDA 2 (DE_, DH_) 1.5 (DE5FS) benzina 103 cai VALEO 715642 pentru MAZDA la doar 141.75 RON. \u2713 Cod: 715642 \u2713 Brand: VALEO \u2713 \u00cen stoc \u2713 Livrare 24h \u2713 Garan\u021bie!","og_url":"https:\/\/autorival.ro\/mazda\/product\/filtru-polen-mazda-2-de_-dh_-1-5-de5fs-benzina-103-cai-valeo-715642\/","og_site_name":"MAZDA","og_image":[{"width":579,"height":400,"url":"https:\/\/autorival.ro\/mazda\/wp-content\/uploads\/sites\/16\/2025\/05\/715642.jpg","type":"image\/jpeg"}],"twitter_card":"summary_large_image","twitter_title":"Filtru polen MAZDA 2 (DE_, DH_) 1.5 (DE5FS) benzina 103 cai VALEO 715642 MAZDA | VALEO - Autorival","twitter_description":"\u26a1 Filtru polen MAZDA 2 (DE_, DH_) 1.5 (DE5FS) benzina 103 cai VALEO 715642 pentru MAZDA la doar 141.75 RON. \u2713 Cod: 715642 \u2713 Brand: VALEO \u2713 \u00cen stoc \u2713 Livrare 24h \u2713 Garan\u021bie!","schema":{"@context":"https:\/\/schema.org","@graph":[{"@type":"WebPage","@id":"https:\/\/autorival.ro\/mazda\/product\/filtru-polen-mazda-2-de_-dh_-1-5-de5fs-benzina-103-cai-valeo-715642\/","url":"https:\/\/autorival.ro\/mazda\/product\/filtru-polen-mazda-2-de_-dh_-1-5-de5fs-benzina-103-cai-valeo-715642\/","name":"Filtru polen MAZDA 2 (DE_, DH_) 1.5 (DE5FS) benzina 103 cai VALEO 715642 MAZDA | VALEO - Autorival","isPartOf":{"@id":"https:\/\/autorival.ro\/mazda\/#website"},"primaryImageOfPage":{"@id":"https:\/\/autorival.ro\/mazda\/product\/filtru-polen-mazda-2-de_-dh_-1-5-de5fs-benzina-103-cai-valeo-715642\/#primaryimage"},"image":{"@id":"https:\/\/autorival.ro\/mazda\/product\/filtru-polen-mazda-2-de_-dh_-1-5-de5fs-benzina-103-cai-valeo-715642\/#primaryimage"},"thumbnailUrl":"https:\/\/autorival.ro\/mazda\/wp-content\/uploads\/sites\/16\/2025\/05\/715642.jpg","datePublished":"2025-05-13T05:03:12+00:00","description":"\u26a1 Filtru polen MAZDA 2 (DE_, DH_) 1.5 (DE5FS) benzina 103 cai VALEO 715642 pentru MAZDA la doar 141.75 RON. \u2713 Cod: 715642 \u2713 Brand: VALEO \u2713 \u00cen stoc \u2713 Livrare 24h \u2713 Garan\u021bie!","breadcrumb":{"@id":"https:\/\/autorival.ro\/mazda\/product\/filtru-polen-mazda-2-de_-dh_-1-5-de5fs-benzina-103-cai-valeo-715642\/#breadcrumb"},"inLanguage":"en-US","potentialAction":[{"@type":"ReadAction","target":["https:\/\/autorival.ro\/mazda\/product\/filtru-polen-mazda-2-de_-dh_-1-5-de5fs-benzina-103-cai-valeo-715642\/"]}]},{"@type":"ImageObject","inLanguage":"en-US","@id":"https:\/\/autorival.ro\/mazda\/product\/filtru-polen-mazda-2-de_-dh_-1-5-de5fs-benzina-103-cai-valeo-715642\/#primaryimage","url":"https:\/\/autorival.ro\/mazda\/wp-content\/uploads\/sites\/16\/2025\/05\/715642.jpg","contentUrl":"https:\/\/autorival.ro\/mazda\/wp-content\/uploads\/sites\/16\/2025\/05\/715642.jpg","width":579,"height":400,"caption":"Filtru polen MAZDA 2 (DE_, DH_) 1.3 (DE3FS) benzina 75 cai VALEO 715642"},{"@type":"BreadcrumbList","@id":"https:\/\/autorival.ro\/mazda\/product\/filtru-polen-mazda-2-de_-dh_-1-5-de5fs-benzina-103-cai-valeo-715642\/#breadcrumb","itemListElement":[{"@type":"ListItem","position":1,"name":"Prima pagin\u0103","item":"https:\/\/autorival.ro\/mazda\/"},{"@type":"ListItem","position":2,"name":"Piese auto MAZDA","item":"https:\/\/autorival.ro\/mazda\/"},{"@type":"ListItem","position":3,"name":"Filtru polen MAZDA 2 (DE_, DH_) 1.5 (DE5FS) benzina 103 cai VALEO 715642"}]},{"@type":"WebSite","@id":"https:\/\/autorival.ro\/mazda\/#website","url":"https:\/\/autorival.ro\/mazda\/","name":"MAZDA","description":"","potentialAction":[{"@type":"SearchAction","target":{"@type":"EntryPoint","urlTemplate":"https:\/\/autorival.ro\/mazda\/?s={search_term_string}"},"query-input":{"@type":"PropertyValueSpecification","valueRequired":true,"valueName":"search_term_string"}}],"inLanguage":"en-US"}]}},"_links":{"self":[{"href":"https:\/\/autorival.ro\/mazda\/wp-json\/wp\/v2\/product\/90807","targetHints":{"allow":["GET"]}}],"collection":[{"href":"https:\/\/autorival.ro\/mazda\/wp-json\/wp\/v2\/product"}],"about":[{"href":"https:\/\/autorival.ro\/mazda\/wp-json\/wp\/v2\/types\/product"}],"replies":[{"embeddable":true,"href":"https:\/\/autorival.ro\/mazda\/wp-json\/wp\/v2\/comments?post=90807"}],"wp:featuredmedia":[{"embeddable":true,"href":"https:\/\/autorival.ro\/mazda\/wp-json\/wp\/v2\/media\/90758"}],"wp:attachment":[{"href":"https:\/\/autorival.ro\/mazda\/wp-json\/wp\/v2\/media?parent=90807"}],"wp:term":[{"taxonomy":"product_brand","embeddable":true,"href":"https:\/\/autorival.ro\/mazda\/wp-json\/wp\/v2\/product_brand?post=90807"},{"taxonomy":"product_cat","embeddable":true,"href":"https:\/\/autorival.ro\/mazda\/wp-json\/wp\/v2\/product_cat?post=90807"},{"taxonomy":"product_tag","embeddable":true,"href":"https:\/\/autorival.ro\/mazda\/wp-json\/wp\/v2\/product_tag?post=90807"}],"curies":[{"name":"wp","href":"https:\/\/api.w.org\/{rel}","templated":true}]}}