{"id":76052,"date":"2025-05-13T02:31:14","date_gmt":"2025-05-13T02:31:14","guid":{"rendered":"https:\/\/autorival.ro\/mazda\/product\/disc-frana-mazda-3-hatchback-bp-2-0-skyactiv-g-m-hybrid-benzina-elector-150-cai-febi-bilstein-180008\/"},"modified":"2025-05-13T02:31:14","modified_gmt":"2025-05-13T02:31:14","slug":"disc-frana-mazda-3-hatchback-bp-2-0-skyactiv-g-m-hybrid-benzina-elector-150-cai-febi-bilstein-180008","status":"publish","type":"product","link":"https:\/\/autorival.ro\/mazda\/product\/disc-frana-mazda-3-hatchback-bp-2-0-skyactiv-g-m-hybrid-benzina-elector-150-cai-febi-bilstein-180008\/","title":{"rendered":"Disc frana MAZDA 3 hatchback (BP) 2.0 SKYACTIV-G M Hybrid benzina\/elector 150 cai FEBI BILSTEIN 180008"},"content":{"rendered":"<p> ->Grosime disc fr\u00e2na [mm]: 25Janta, numar gauri: 5 ->Grosime [mm]: 47 ->Diametru exterior [mm]: 295Asezare gauri \u00d8 [mm]: 114,3Suprafata: acoperit (cu un strat protector)Tip disc fr\u00e2na: ventilat interiorPartea de montare: punte fata ->Grosime minima [mm]: 23 ->Diametru de centrare [mm]: 68 ->Greutate [kg]: 7,4Atentie la informatii de service<\/p>\n","protected":false},"excerpt":{"rendered":"<p>Producator: FEBI BILSTEIN Cod producator: 180008<\/p>\n","protected":false},"featured_media":76051,"comment_status":"open","ping_status":"closed","template":"","meta":[],"product_brand":[574],"product_cat":[5910],"product_tag":[17354,17882,17410,17470,17264,17249,17265],"class_list":{"0":"post-76052","1":"product","2":"type-product","3":"status-publish","4":"has-post-thumbnail","6":"product_brand-febi-bilstein","7":"product_cat-disc-frana-hatchback-bp-2-0-skyactiv-g-m-hybrid-benzina-elector-150","8":"product_tag-bilstein","9":"product_tag-disc","10":"product_tag-febi","11":"product_tag-frana","12":"product_tag-hatchback","13":"product_tag-mazda","14":"product_tag-skyactiv","16":"first","17":"instock","18":"shipping-taxable","19":"purchasable","20":"product-type-simple"},"yoast_head":"<!-- This site is optimized with the Yoast SEO plugin v27.3 - https:\/\/yoast.com\/product\/yoast-seo-wordpress\/ -->\n<title>Disc frana MAZDA 3 hatchback (BP) 2.0 SKYACTIV-G M Hybrid benzina\/elector 150 cai FEBI BILSTEIN 180008 MAZDA | FEBI - Autorival<\/title>\n<meta name=\"description\" content=\"\u26a1 Disc frana MAZDA 3 hatchback (BP) 2.0 SKYACTIV-G M Hybrid benzina\/elector 150 cai FEBI BILSTEIN 180008 pentru MAZDA la doar 355.53 RON. \u2713 Cod: 180008 \u2713 Brand: FEBI \u2713 \u00cen stoc \u2713 Livrare 24h \u2713 Garan\u021bie!\" \/>\n<meta name=\"robots\" content=\"index, follow, max-snippet:-1, max-image-preview:large, max-video-preview:-1\" \/>\n<meta property=\"og:locale\" content=\"en_US\" \/>\n<meta property=\"og:type\" content=\"article\" \/>\n<meta property=\"og:title\" content=\"Disc frana MAZDA 3 hatchback (BP) 2.0 SKYACTIV-G M Hybrid benzina\/elector 150 cai FEBI BILSTEIN 180008 MAZDA | FEBI - Autorival\" \/>\n<meta property=\"og:description\" content=\"\u26a1 Disc frana MAZDA 3 hatchback (BP) 2.0 SKYACTIV-G M Hybrid benzina\/elector 150 cai FEBI BILSTEIN 180008 pentru MAZDA la doar 355.53 RON. \u2713 Cod: 180008 \u2713 Brand: FEBI \u2713 \u00cen stoc \u2713 Livrare 24h \u2713 Garan\u021bie!\" \/>\n<meta property=\"og:url\" content=\"https:\/\/autorival.ro\/mazda\/product\/disc-frana-mazda-3-hatchback-bp-2-0-skyactiv-g-m-hybrid-benzina-elector-150-cai-febi-bilstein-180008\/\" \/>\n<meta property=\"og:site_name\" content=\"MAZDA\" \/>\n<meta property=\"og:image\" content=\"https:\/\/autorival.ro\/mazda\/wp-content\/uploads\/sites\/16\/2025\/05\/180008_1.jpg\" \/>\n\t<meta property=\"og:image:width\" content=\"600\" \/>\n\t<meta property=\"og:image:height\" content=\"391\" \/>\n\t<meta property=\"og:image:type\" content=\"image\/jpeg\" \/>\n<meta name=\"twitter:card\" content=\"summary_large_image\" \/>\n<meta name=\"twitter:title\" content=\"Disc frana MAZDA 3 hatchback (BP) 2.0 SKYACTIV-G M Hybrid benzina\/elector 150 cai FEBI BILSTEIN 180008 MAZDA | FEBI - Autorival\" \/>\n<meta name=\"twitter:description\" content=\"\u26a1 Disc frana MAZDA 3 hatchback (BP) 2.0 SKYACTIV-G M Hybrid benzina\/elector 150 cai FEBI BILSTEIN 180008 pentru MAZDA la doar 355.53 RON. \u2713 Cod: 180008 \u2713 Brand: FEBI \u2713 \u00cen stoc \u2713 Livrare 24h \u2713 Garan\u021bie!\" \/>\n<script type=\"application\/ld+json\" class=\"yoast-schema-graph\">{\"@context\":\"https:\\\/\\\/schema.org\",\"@graph\":[{\"@type\":\"WebPage\",\"@id\":\"https:\\\/\\\/autorival.ro\\\/mazda\\\/product\\\/disc-frana-mazda-3-hatchback-bp-2-0-skyactiv-g-m-hybrid-benzina-elector-150-cai-febi-bilstein-180008\\\/\",\"url\":\"https:\\\/\\\/autorival.ro\\\/mazda\\\/product\\\/disc-frana-mazda-3-hatchback-bp-2-0-skyactiv-g-m-hybrid-benzina-elector-150-cai-febi-bilstein-180008\\\/\",\"name\":\"Disc frana MAZDA 3 hatchback (BP) 2.0 SKYACTIV-G M Hybrid benzina\\\/elector 150 cai FEBI BILSTEIN 180008 MAZDA | FEBI - Autorival\",\"isPartOf\":{\"@id\":\"https:\\\/\\\/autorival.ro\\\/mazda\\\/#website\"},\"primaryImageOfPage\":{\"@id\":\"https:\\\/\\\/autorival.ro\\\/mazda\\\/product\\\/disc-frana-mazda-3-hatchback-bp-2-0-skyactiv-g-m-hybrid-benzina-elector-150-cai-febi-bilstein-180008\\\/#primaryimage\"},\"image\":{\"@id\":\"https:\\\/\\\/autorival.ro\\\/mazda\\\/product\\\/disc-frana-mazda-3-hatchback-bp-2-0-skyactiv-g-m-hybrid-benzina-elector-150-cai-febi-bilstein-180008\\\/#primaryimage\"},\"thumbnailUrl\":\"https:\\\/\\\/autorival.ro\\\/mazda\\\/wp-content\\\/uploads\\\/sites\\\/16\\\/2025\\\/05\\\/180008_1.jpg\",\"datePublished\":\"2025-05-13T02:31:14+00:00\",\"description\":\"\u26a1 Disc frana MAZDA 3 hatchback (BP) 2.0 SKYACTIV-G M Hybrid benzina\\\/elector 150 cai FEBI BILSTEIN 180008 pentru MAZDA la doar 355.53 RON. \u2713 Cod: 180008 \u2713 Brand: FEBI \u2713 \u00cen stoc \u2713 Livrare 24h \u2713 Garan\u021bie!\",\"breadcrumb\":{\"@id\":\"https:\\\/\\\/autorival.ro\\\/mazda\\\/product\\\/disc-frana-mazda-3-hatchback-bp-2-0-skyactiv-g-m-hybrid-benzina-elector-150-cai-febi-bilstein-180008\\\/#breadcrumb\"},\"inLanguage\":\"en-US\",\"potentialAction\":[{\"@type\":\"ReadAction\",\"target\":[\"https:\\\/\\\/autorival.ro\\\/mazda\\\/product\\\/disc-frana-mazda-3-hatchback-bp-2-0-skyactiv-g-m-hybrid-benzina-elector-150-cai-febi-bilstein-180008\\\/\"]}]},{\"@type\":\"ImageObject\",\"inLanguage\":\"en-US\",\"@id\":\"https:\\\/\\\/autorival.ro\\\/mazda\\\/product\\\/disc-frana-mazda-3-hatchback-bp-2-0-skyactiv-g-m-hybrid-benzina-elector-150-cai-febi-bilstein-180008\\\/#primaryimage\",\"url\":\"https:\\\/\\\/autorival.ro\\\/mazda\\\/wp-content\\\/uploads\\\/sites\\\/16\\\/2025\\\/05\\\/180008_1.jpg\",\"contentUrl\":\"https:\\\/\\\/autorival.ro\\\/mazda\\\/wp-content\\\/uploads\\\/sites\\\/16\\\/2025\\\/05\\\/180008_1.jpg\",\"width\":600,\"height\":391,\"caption\":\"Disc frana MAZDA 3 hatchback (BP) 2.0 SKYACTIV-G M Hybrid benzina\\\/elector 150 cai FEBI BILSTEIN 180008\"},{\"@type\":\"BreadcrumbList\",\"@id\":\"https:\\\/\\\/autorival.ro\\\/mazda\\\/product\\\/disc-frana-mazda-3-hatchback-bp-2-0-skyactiv-g-m-hybrid-benzina-elector-150-cai-febi-bilstein-180008\\\/#breadcrumb\",\"itemListElement\":[{\"@type\":\"ListItem\",\"position\":1,\"name\":\"Prima pagin\u0103\",\"item\":\"https:\\\/\\\/autorival.ro\\\/mazda\\\/\"},{\"@type\":\"ListItem\",\"position\":2,\"name\":\"Piese auto MAZDA\",\"item\":\"https:\\\/\\\/autorival.ro\\\/mazda\\\/\"},{\"@type\":\"ListItem\",\"position\":3,\"name\":\"Disc frana MAZDA 3 hatchback (BP) 2.0 SKYACTIV-G M Hybrid benzina\\\/elector 150 cai FEBI BILSTEIN 180008\"}]},{\"@type\":\"WebSite\",\"@id\":\"https:\\\/\\\/autorival.ro\\\/mazda\\\/#website\",\"url\":\"https:\\\/\\\/autorival.ro\\\/mazda\\\/\",\"name\":\"MAZDA\",\"description\":\"\",\"potentialAction\":[{\"@type\":\"SearchAction\",\"target\":{\"@type\":\"EntryPoint\",\"urlTemplate\":\"https:\\\/\\\/autorival.ro\\\/mazda\\\/?s={search_term_string}\"},\"query-input\":{\"@type\":\"PropertyValueSpecification\",\"valueRequired\":true,\"valueName\":\"search_term_string\"}}],\"inLanguage\":\"en-US\"}]}<\/script>\n<!-- \/ Yoast SEO plugin. -->","yoast_head_json":{"title":"Disc frana MAZDA 3 hatchback (BP) 2.0 SKYACTIV-G M Hybrid benzina\/elector 150 cai FEBI BILSTEIN 180008 MAZDA | FEBI - Autorival","description":"\u26a1 Disc frana MAZDA 3 hatchback (BP) 2.0 SKYACTIV-G M Hybrid benzina\/elector 150 cai FEBI BILSTEIN 180008 pentru MAZDA la doar 355.53 RON. \u2713 Cod: 180008 \u2713 Brand: FEBI \u2713 \u00cen stoc \u2713 Livrare 24h \u2713 Garan\u021bie!","robots":{"index":"index","follow":"follow","max-snippet":"max-snippet:-1","max-image-preview":"max-image-preview:large","max-video-preview":"max-video-preview:-1"},"og_locale":"en_US","og_type":"article","og_title":"Disc frana MAZDA 3 hatchback (BP) 2.0 SKYACTIV-G M Hybrid benzina\/elector 150 cai FEBI BILSTEIN 180008 MAZDA | FEBI - Autorival","og_description":"\u26a1 Disc frana MAZDA 3 hatchback (BP) 2.0 SKYACTIV-G M Hybrid benzina\/elector 150 cai FEBI BILSTEIN 180008 pentru MAZDA la doar 355.53 RON. \u2713 Cod: 180008 \u2713 Brand: FEBI \u2713 \u00cen stoc \u2713 Livrare 24h \u2713 Garan\u021bie!","og_url":"https:\/\/autorival.ro\/mazda\/product\/disc-frana-mazda-3-hatchback-bp-2-0-skyactiv-g-m-hybrid-benzina-elector-150-cai-febi-bilstein-180008\/","og_site_name":"MAZDA","og_image":[{"width":600,"height":391,"url":"https:\/\/autorival.ro\/mazda\/wp-content\/uploads\/sites\/16\/2025\/05\/180008_1.jpg","type":"image\/jpeg"}],"twitter_card":"summary_large_image","twitter_title":"Disc frana MAZDA 3 hatchback (BP) 2.0 SKYACTIV-G M Hybrid benzina\/elector 150 cai FEBI BILSTEIN 180008 MAZDA | FEBI - Autorival","twitter_description":"\u26a1 Disc frana MAZDA 3 hatchback (BP) 2.0 SKYACTIV-G M Hybrid benzina\/elector 150 cai FEBI BILSTEIN 180008 pentru MAZDA la doar 355.53 RON. \u2713 Cod: 180008 \u2713 Brand: FEBI \u2713 \u00cen stoc \u2713 Livrare 24h \u2713 Garan\u021bie!","schema":{"@context":"https:\/\/schema.org","@graph":[{"@type":"WebPage","@id":"https:\/\/autorival.ro\/mazda\/product\/disc-frana-mazda-3-hatchback-bp-2-0-skyactiv-g-m-hybrid-benzina-elector-150-cai-febi-bilstein-180008\/","url":"https:\/\/autorival.ro\/mazda\/product\/disc-frana-mazda-3-hatchback-bp-2-0-skyactiv-g-m-hybrid-benzina-elector-150-cai-febi-bilstein-180008\/","name":"Disc frana MAZDA 3 hatchback (BP) 2.0 SKYACTIV-G M Hybrid benzina\/elector 150 cai FEBI BILSTEIN 180008 MAZDA | FEBI - Autorival","isPartOf":{"@id":"https:\/\/autorival.ro\/mazda\/#website"},"primaryImageOfPage":{"@id":"https:\/\/autorival.ro\/mazda\/product\/disc-frana-mazda-3-hatchback-bp-2-0-skyactiv-g-m-hybrid-benzina-elector-150-cai-febi-bilstein-180008\/#primaryimage"},"image":{"@id":"https:\/\/autorival.ro\/mazda\/product\/disc-frana-mazda-3-hatchback-bp-2-0-skyactiv-g-m-hybrid-benzina-elector-150-cai-febi-bilstein-180008\/#primaryimage"},"thumbnailUrl":"https:\/\/autorival.ro\/mazda\/wp-content\/uploads\/sites\/16\/2025\/05\/180008_1.jpg","datePublished":"2025-05-13T02:31:14+00:00","description":"\u26a1 Disc frana MAZDA 3 hatchback (BP) 2.0 SKYACTIV-G M Hybrid benzina\/elector 150 cai FEBI BILSTEIN 180008 pentru MAZDA la doar 355.53 RON. \u2713 Cod: 180008 \u2713 Brand: FEBI \u2713 \u00cen stoc \u2713 Livrare 24h \u2713 Garan\u021bie!","breadcrumb":{"@id":"https:\/\/autorival.ro\/mazda\/product\/disc-frana-mazda-3-hatchback-bp-2-0-skyactiv-g-m-hybrid-benzina-elector-150-cai-febi-bilstein-180008\/#breadcrumb"},"inLanguage":"en-US","potentialAction":[{"@type":"ReadAction","target":["https:\/\/autorival.ro\/mazda\/product\/disc-frana-mazda-3-hatchback-bp-2-0-skyactiv-g-m-hybrid-benzina-elector-150-cai-febi-bilstein-180008\/"]}]},{"@type":"ImageObject","inLanguage":"en-US","@id":"https:\/\/autorival.ro\/mazda\/product\/disc-frana-mazda-3-hatchback-bp-2-0-skyactiv-g-m-hybrid-benzina-elector-150-cai-febi-bilstein-180008\/#primaryimage","url":"https:\/\/autorival.ro\/mazda\/wp-content\/uploads\/sites\/16\/2025\/05\/180008_1.jpg","contentUrl":"https:\/\/autorival.ro\/mazda\/wp-content\/uploads\/sites\/16\/2025\/05\/180008_1.jpg","width":600,"height":391,"caption":"Disc frana MAZDA 3 hatchback (BP) 2.0 SKYACTIV-G M Hybrid benzina\/elector 150 cai FEBI BILSTEIN 180008"},{"@type":"BreadcrumbList","@id":"https:\/\/autorival.ro\/mazda\/product\/disc-frana-mazda-3-hatchback-bp-2-0-skyactiv-g-m-hybrid-benzina-elector-150-cai-febi-bilstein-180008\/#breadcrumb","itemListElement":[{"@type":"ListItem","position":1,"name":"Prima pagin\u0103","item":"https:\/\/autorival.ro\/mazda\/"},{"@type":"ListItem","position":2,"name":"Piese auto MAZDA","item":"https:\/\/autorival.ro\/mazda\/"},{"@type":"ListItem","position":3,"name":"Disc frana MAZDA 3 hatchback (BP) 2.0 SKYACTIV-G M Hybrid benzina\/elector 150 cai FEBI BILSTEIN 180008"}]},{"@type":"WebSite","@id":"https:\/\/autorival.ro\/mazda\/#website","url":"https:\/\/autorival.ro\/mazda\/","name":"MAZDA","description":"","potentialAction":[{"@type":"SearchAction","target":{"@type":"EntryPoint","urlTemplate":"https:\/\/autorival.ro\/mazda\/?s={search_term_string}"},"query-input":{"@type":"PropertyValueSpecification","valueRequired":true,"valueName":"search_term_string"}}],"inLanguage":"en-US"}]}},"_links":{"self":[{"href":"https:\/\/autorival.ro\/mazda\/wp-json\/wp\/v2\/product\/76052","targetHints":{"allow":["GET"]}}],"collection":[{"href":"https:\/\/autorival.ro\/mazda\/wp-json\/wp\/v2\/product"}],"about":[{"href":"https:\/\/autorival.ro\/mazda\/wp-json\/wp\/v2\/types\/product"}],"replies":[{"embeddable":true,"href":"https:\/\/autorival.ro\/mazda\/wp-json\/wp\/v2\/comments?post=76052"}],"wp:featuredmedia":[{"embeddable":true,"href":"https:\/\/autorival.ro\/mazda\/wp-json\/wp\/v2\/media\/76051"}],"wp:attachment":[{"href":"https:\/\/autorival.ro\/mazda\/wp-json\/wp\/v2\/media?parent=76052"}],"wp:term":[{"taxonomy":"product_brand","embeddable":true,"href":"https:\/\/autorival.ro\/mazda\/wp-json\/wp\/v2\/product_brand?post=76052"},{"taxonomy":"product_cat","embeddable":true,"href":"https:\/\/autorival.ro\/mazda\/wp-json\/wp\/v2\/product_cat?post=76052"},{"taxonomy":"product_tag","embeddable":true,"href":"https:\/\/autorival.ro\/mazda\/wp-json\/wp\/v2\/product_tag?post=76052"}],"curies":[{"name":"wp","href":"https:\/\/api.w.org\/{rel}","templated":true}]}}