{"id":70109,"date":"2025-05-13T01:37:28","date_gmt":"2025-05-13T01:37:28","guid":{"rendered":"https:\/\/autorival.ro\/mazda\/product\/condensator-climatizare-mazda-5-cr-2-0-crew-benzina-146-cai-maxgear-ac885524\/"},"modified":"2025-05-13T01:37:29","modified_gmt":"2025-05-13T01:37:29","slug":"condensator-climatizare-mazda-5-cr-2-0-crew-benzina-146-cai-maxgear-ac885524","status":"publish","type":"product","link":"https:\/\/autorival.ro\/mazda\/product\/condensator-climatizare-mazda-5-cr-2-0-crew-benzina-146-cai-maxgear-ac885524\/","title":{"rendered":"Condensator climatizare MAZDA 5 (CR) 2.0 (CREW) benzina 146 cai MAXGEAR AC885524"},"content":{"rendered":"<p>Tip autovehicul: 5, PremacySepararea blocurilorArticol completare\/Info suplimentar 2: cu uscatorMaterial: aluminiuAgent frigorific: R 134a ->Diametru admisie [mm]: 12,9 ->Diametru evacuare [mm]: 8,5Ad\u00e2ncimea plasei [mm]: 17 ->Lungime plas\u0103 [mm]: 550L\u0103\u021bimea plasei [mm]: 383<\/p>\n","protected":false},"excerpt":{"rendered":"<p>Producator: MAXGEAR Cod producator: AC885524<\/p>\n","protected":false},"featured_media":70095,"comment_status":"open","ping_status":"closed","template":"","meta":[],"product_brand":[331],"product_cat":[5256],"product_tag":[17278,17268,17594,17790,17820,17360,17249],"class_list":{"0":"post-70109","1":"product","2":"type-product","3":"status-publish","4":"has-post-thumbnail","6":"product_brand-maxgear","7":"product_cat-condensator-climatizare-cr-2-0-crew-benzina-146","8":"product_tag-cr","9":"product_tag-2-0","10":"product_tag-ac","11":"product_tag-climatizare","12":"product_tag-condensator","13":"product_tag-maxgear","14":"product_tag-mazda","16":"first","17":"instock","18":"shipping-taxable","19":"purchasable","20":"product-type-simple"},"yoast_head":"<!-- This site is optimized with the Yoast SEO plugin v27.3 - https:\/\/yoast.com\/product\/yoast-seo-wordpress\/ -->\n<title>Condensator climatizare MAZDA 5 (CR) 2.0 (CREW) benzina 146 cai MAXGEAR AC885524 MAZDA | MAXGEAR - Autorival<\/title>\n<meta name=\"description\" content=\"\u26a1 Condensator climatizare MAZDA 5 (CR) 2.0 (CREW) benzina 146 cai MAXGEAR AC885524 pentru MAZDA la doar 362.25 RON. \u2713 Cod: AC885524 \u2713 Brand: MAXGEAR \u2713 \u00cen stoc \u2713 Livrare 24h \u2713 Garan\u021bie!\" \/>\n<meta name=\"robots\" content=\"index, follow, max-snippet:-1, max-image-preview:large, max-video-preview:-1\" \/>\n<meta property=\"og:locale\" content=\"en_US\" \/>\n<meta property=\"og:type\" content=\"article\" \/>\n<meta property=\"og:title\" content=\"Condensator climatizare MAZDA 5 (CR) 2.0 (CREW) benzina 146 cai MAXGEAR AC885524 MAZDA | MAXGEAR - Autorival\" \/>\n<meta property=\"og:description\" content=\"\u26a1 Condensator climatizare MAZDA 5 (CR) 2.0 (CREW) benzina 146 cai MAXGEAR AC885524 pentru MAZDA la doar 362.25 RON. \u2713 Cod: AC885524 \u2713 Brand: MAXGEAR \u2713 \u00cen stoc \u2713 Livrare 24h \u2713 Garan\u021bie!\" \/>\n<meta property=\"og:url\" content=\"https:\/\/autorival.ro\/mazda\/product\/condensator-climatizare-mazda-5-cr-2-0-crew-benzina-146-cai-maxgear-ac885524\/\" \/>\n<meta property=\"og:site_name\" content=\"MAZDA\" \/>\n<meta property=\"article:modified_time\" content=\"2025-05-13T01:37:29+00:00\" \/>\n<meta property=\"og:image\" content=\"https:\/\/autorival.ro\/mazda\/wp-content\/uploads\/sites\/16\/2025\/05\/ac885524_1_large-2.jpg\" \/>\n\t<meta property=\"og:image:width\" content=\"600\" \/>\n\t<meta property=\"og:image:height\" content=\"400\" \/>\n\t<meta property=\"og:image:type\" content=\"image\/jpeg\" \/>\n<meta name=\"twitter:card\" content=\"summary_large_image\" \/>\n<meta name=\"twitter:title\" content=\"Condensator climatizare MAZDA 5 (CR) 2.0 (CREW) benzina 146 cai MAXGEAR AC885524 MAZDA | MAXGEAR - Autorival\" \/>\n<meta name=\"twitter:description\" content=\"\u26a1 Condensator climatizare MAZDA 5 (CR) 2.0 (CREW) benzina 146 cai MAXGEAR AC885524 pentru MAZDA la doar 362.25 RON. \u2713 Cod: AC885524 \u2713 Brand: MAXGEAR \u2713 \u00cen stoc \u2713 Livrare 24h \u2713 Garan\u021bie!\" \/>\n<script type=\"application\/ld+json\" class=\"yoast-schema-graph\">{\"@context\":\"https:\\\/\\\/schema.org\",\"@graph\":[{\"@type\":\"WebPage\",\"@id\":\"https:\\\/\\\/autorival.ro\\\/mazda\\\/product\\\/condensator-climatizare-mazda-5-cr-2-0-crew-benzina-146-cai-maxgear-ac885524\\\/\",\"url\":\"https:\\\/\\\/autorival.ro\\\/mazda\\\/product\\\/condensator-climatizare-mazda-5-cr-2-0-crew-benzina-146-cai-maxgear-ac885524\\\/\",\"name\":\"Condensator climatizare MAZDA 5 (CR) 2.0 (CREW) benzina 146 cai MAXGEAR AC885524 MAZDA | MAXGEAR - Autorival\",\"isPartOf\":{\"@id\":\"https:\\\/\\\/autorival.ro\\\/mazda\\\/#website\"},\"primaryImageOfPage\":{\"@id\":\"https:\\\/\\\/autorival.ro\\\/mazda\\\/product\\\/condensator-climatizare-mazda-5-cr-2-0-crew-benzina-146-cai-maxgear-ac885524\\\/#primaryimage\"},\"image\":{\"@id\":\"https:\\\/\\\/autorival.ro\\\/mazda\\\/product\\\/condensator-climatizare-mazda-5-cr-2-0-crew-benzina-146-cai-maxgear-ac885524\\\/#primaryimage\"},\"thumbnailUrl\":\"https:\\\/\\\/autorival.ro\\\/mazda\\\/wp-content\\\/uploads\\\/sites\\\/16\\\/2025\\\/05\\\/ac885524_1_large-2.jpg\",\"datePublished\":\"2025-05-13T01:37:28+00:00\",\"dateModified\":\"2025-05-13T01:37:29+00:00\",\"description\":\"\u26a1 Condensator climatizare MAZDA 5 (CR) 2.0 (CREW) benzina 146 cai MAXGEAR AC885524 pentru MAZDA la doar 362.25 RON. \u2713 Cod: AC885524 \u2713 Brand: MAXGEAR \u2713 \u00cen stoc \u2713 Livrare 24h \u2713 Garan\u021bie!\",\"breadcrumb\":{\"@id\":\"https:\\\/\\\/autorival.ro\\\/mazda\\\/product\\\/condensator-climatizare-mazda-5-cr-2-0-crew-benzina-146-cai-maxgear-ac885524\\\/#breadcrumb\"},\"inLanguage\":\"en-US\",\"potentialAction\":[{\"@type\":\"ReadAction\",\"target\":[\"https:\\\/\\\/autorival.ro\\\/mazda\\\/product\\\/condensator-climatizare-mazda-5-cr-2-0-crew-benzina-146-cai-maxgear-ac885524\\\/\"]}]},{\"@type\":\"ImageObject\",\"inLanguage\":\"en-US\",\"@id\":\"https:\\\/\\\/autorival.ro\\\/mazda\\\/product\\\/condensator-climatizare-mazda-5-cr-2-0-crew-benzina-146-cai-maxgear-ac885524\\\/#primaryimage\",\"url\":\"https:\\\/\\\/autorival.ro\\\/mazda\\\/wp-content\\\/uploads\\\/sites\\\/16\\\/2025\\\/05\\\/ac885524_1_large-2.jpg\",\"contentUrl\":\"https:\\\/\\\/autorival.ro\\\/mazda\\\/wp-content\\\/uploads\\\/sites\\\/16\\\/2025\\\/05\\\/ac885524_1_large-2.jpg\",\"width\":600,\"height\":400,\"caption\":\"Condensator climatizare MAZDA 5 (CR) 1.8 (CR19) benzina 116 cai MAXGEAR AC885524\"},{\"@type\":\"BreadcrumbList\",\"@id\":\"https:\\\/\\\/autorival.ro\\\/mazda\\\/product\\\/condensator-climatizare-mazda-5-cr-2-0-crew-benzina-146-cai-maxgear-ac885524\\\/#breadcrumb\",\"itemListElement\":[{\"@type\":\"ListItem\",\"position\":1,\"name\":\"Prima pagin\u0103\",\"item\":\"https:\\\/\\\/autorival.ro\\\/mazda\\\/\"},{\"@type\":\"ListItem\",\"position\":2,\"name\":\"Piese auto MAZDA\",\"item\":\"https:\\\/\\\/autorival.ro\\\/mazda\\\/\"},{\"@type\":\"ListItem\",\"position\":3,\"name\":\"Condensator climatizare MAZDA 5 (CR) 2.0 (CREW) benzina 146 cai MAXGEAR AC885524\"}]},{\"@type\":\"WebSite\",\"@id\":\"https:\\\/\\\/autorival.ro\\\/mazda\\\/#website\",\"url\":\"https:\\\/\\\/autorival.ro\\\/mazda\\\/\",\"name\":\"MAZDA\",\"description\":\"\",\"potentialAction\":[{\"@type\":\"SearchAction\",\"target\":{\"@type\":\"EntryPoint\",\"urlTemplate\":\"https:\\\/\\\/autorival.ro\\\/mazda\\\/?s={search_term_string}\"},\"query-input\":{\"@type\":\"PropertyValueSpecification\",\"valueRequired\":true,\"valueName\":\"search_term_string\"}}],\"inLanguage\":\"en-US\"}]}<\/script>\n<!-- \/ Yoast SEO plugin. -->","yoast_head_json":{"title":"Condensator climatizare MAZDA 5 (CR) 2.0 (CREW) benzina 146 cai MAXGEAR AC885524 MAZDA | MAXGEAR - Autorival","description":"\u26a1 Condensator climatizare MAZDA 5 (CR) 2.0 (CREW) benzina 146 cai MAXGEAR AC885524 pentru MAZDA la doar 362.25 RON. \u2713 Cod: AC885524 \u2713 Brand: MAXGEAR \u2713 \u00cen stoc \u2713 Livrare 24h \u2713 Garan\u021bie!","robots":{"index":"index","follow":"follow","max-snippet":"max-snippet:-1","max-image-preview":"max-image-preview:large","max-video-preview":"max-video-preview:-1"},"og_locale":"en_US","og_type":"article","og_title":"Condensator climatizare MAZDA 5 (CR) 2.0 (CREW) benzina 146 cai MAXGEAR AC885524 MAZDA | MAXGEAR - Autorival","og_description":"\u26a1 Condensator climatizare MAZDA 5 (CR) 2.0 (CREW) benzina 146 cai MAXGEAR AC885524 pentru MAZDA la doar 362.25 RON. \u2713 Cod: AC885524 \u2713 Brand: MAXGEAR \u2713 \u00cen stoc \u2713 Livrare 24h \u2713 Garan\u021bie!","og_url":"https:\/\/autorival.ro\/mazda\/product\/condensator-climatizare-mazda-5-cr-2-0-crew-benzina-146-cai-maxgear-ac885524\/","og_site_name":"MAZDA","article_modified_time":"2025-05-13T01:37:29+00:00","og_image":[{"width":600,"height":400,"url":"https:\/\/autorival.ro\/mazda\/wp-content\/uploads\/sites\/16\/2025\/05\/ac885524_1_large-2.jpg","type":"image\/jpeg"}],"twitter_card":"summary_large_image","twitter_title":"Condensator climatizare MAZDA 5 (CR) 2.0 (CREW) benzina 146 cai MAXGEAR AC885524 MAZDA | MAXGEAR - Autorival","twitter_description":"\u26a1 Condensator climatizare MAZDA 5 (CR) 2.0 (CREW) benzina 146 cai MAXGEAR AC885524 pentru MAZDA la doar 362.25 RON. \u2713 Cod: AC885524 \u2713 Brand: MAXGEAR \u2713 \u00cen stoc \u2713 Livrare 24h \u2713 Garan\u021bie!","schema":{"@context":"https:\/\/schema.org","@graph":[{"@type":"WebPage","@id":"https:\/\/autorival.ro\/mazda\/product\/condensator-climatizare-mazda-5-cr-2-0-crew-benzina-146-cai-maxgear-ac885524\/","url":"https:\/\/autorival.ro\/mazda\/product\/condensator-climatizare-mazda-5-cr-2-0-crew-benzina-146-cai-maxgear-ac885524\/","name":"Condensator climatizare MAZDA 5 (CR) 2.0 (CREW) benzina 146 cai MAXGEAR AC885524 MAZDA | MAXGEAR - Autorival","isPartOf":{"@id":"https:\/\/autorival.ro\/mazda\/#website"},"primaryImageOfPage":{"@id":"https:\/\/autorival.ro\/mazda\/product\/condensator-climatizare-mazda-5-cr-2-0-crew-benzina-146-cai-maxgear-ac885524\/#primaryimage"},"image":{"@id":"https:\/\/autorival.ro\/mazda\/product\/condensator-climatizare-mazda-5-cr-2-0-crew-benzina-146-cai-maxgear-ac885524\/#primaryimage"},"thumbnailUrl":"https:\/\/autorival.ro\/mazda\/wp-content\/uploads\/sites\/16\/2025\/05\/ac885524_1_large-2.jpg","datePublished":"2025-05-13T01:37:28+00:00","dateModified":"2025-05-13T01:37:29+00:00","description":"\u26a1 Condensator climatizare MAZDA 5 (CR) 2.0 (CREW) benzina 146 cai MAXGEAR AC885524 pentru MAZDA la doar 362.25 RON. \u2713 Cod: AC885524 \u2713 Brand: MAXGEAR \u2713 \u00cen stoc \u2713 Livrare 24h \u2713 Garan\u021bie!","breadcrumb":{"@id":"https:\/\/autorival.ro\/mazda\/product\/condensator-climatizare-mazda-5-cr-2-0-crew-benzina-146-cai-maxgear-ac885524\/#breadcrumb"},"inLanguage":"en-US","potentialAction":[{"@type":"ReadAction","target":["https:\/\/autorival.ro\/mazda\/product\/condensator-climatizare-mazda-5-cr-2-0-crew-benzina-146-cai-maxgear-ac885524\/"]}]},{"@type":"ImageObject","inLanguage":"en-US","@id":"https:\/\/autorival.ro\/mazda\/product\/condensator-climatizare-mazda-5-cr-2-0-crew-benzina-146-cai-maxgear-ac885524\/#primaryimage","url":"https:\/\/autorival.ro\/mazda\/wp-content\/uploads\/sites\/16\/2025\/05\/ac885524_1_large-2.jpg","contentUrl":"https:\/\/autorival.ro\/mazda\/wp-content\/uploads\/sites\/16\/2025\/05\/ac885524_1_large-2.jpg","width":600,"height":400,"caption":"Condensator climatizare MAZDA 5 (CR) 1.8 (CR19) benzina 116 cai MAXGEAR AC885524"},{"@type":"BreadcrumbList","@id":"https:\/\/autorival.ro\/mazda\/product\/condensator-climatizare-mazda-5-cr-2-0-crew-benzina-146-cai-maxgear-ac885524\/#breadcrumb","itemListElement":[{"@type":"ListItem","position":1,"name":"Prima pagin\u0103","item":"https:\/\/autorival.ro\/mazda\/"},{"@type":"ListItem","position":2,"name":"Piese auto MAZDA","item":"https:\/\/autorival.ro\/mazda\/"},{"@type":"ListItem","position":3,"name":"Condensator climatizare MAZDA 5 (CR) 2.0 (CREW) benzina 146 cai MAXGEAR AC885524"}]},{"@type":"WebSite","@id":"https:\/\/autorival.ro\/mazda\/#website","url":"https:\/\/autorival.ro\/mazda\/","name":"MAZDA","description":"","potentialAction":[{"@type":"SearchAction","target":{"@type":"EntryPoint","urlTemplate":"https:\/\/autorival.ro\/mazda\/?s={search_term_string}"},"query-input":{"@type":"PropertyValueSpecification","valueRequired":true,"valueName":"search_term_string"}}],"inLanguage":"en-US"}]}},"_links":{"self":[{"href":"https:\/\/autorival.ro\/mazda\/wp-json\/wp\/v2\/product\/70109","targetHints":{"allow":["GET"]}}],"collection":[{"href":"https:\/\/autorival.ro\/mazda\/wp-json\/wp\/v2\/product"}],"about":[{"href":"https:\/\/autorival.ro\/mazda\/wp-json\/wp\/v2\/types\/product"}],"replies":[{"embeddable":true,"href":"https:\/\/autorival.ro\/mazda\/wp-json\/wp\/v2\/comments?post=70109"}],"wp:featuredmedia":[{"embeddable":true,"href":"https:\/\/autorival.ro\/mazda\/wp-json\/wp\/v2\/media\/70095"}],"wp:attachment":[{"href":"https:\/\/autorival.ro\/mazda\/wp-json\/wp\/v2\/media?parent=70109"}],"wp:term":[{"taxonomy":"product_brand","embeddable":true,"href":"https:\/\/autorival.ro\/mazda\/wp-json\/wp\/v2\/product_brand?post=70109"},{"taxonomy":"product_cat","embeddable":true,"href":"https:\/\/autorival.ro\/mazda\/wp-json\/wp\/v2\/product_cat?post=70109"},{"taxonomy":"product_tag","embeddable":true,"href":"https:\/\/autorival.ro\/mazda\/wp-json\/wp\/v2\/product_tag?post=70109"}],"curies":[{"name":"wp","href":"https:\/\/api.w.org\/{rel}","templated":true}]}}