{"id":69584,"date":"2025-05-13T01:32:42","date_gmt":"2025-05-13T01:32:42","guid":{"rendered":"https:\/\/autorival.ro\/mazda\/product\/comutator-temperatura-ventilator-radiator-mazda-323-iii-hatchback-bf-1-6-gt-turbo-4wd-bf2-benzina-150-cai-facet-7-5069\/"},"modified":"2025-05-13T01:32:42","modified_gmt":"2025-05-13T01:32:42","slug":"comutator-temperatura-ventilator-radiator-mazda-323-iii-hatchback-bf-1-6-gt-turbo-4wd-bf2-benzina-150-cai-facet-7-5069","status":"publish","type":"product","link":"https:\/\/autorival.ro\/mazda\/product\/comutator-temperatura-ventilator-radiator-mazda-323-iii-hatchback-bf-1-6-gt-turbo-4wd-bf2-benzina-150-cai-facet-7-5069\/","title":{"rendered":"Comutator temperatura ventilator radiator MAZDA 323 III Hatchback (BF) 1.6 GT Turbo 4WD (BF2) benzina 150 cai FACET 7.5069"},"content":{"rendered":"<p>Numar motor TECDOC: 31291Serie \u00c3\u02c6\u00e2\u201e\u00a2asiu (VIN) \u00eencep\u00e2nd cu: 538196Temperatura de la [\u00c3\u201a\u00c2\u00b0C]: 97Pana la domeniul de temperatura [\u00c3\u201a\u00c2\u00b0C]: 92 ->Dimensiune filet: M16x1,5Deschidere cheie: 17<\/p>\n","protected":false},"excerpt":{"rendered":"<p>Producator: FACET Cod producator: 7.5069<\/p>\n","protected":false},"featured_media":69575,"comment_status":"open","ping_status":"closed","template":"","meta":[],"product_brand":[2083],"product_cat":[5172],"product_tag":[17800,17609,17329,17290,17249,17519,17818,17819],"class_list":{"0":"post-69584","1":"product","2":"type-product","3":"status-publish","4":"has-post-thumbnail","6":"product_brand-facet","7":"product_cat-comutator-temperatura-ventilator-radiator-iii-hatchback-bf-1-6-gt-turbo-4wd-bf2-benzina-150","8":"product_tag-comutator","9":"product_tag-facet","10":"product_tag-gt","11":"product_tag-iii","12":"product_tag-mazda","13":"product_tag-radiator","14":"product_tag-temperatura","15":"product_tag-ventilator","17":"first","18":"instock","19":"shipping-taxable","20":"purchasable","21":"product-type-simple"},"yoast_head":"<!-- This site is optimized with the Yoast SEO plugin v27.3 - https:\/\/yoast.com\/product\/yoast-seo-wordpress\/ -->\n<title>Comutator temperatura ventilator radiator MAZDA 323 III Hatchback (BF) 1.6 GT Turbo 4WD (BF2) benzina 150 cai FACET 7.5069 MAZDA | FACET - Autorival<\/title>\n<meta name=\"description\" content=\"\u26a1 Comutator temperatura ventilator radiator MAZDA 323 III Hatchback (BF) 1.6 GT Turbo 4WD (BF2) benzina 150 cai FACET 7.5069 pentru MAZDA la doar 148.40 RON. \u2713 Cod: 7 \u2713 Brand: FACET \u2713 \u00cen stoc \u2713 Livrare 24h \u2713 Garan\u021bie!\" \/>\n<meta name=\"robots\" content=\"index, follow, max-snippet:-1, max-image-preview:large, max-video-preview:-1\" \/>\n<meta property=\"og:locale\" content=\"en_US\" \/>\n<meta property=\"og:type\" content=\"article\" \/>\n<meta property=\"og:title\" content=\"Comutator temperatura ventilator radiator MAZDA 323 III Hatchback (BF) 1.6 GT Turbo 4WD (BF2) benzina 150 cai FACET 7.5069 MAZDA | FACET - Autorival\" \/>\n<meta property=\"og:description\" content=\"\u26a1 Comutator temperatura ventilator radiator MAZDA 323 III Hatchback (BF) 1.6 GT Turbo 4WD (BF2) benzina 150 cai FACET 7.5069 pentru MAZDA la doar 148.40 RON. \u2713 Cod: 7 \u2713 Brand: FACET \u2713 \u00cen stoc \u2713 Livrare 24h \u2713 Garan\u021bie!\" \/>\n<meta property=\"og:url\" content=\"https:\/\/autorival.ro\/mazda\/product\/comutator-temperatura-ventilator-radiator-mazda-323-iii-hatchback-bf-1-6-gt-turbo-4wd-bf2-benzina-150-cai-facet-7-5069\/\" \/>\n<meta property=\"og:site_name\" content=\"MAZDA\" \/>\n<meta property=\"og:image\" content=\"https:\/\/autorival.ro\/mazda\/wp-content\/uploads\/sites\/16\/2025\/05\/7.5069-fa-1.jpg\" \/>\n\t<meta property=\"og:image:width\" content=\"599\" \/>\n\t<meta property=\"og:image:height\" content=\"399\" \/>\n\t<meta property=\"og:image:type\" content=\"image\/jpeg\" \/>\n<meta name=\"twitter:card\" content=\"summary_large_image\" \/>\n<meta name=\"twitter:title\" content=\"Comutator temperatura ventilator radiator MAZDA 323 III Hatchback (BF) 1.6 GT Turbo 4WD (BF2) benzina 150 cai FACET 7.5069 MAZDA | FACET - Autorival\" \/>\n<meta name=\"twitter:description\" content=\"\u26a1 Comutator temperatura ventilator radiator MAZDA 323 III Hatchback (BF) 1.6 GT Turbo 4WD (BF2) benzina 150 cai FACET 7.5069 pentru MAZDA la doar 148.40 RON. \u2713 Cod: 7 \u2713 Brand: FACET \u2713 \u00cen stoc \u2713 Livrare 24h \u2713 Garan\u021bie!\" \/>\n<script type=\"application\/ld+json\" class=\"yoast-schema-graph\">{\"@context\":\"https:\\\/\\\/schema.org\",\"@graph\":[{\"@type\":\"WebPage\",\"@id\":\"https:\\\/\\\/autorival.ro\\\/mazda\\\/product\\\/comutator-temperatura-ventilator-radiator-mazda-323-iii-hatchback-bf-1-6-gt-turbo-4wd-bf2-benzina-150-cai-facet-7-5069\\\/\",\"url\":\"https:\\\/\\\/autorival.ro\\\/mazda\\\/product\\\/comutator-temperatura-ventilator-radiator-mazda-323-iii-hatchback-bf-1-6-gt-turbo-4wd-bf2-benzina-150-cai-facet-7-5069\\\/\",\"name\":\"Comutator temperatura ventilator radiator MAZDA 323 III Hatchback (BF) 1.6 GT Turbo 4WD (BF2) benzina 150 cai FACET 7.5069 MAZDA | FACET - Autorival\",\"isPartOf\":{\"@id\":\"https:\\\/\\\/autorival.ro\\\/mazda\\\/#website\"},\"primaryImageOfPage\":{\"@id\":\"https:\\\/\\\/autorival.ro\\\/mazda\\\/product\\\/comutator-temperatura-ventilator-radiator-mazda-323-iii-hatchback-bf-1-6-gt-turbo-4wd-bf2-benzina-150-cai-facet-7-5069\\\/#primaryimage\"},\"image\":{\"@id\":\"https:\\\/\\\/autorival.ro\\\/mazda\\\/product\\\/comutator-temperatura-ventilator-radiator-mazda-323-iii-hatchback-bf-1-6-gt-turbo-4wd-bf2-benzina-150-cai-facet-7-5069\\\/#primaryimage\"},\"thumbnailUrl\":\"https:\\\/\\\/autorival.ro\\\/mazda\\\/wp-content\\\/uploads\\\/sites\\\/16\\\/2025\\\/05\\\/7.5069-fa-1.jpg\",\"datePublished\":\"2025-05-13T01:32:42+00:00\",\"description\":\"\u26a1 Comutator temperatura ventilator radiator MAZDA 323 III Hatchback (BF) 1.6 GT Turbo 4WD (BF2) benzina 150 cai FACET 7.5069 pentru MAZDA la doar 148.40 RON. \u2713 Cod: 7 \u2713 Brand: FACET \u2713 \u00cen stoc \u2713 Livrare 24h \u2713 Garan\u021bie!\",\"breadcrumb\":{\"@id\":\"https:\\\/\\\/autorival.ro\\\/mazda\\\/product\\\/comutator-temperatura-ventilator-radiator-mazda-323-iii-hatchback-bf-1-6-gt-turbo-4wd-bf2-benzina-150-cai-facet-7-5069\\\/#breadcrumb\"},\"inLanguage\":\"en-US\",\"potentialAction\":[{\"@type\":\"ReadAction\",\"target\":[\"https:\\\/\\\/autorival.ro\\\/mazda\\\/product\\\/comutator-temperatura-ventilator-radiator-mazda-323-iii-hatchback-bf-1-6-gt-turbo-4wd-bf2-benzina-150-cai-facet-7-5069\\\/\"]}]},{\"@type\":\"ImageObject\",\"inLanguage\":\"en-US\",\"@id\":\"https:\\\/\\\/autorival.ro\\\/mazda\\\/product\\\/comutator-temperatura-ventilator-radiator-mazda-323-iii-hatchback-bf-1-6-gt-turbo-4wd-bf2-benzina-150-cai-facet-7-5069\\\/#primaryimage\",\"url\":\"https:\\\/\\\/autorival.ro\\\/mazda\\\/wp-content\\\/uploads\\\/sites\\\/16\\\/2025\\\/05\\\/7.5069-fa-1.jpg\",\"contentUrl\":\"https:\\\/\\\/autorival.ro\\\/mazda\\\/wp-content\\\/uploads\\\/sites\\\/16\\\/2025\\\/05\\\/7.5069-fa-1.jpg\",\"width\":599,\"height\":399,\"caption\":\"Comutator temperatura ventilator radiator MAZDA 323 III Hatchback (BF) 1.1 benzina 54 cai FACET 7.5069\"},{\"@type\":\"BreadcrumbList\",\"@id\":\"https:\\\/\\\/autorival.ro\\\/mazda\\\/product\\\/comutator-temperatura-ventilator-radiator-mazda-323-iii-hatchback-bf-1-6-gt-turbo-4wd-bf2-benzina-150-cai-facet-7-5069\\\/#breadcrumb\",\"itemListElement\":[{\"@type\":\"ListItem\",\"position\":1,\"name\":\"Prima pagin\u0103\",\"item\":\"https:\\\/\\\/autorival.ro\\\/mazda\\\/\"},{\"@type\":\"ListItem\",\"position\":2,\"name\":\"Piese auto MAZDA\",\"item\":\"https:\\\/\\\/autorival.ro\\\/mazda\\\/\"},{\"@type\":\"ListItem\",\"position\":3,\"name\":\"Comutator temperatura ventilator radiator MAZDA 323 III Hatchback (BF) 1.6 GT Turbo 4WD (BF2) benzina 150 cai FACET 7.5069\"}]},{\"@type\":\"WebSite\",\"@id\":\"https:\\\/\\\/autorival.ro\\\/mazda\\\/#website\",\"url\":\"https:\\\/\\\/autorival.ro\\\/mazda\\\/\",\"name\":\"MAZDA\",\"description\":\"\",\"potentialAction\":[{\"@type\":\"SearchAction\",\"target\":{\"@type\":\"EntryPoint\",\"urlTemplate\":\"https:\\\/\\\/autorival.ro\\\/mazda\\\/?s={search_term_string}\"},\"query-input\":{\"@type\":\"PropertyValueSpecification\",\"valueRequired\":true,\"valueName\":\"search_term_string\"}}],\"inLanguage\":\"en-US\"}]}<\/script>\n<!-- \/ Yoast SEO plugin. -->","yoast_head_json":{"title":"Comutator temperatura ventilator radiator MAZDA 323 III Hatchback (BF) 1.6 GT Turbo 4WD (BF2) benzina 150 cai FACET 7.5069 MAZDA | FACET - Autorival","description":"\u26a1 Comutator temperatura ventilator radiator MAZDA 323 III Hatchback (BF) 1.6 GT Turbo 4WD (BF2) benzina 150 cai FACET 7.5069 pentru MAZDA la doar 148.40 RON. \u2713 Cod: 7 \u2713 Brand: FACET \u2713 \u00cen stoc \u2713 Livrare 24h \u2713 Garan\u021bie!","robots":{"index":"index","follow":"follow","max-snippet":"max-snippet:-1","max-image-preview":"max-image-preview:large","max-video-preview":"max-video-preview:-1"},"og_locale":"en_US","og_type":"article","og_title":"Comutator temperatura ventilator radiator MAZDA 323 III Hatchback (BF) 1.6 GT Turbo 4WD (BF2) benzina 150 cai FACET 7.5069 MAZDA | FACET - Autorival","og_description":"\u26a1 Comutator temperatura ventilator radiator MAZDA 323 III Hatchback (BF) 1.6 GT Turbo 4WD (BF2) benzina 150 cai FACET 7.5069 pentru MAZDA la doar 148.40 RON. \u2713 Cod: 7 \u2713 Brand: FACET \u2713 \u00cen stoc \u2713 Livrare 24h \u2713 Garan\u021bie!","og_url":"https:\/\/autorival.ro\/mazda\/product\/comutator-temperatura-ventilator-radiator-mazda-323-iii-hatchback-bf-1-6-gt-turbo-4wd-bf2-benzina-150-cai-facet-7-5069\/","og_site_name":"MAZDA","og_image":[{"width":599,"height":399,"url":"https:\/\/autorival.ro\/mazda\/wp-content\/uploads\/sites\/16\/2025\/05\/7.5069-fa-1.jpg","type":"image\/jpeg"}],"twitter_card":"summary_large_image","twitter_title":"Comutator temperatura ventilator radiator MAZDA 323 III Hatchback (BF) 1.6 GT Turbo 4WD (BF2) benzina 150 cai FACET 7.5069 MAZDA | FACET - Autorival","twitter_description":"\u26a1 Comutator temperatura ventilator radiator MAZDA 323 III Hatchback (BF) 1.6 GT Turbo 4WD (BF2) benzina 150 cai FACET 7.5069 pentru MAZDA la doar 148.40 RON. \u2713 Cod: 7 \u2713 Brand: FACET \u2713 \u00cen stoc \u2713 Livrare 24h \u2713 Garan\u021bie!","schema":{"@context":"https:\/\/schema.org","@graph":[{"@type":"WebPage","@id":"https:\/\/autorival.ro\/mazda\/product\/comutator-temperatura-ventilator-radiator-mazda-323-iii-hatchback-bf-1-6-gt-turbo-4wd-bf2-benzina-150-cai-facet-7-5069\/","url":"https:\/\/autorival.ro\/mazda\/product\/comutator-temperatura-ventilator-radiator-mazda-323-iii-hatchback-bf-1-6-gt-turbo-4wd-bf2-benzina-150-cai-facet-7-5069\/","name":"Comutator temperatura ventilator radiator MAZDA 323 III Hatchback (BF) 1.6 GT Turbo 4WD (BF2) benzina 150 cai FACET 7.5069 MAZDA | FACET - Autorival","isPartOf":{"@id":"https:\/\/autorival.ro\/mazda\/#website"},"primaryImageOfPage":{"@id":"https:\/\/autorival.ro\/mazda\/product\/comutator-temperatura-ventilator-radiator-mazda-323-iii-hatchback-bf-1-6-gt-turbo-4wd-bf2-benzina-150-cai-facet-7-5069\/#primaryimage"},"image":{"@id":"https:\/\/autorival.ro\/mazda\/product\/comutator-temperatura-ventilator-radiator-mazda-323-iii-hatchback-bf-1-6-gt-turbo-4wd-bf2-benzina-150-cai-facet-7-5069\/#primaryimage"},"thumbnailUrl":"https:\/\/autorival.ro\/mazda\/wp-content\/uploads\/sites\/16\/2025\/05\/7.5069-fa-1.jpg","datePublished":"2025-05-13T01:32:42+00:00","description":"\u26a1 Comutator temperatura ventilator radiator MAZDA 323 III Hatchback (BF) 1.6 GT Turbo 4WD (BF2) benzina 150 cai FACET 7.5069 pentru MAZDA la doar 148.40 RON. \u2713 Cod: 7 \u2713 Brand: FACET \u2713 \u00cen stoc \u2713 Livrare 24h \u2713 Garan\u021bie!","breadcrumb":{"@id":"https:\/\/autorival.ro\/mazda\/product\/comutator-temperatura-ventilator-radiator-mazda-323-iii-hatchback-bf-1-6-gt-turbo-4wd-bf2-benzina-150-cai-facet-7-5069\/#breadcrumb"},"inLanguage":"en-US","potentialAction":[{"@type":"ReadAction","target":["https:\/\/autorival.ro\/mazda\/product\/comutator-temperatura-ventilator-radiator-mazda-323-iii-hatchback-bf-1-6-gt-turbo-4wd-bf2-benzina-150-cai-facet-7-5069\/"]}]},{"@type":"ImageObject","inLanguage":"en-US","@id":"https:\/\/autorival.ro\/mazda\/product\/comutator-temperatura-ventilator-radiator-mazda-323-iii-hatchback-bf-1-6-gt-turbo-4wd-bf2-benzina-150-cai-facet-7-5069\/#primaryimage","url":"https:\/\/autorival.ro\/mazda\/wp-content\/uploads\/sites\/16\/2025\/05\/7.5069-fa-1.jpg","contentUrl":"https:\/\/autorival.ro\/mazda\/wp-content\/uploads\/sites\/16\/2025\/05\/7.5069-fa-1.jpg","width":599,"height":399,"caption":"Comutator temperatura ventilator radiator MAZDA 323 III Hatchback (BF) 1.1 benzina 54 cai FACET 7.5069"},{"@type":"BreadcrumbList","@id":"https:\/\/autorival.ro\/mazda\/product\/comutator-temperatura-ventilator-radiator-mazda-323-iii-hatchback-bf-1-6-gt-turbo-4wd-bf2-benzina-150-cai-facet-7-5069\/#breadcrumb","itemListElement":[{"@type":"ListItem","position":1,"name":"Prima pagin\u0103","item":"https:\/\/autorival.ro\/mazda\/"},{"@type":"ListItem","position":2,"name":"Piese auto MAZDA","item":"https:\/\/autorival.ro\/mazda\/"},{"@type":"ListItem","position":3,"name":"Comutator temperatura ventilator radiator MAZDA 323 III Hatchback (BF) 1.6 GT Turbo 4WD (BF2) benzina 150 cai FACET 7.5069"}]},{"@type":"WebSite","@id":"https:\/\/autorival.ro\/mazda\/#website","url":"https:\/\/autorival.ro\/mazda\/","name":"MAZDA","description":"","potentialAction":[{"@type":"SearchAction","target":{"@type":"EntryPoint","urlTemplate":"https:\/\/autorival.ro\/mazda\/?s={search_term_string}"},"query-input":{"@type":"PropertyValueSpecification","valueRequired":true,"valueName":"search_term_string"}}],"inLanguage":"en-US"}]}},"_links":{"self":[{"href":"https:\/\/autorival.ro\/mazda\/wp-json\/wp\/v2\/product\/69584","targetHints":{"allow":["GET"]}}],"collection":[{"href":"https:\/\/autorival.ro\/mazda\/wp-json\/wp\/v2\/product"}],"about":[{"href":"https:\/\/autorival.ro\/mazda\/wp-json\/wp\/v2\/types\/product"}],"replies":[{"embeddable":true,"href":"https:\/\/autorival.ro\/mazda\/wp-json\/wp\/v2\/comments?post=69584"}],"wp:featuredmedia":[{"embeddable":true,"href":"https:\/\/autorival.ro\/mazda\/wp-json\/wp\/v2\/media\/69575"}],"wp:attachment":[{"href":"https:\/\/autorival.ro\/mazda\/wp-json\/wp\/v2\/media?parent=69584"}],"wp:term":[{"taxonomy":"product_brand","embeddable":true,"href":"https:\/\/autorival.ro\/mazda\/wp-json\/wp\/v2\/product_brand?post=69584"},{"taxonomy":"product_cat","embeddable":true,"href":"https:\/\/autorival.ro\/mazda\/wp-json\/wp\/v2\/product_cat?post=69584"},{"taxonomy":"product_tag","embeddable":true,"href":"https:\/\/autorival.ro\/mazda\/wp-json\/wp\/v2\/product_tag?post=69584"}],"curies":[{"name":"wp","href":"https:\/\/api.w.org\/{rel}","templated":true}]}}