{"id":33714,"date":"2025-05-12T21:49:06","date_gmt":"2025-05-12T21:49:06","guid":{"rendered":"https:\/\/autorival.ro\/mazda\/product\/bec-semnalizator-mazda-6-combi-gj-gl-2-2-d-awd-diesel-175-cai-philips-12961llecob2\/"},"modified":"2025-05-12T21:49:06","modified_gmt":"2025-05-12T21:49:06","slug":"bec-semnalizator-mazda-6-combi-gj-gl-2-2-d-awd-diesel-175-cai-philips-12961llecob2","status":"publish","type":"product","link":"https:\/\/autorival.ro\/mazda\/product\/bec-semnalizator-mazda-6-combi-gj-gl-2-2-d-awd-diesel-175-cai-philips-12961llecob2\/","title":{"rendered":"Bec semnalizator MAZDA 6 combi (GJ, GL) 2.2 D AWD diesel 175 cai PHILIPS 12961LLECOB2"},"content":{"rendered":"<p>Constructie lampa: HalogenTIp lampa: W5W, Bec cu soclu din sticl\u0103Tensiune [V]: 12Putere nominal\u0103 [W]: 5Variant\u0103 de execu\u021bie soclu lamp\u0103 incandescent\u0103: W2.1&#215;9.5d<\/p>\n","protected":false},"excerpt":{"rendered":"<p>Producator: PHILIPS Cod producator: 12961LLECOB2<\/p>\n","protected":false},"featured_media":33545,"comment_status":"open","ping_status":"closed","template":"","meta":[],"product_brand":[1438],"product_cat":[1789],"product_tag":[17282,17524,17279,17280,17249,17533,17548],"class_list":{"0":"post-33714","1":"product","2":"type-product","3":"status-publish","4":"has-post-thumbnail","6":"product_brand-philips","7":"product_cat-bec-semnalizator-combi-gj-gl-2-2-d-awd-diesel-175","8":"product_tag-awd","9":"product_tag-bec","10":"product_tag-combi","11":"product_tag-gl","12":"product_tag-mazda","13":"product_tag-philips","14":"product_tag-semnalizator","16":"first","17":"instock","18":"shipping-taxable","19":"purchasable","20":"product-type-simple"},"yoast_head":"<!-- This site is optimized with the Yoast SEO plugin v27.3 - https:\/\/yoast.com\/product\/yoast-seo-wordpress\/ -->\n<title>Bec semnalizator MAZDA 6 combi (GJ, GL) 2.2 D AWD diesel 175 cai PHILIPS 12961LLECOB2 MAZDA | PHILIPS - Autorival<\/title>\n<meta name=\"description\" content=\"\u26a1 Bec semnalizator MAZDA 6 combi (GJ, GL) 2.2 D AWD diesel 175 cai PHILIPS 12961LLECOB2 pentru MAZDA la doar 16.8 RON. \u2713 Cod: 12961LLECOB2 \u2713 Brand: PHILIPS \u2713 \u00cen stoc \u2713 Livrare 24h \u2713 Garan\u021bie!\" \/>\n<meta name=\"robots\" content=\"index, follow, max-snippet:-1, max-image-preview:large, max-video-preview:-1\" \/>\n<meta property=\"og:locale\" content=\"en_US\" \/>\n<meta property=\"og:type\" content=\"article\" \/>\n<meta property=\"og:title\" content=\"Bec semnalizator MAZDA 6 combi (GJ, GL) 2.2 D AWD diesel 175 cai PHILIPS 12961LLECOB2 MAZDA | PHILIPS - Autorival\" \/>\n<meta property=\"og:description\" content=\"\u26a1 Bec semnalizator MAZDA 6 combi (GJ, GL) 2.2 D AWD diesel 175 cai PHILIPS 12961LLECOB2 pentru MAZDA la doar 16.8 RON. \u2713 Cod: 12961LLECOB2 \u2713 Brand: PHILIPS \u2713 \u00cen stoc \u2713 Livrare 24h \u2713 Garan\u021bie!\" \/>\n<meta property=\"og:url\" content=\"https:\/\/autorival.ro\/mazda\/product\/bec-semnalizator-mazda-6-combi-gj-gl-2-2-d-awd-diesel-175-cai-philips-12961llecob2\/\" \/>\n<meta property=\"og:site_name\" content=\"MAZDA\" \/>\n<meta property=\"og:image\" content=\"https:\/\/autorival.ro\/mazda\/wp-content\/uploads\/sites\/16\/2025\/05\/12961llecob2-14.jpg\" \/>\n\t<meta property=\"og:image:width\" content=\"243\" \/>\n\t<meta property=\"og:image:height\" content=\"400\" \/>\n\t<meta property=\"og:image:type\" content=\"image\/jpeg\" \/>\n<meta name=\"twitter:card\" content=\"summary_large_image\" \/>\n<meta name=\"twitter:title\" content=\"Bec semnalizator MAZDA 6 combi (GJ, GL) 2.2 D AWD diesel 175 cai PHILIPS 12961LLECOB2 MAZDA | PHILIPS - Autorival\" \/>\n<meta name=\"twitter:description\" content=\"\u26a1 Bec semnalizator MAZDA 6 combi (GJ, GL) 2.2 D AWD diesel 175 cai PHILIPS 12961LLECOB2 pentru MAZDA la doar 16.8 RON. \u2713 Cod: 12961LLECOB2 \u2713 Brand: PHILIPS \u2713 \u00cen stoc \u2713 Livrare 24h \u2713 Garan\u021bie!\" \/>\n<script type=\"application\/ld+json\" class=\"yoast-schema-graph\">{\"@context\":\"https:\\\/\\\/schema.org\",\"@graph\":[{\"@type\":\"WebPage\",\"@id\":\"https:\\\/\\\/autorival.ro\\\/mazda\\\/product\\\/bec-semnalizator-mazda-6-combi-gj-gl-2-2-d-awd-diesel-175-cai-philips-12961llecob2\\\/\",\"url\":\"https:\\\/\\\/autorival.ro\\\/mazda\\\/product\\\/bec-semnalizator-mazda-6-combi-gj-gl-2-2-d-awd-diesel-175-cai-philips-12961llecob2\\\/\",\"name\":\"Bec semnalizator MAZDA 6 combi (GJ, GL) 2.2 D AWD diesel 175 cai PHILIPS 12961LLECOB2 MAZDA | PHILIPS - Autorival\",\"isPartOf\":{\"@id\":\"https:\\\/\\\/autorival.ro\\\/mazda\\\/#website\"},\"primaryImageOfPage\":{\"@id\":\"https:\\\/\\\/autorival.ro\\\/mazda\\\/product\\\/bec-semnalizator-mazda-6-combi-gj-gl-2-2-d-awd-diesel-175-cai-philips-12961llecob2\\\/#primaryimage\"},\"image\":{\"@id\":\"https:\\\/\\\/autorival.ro\\\/mazda\\\/product\\\/bec-semnalizator-mazda-6-combi-gj-gl-2-2-d-awd-diesel-175-cai-philips-12961llecob2\\\/#primaryimage\"},\"thumbnailUrl\":\"https:\\\/\\\/autorival.ro\\\/mazda\\\/wp-content\\\/uploads\\\/sites\\\/16\\\/2025\\\/05\\\/12961llecob2-14.jpg\",\"datePublished\":\"2025-05-12T21:49:06+00:00\",\"description\":\"\u26a1 Bec semnalizator MAZDA 6 combi (GJ, GL) 2.2 D AWD diesel 175 cai PHILIPS 12961LLECOB2 pentru MAZDA la doar 16.8 RON. \u2713 Cod: 12961LLECOB2 \u2713 Brand: PHILIPS \u2713 \u00cen stoc \u2713 Livrare 24h \u2713 Garan\u021bie!\",\"breadcrumb\":{\"@id\":\"https:\\\/\\\/autorival.ro\\\/mazda\\\/product\\\/bec-semnalizator-mazda-6-combi-gj-gl-2-2-d-awd-diesel-175-cai-philips-12961llecob2\\\/#breadcrumb\"},\"inLanguage\":\"en-US\",\"potentialAction\":[{\"@type\":\"ReadAction\",\"target\":[\"https:\\\/\\\/autorival.ro\\\/mazda\\\/product\\\/bec-semnalizator-mazda-6-combi-gj-gl-2-2-d-awd-diesel-175-cai-philips-12961llecob2\\\/\"]}]},{\"@type\":\"ImageObject\",\"inLanguage\":\"en-US\",\"@id\":\"https:\\\/\\\/autorival.ro\\\/mazda\\\/product\\\/bec-semnalizator-mazda-6-combi-gj-gl-2-2-d-awd-diesel-175-cai-philips-12961llecob2\\\/#primaryimage\",\"url\":\"https:\\\/\\\/autorival.ro\\\/mazda\\\/wp-content\\\/uploads\\\/sites\\\/16\\\/2025\\\/05\\\/12961llecob2-14.jpg\",\"contentUrl\":\"https:\\\/\\\/autorival.ro\\\/mazda\\\/wp-content\\\/uploads\\\/sites\\\/16\\\/2025\\\/05\\\/12961llecob2-14.jpg\",\"width\":243,\"height\":400,\"caption\":\"Bec semnalizator MAZDA 6 combi (GJ, GL) 2.0 (GJEFW) benzina 165 cai PHILIPS 12961LLECOB2\"},{\"@type\":\"BreadcrumbList\",\"@id\":\"https:\\\/\\\/autorival.ro\\\/mazda\\\/product\\\/bec-semnalizator-mazda-6-combi-gj-gl-2-2-d-awd-diesel-175-cai-philips-12961llecob2\\\/#breadcrumb\",\"itemListElement\":[{\"@type\":\"ListItem\",\"position\":1,\"name\":\"Prima pagin\u0103\",\"item\":\"https:\\\/\\\/autorival.ro\\\/mazda\\\/\"},{\"@type\":\"ListItem\",\"position\":2,\"name\":\"Piese auto MAZDA\",\"item\":\"https:\\\/\\\/autorival.ro\\\/mazda\\\/\"},{\"@type\":\"ListItem\",\"position\":3,\"name\":\"Bec semnalizator MAZDA 6 combi (GJ, GL) 2.2 D AWD diesel 175 cai PHILIPS 12961LLECOB2\"}]},{\"@type\":\"WebSite\",\"@id\":\"https:\\\/\\\/autorival.ro\\\/mazda\\\/#website\",\"url\":\"https:\\\/\\\/autorival.ro\\\/mazda\\\/\",\"name\":\"MAZDA\",\"description\":\"\",\"potentialAction\":[{\"@type\":\"SearchAction\",\"target\":{\"@type\":\"EntryPoint\",\"urlTemplate\":\"https:\\\/\\\/autorival.ro\\\/mazda\\\/?s={search_term_string}\"},\"query-input\":{\"@type\":\"PropertyValueSpecification\",\"valueRequired\":true,\"valueName\":\"search_term_string\"}}],\"inLanguage\":\"en-US\"}]}<\/script>\n<!-- \/ Yoast SEO plugin. -->","yoast_head_json":{"title":"Bec semnalizator MAZDA 6 combi (GJ, GL) 2.2 D AWD diesel 175 cai PHILIPS 12961LLECOB2 MAZDA | PHILIPS - Autorival","description":"\u26a1 Bec semnalizator MAZDA 6 combi (GJ, GL) 2.2 D AWD diesel 175 cai PHILIPS 12961LLECOB2 pentru MAZDA la doar 16.8 RON. \u2713 Cod: 12961LLECOB2 \u2713 Brand: PHILIPS \u2713 \u00cen stoc \u2713 Livrare 24h \u2713 Garan\u021bie!","robots":{"index":"index","follow":"follow","max-snippet":"max-snippet:-1","max-image-preview":"max-image-preview:large","max-video-preview":"max-video-preview:-1"},"og_locale":"en_US","og_type":"article","og_title":"Bec semnalizator MAZDA 6 combi (GJ, GL) 2.2 D AWD diesel 175 cai PHILIPS 12961LLECOB2 MAZDA | PHILIPS - Autorival","og_description":"\u26a1 Bec semnalizator MAZDA 6 combi (GJ, GL) 2.2 D AWD diesel 175 cai PHILIPS 12961LLECOB2 pentru MAZDA la doar 16.8 RON. \u2713 Cod: 12961LLECOB2 \u2713 Brand: PHILIPS \u2713 \u00cen stoc \u2713 Livrare 24h \u2713 Garan\u021bie!","og_url":"https:\/\/autorival.ro\/mazda\/product\/bec-semnalizator-mazda-6-combi-gj-gl-2-2-d-awd-diesel-175-cai-philips-12961llecob2\/","og_site_name":"MAZDA","og_image":[{"width":243,"height":400,"url":"https:\/\/autorival.ro\/mazda\/wp-content\/uploads\/sites\/16\/2025\/05\/12961llecob2-14.jpg","type":"image\/jpeg"}],"twitter_card":"summary_large_image","twitter_title":"Bec semnalizator MAZDA 6 combi (GJ, GL) 2.2 D AWD diesel 175 cai PHILIPS 12961LLECOB2 MAZDA | PHILIPS - Autorival","twitter_description":"\u26a1 Bec semnalizator MAZDA 6 combi (GJ, GL) 2.2 D AWD diesel 175 cai PHILIPS 12961LLECOB2 pentru MAZDA la doar 16.8 RON. \u2713 Cod: 12961LLECOB2 \u2713 Brand: PHILIPS \u2713 \u00cen stoc \u2713 Livrare 24h \u2713 Garan\u021bie!","schema":{"@context":"https:\/\/schema.org","@graph":[{"@type":"WebPage","@id":"https:\/\/autorival.ro\/mazda\/product\/bec-semnalizator-mazda-6-combi-gj-gl-2-2-d-awd-diesel-175-cai-philips-12961llecob2\/","url":"https:\/\/autorival.ro\/mazda\/product\/bec-semnalizator-mazda-6-combi-gj-gl-2-2-d-awd-diesel-175-cai-philips-12961llecob2\/","name":"Bec semnalizator MAZDA 6 combi (GJ, GL) 2.2 D AWD diesel 175 cai PHILIPS 12961LLECOB2 MAZDA | PHILIPS - Autorival","isPartOf":{"@id":"https:\/\/autorival.ro\/mazda\/#website"},"primaryImageOfPage":{"@id":"https:\/\/autorival.ro\/mazda\/product\/bec-semnalizator-mazda-6-combi-gj-gl-2-2-d-awd-diesel-175-cai-philips-12961llecob2\/#primaryimage"},"image":{"@id":"https:\/\/autorival.ro\/mazda\/product\/bec-semnalizator-mazda-6-combi-gj-gl-2-2-d-awd-diesel-175-cai-philips-12961llecob2\/#primaryimage"},"thumbnailUrl":"https:\/\/autorival.ro\/mazda\/wp-content\/uploads\/sites\/16\/2025\/05\/12961llecob2-14.jpg","datePublished":"2025-05-12T21:49:06+00:00","description":"\u26a1 Bec semnalizator MAZDA 6 combi (GJ, GL) 2.2 D AWD diesel 175 cai PHILIPS 12961LLECOB2 pentru MAZDA la doar 16.8 RON. \u2713 Cod: 12961LLECOB2 \u2713 Brand: PHILIPS \u2713 \u00cen stoc \u2713 Livrare 24h \u2713 Garan\u021bie!","breadcrumb":{"@id":"https:\/\/autorival.ro\/mazda\/product\/bec-semnalizator-mazda-6-combi-gj-gl-2-2-d-awd-diesel-175-cai-philips-12961llecob2\/#breadcrumb"},"inLanguage":"en-US","potentialAction":[{"@type":"ReadAction","target":["https:\/\/autorival.ro\/mazda\/product\/bec-semnalizator-mazda-6-combi-gj-gl-2-2-d-awd-diesel-175-cai-philips-12961llecob2\/"]}]},{"@type":"ImageObject","inLanguage":"en-US","@id":"https:\/\/autorival.ro\/mazda\/product\/bec-semnalizator-mazda-6-combi-gj-gl-2-2-d-awd-diesel-175-cai-philips-12961llecob2\/#primaryimage","url":"https:\/\/autorival.ro\/mazda\/wp-content\/uploads\/sites\/16\/2025\/05\/12961llecob2-14.jpg","contentUrl":"https:\/\/autorival.ro\/mazda\/wp-content\/uploads\/sites\/16\/2025\/05\/12961llecob2-14.jpg","width":243,"height":400,"caption":"Bec semnalizator MAZDA 6 combi (GJ, GL) 2.0 (GJEFW) benzina 165 cai PHILIPS 12961LLECOB2"},{"@type":"BreadcrumbList","@id":"https:\/\/autorival.ro\/mazda\/product\/bec-semnalizator-mazda-6-combi-gj-gl-2-2-d-awd-diesel-175-cai-philips-12961llecob2\/#breadcrumb","itemListElement":[{"@type":"ListItem","position":1,"name":"Prima pagin\u0103","item":"https:\/\/autorival.ro\/mazda\/"},{"@type":"ListItem","position":2,"name":"Piese auto MAZDA","item":"https:\/\/autorival.ro\/mazda\/"},{"@type":"ListItem","position":3,"name":"Bec semnalizator MAZDA 6 combi (GJ, GL) 2.2 D AWD diesel 175 cai PHILIPS 12961LLECOB2"}]},{"@type":"WebSite","@id":"https:\/\/autorival.ro\/mazda\/#website","url":"https:\/\/autorival.ro\/mazda\/","name":"MAZDA","description":"","potentialAction":[{"@type":"SearchAction","target":{"@type":"EntryPoint","urlTemplate":"https:\/\/autorival.ro\/mazda\/?s={search_term_string}"},"query-input":{"@type":"PropertyValueSpecification","valueRequired":true,"valueName":"search_term_string"}}],"inLanguage":"en-US"}]}},"_links":{"self":[{"href":"https:\/\/autorival.ro\/mazda\/wp-json\/wp\/v2\/product\/33714","targetHints":{"allow":["GET"]}}],"collection":[{"href":"https:\/\/autorival.ro\/mazda\/wp-json\/wp\/v2\/product"}],"about":[{"href":"https:\/\/autorival.ro\/mazda\/wp-json\/wp\/v2\/types\/product"}],"replies":[{"embeddable":true,"href":"https:\/\/autorival.ro\/mazda\/wp-json\/wp\/v2\/comments?post=33714"}],"wp:featuredmedia":[{"embeddable":true,"href":"https:\/\/autorival.ro\/mazda\/wp-json\/wp\/v2\/media\/33545"}],"wp:attachment":[{"href":"https:\/\/autorival.ro\/mazda\/wp-json\/wp\/v2\/media?parent=33714"}],"wp:term":[{"taxonomy":"product_brand","embeddable":true,"href":"https:\/\/autorival.ro\/mazda\/wp-json\/wp\/v2\/product_brand?post=33714"},{"taxonomy":"product_cat","embeddable":true,"href":"https:\/\/autorival.ro\/mazda\/wp-json\/wp\/v2\/product_cat?post=33714"},{"taxonomy":"product_tag","embeddable":true,"href":"https:\/\/autorival.ro\/mazda\/wp-json\/wp\/v2\/product_tag?post=33714"}],"curies":[{"name":"wp","href":"https:\/\/api.w.org\/{rel}","templated":true}]}}