{"id":136862,"date":"2025-05-14T11:24:58","date_gmt":"2025-05-14T11:24:58","guid":{"rendered":"https:\/\/autorival.ro\/mazda\/product\/placute-frana-mazda-323-p-v-ba-1-5-16v-benzina-88-cai-valeo-598274\/"},"modified":"2025-05-14T11:24:59","modified_gmt":"2025-05-14T11:24:59","slug":"placute-frana-mazda-323-p-v-ba-1-5-16v-benzina-88-cai-valeo-598274","status":"publish","type":"product","link":"https:\/\/autorival.ro\/mazda\/product\/placute-frana-mazda-323-p-v-ba-1-5-16v-benzina-88-cai-valeo-598274\/","title":{"rendered":"Placute frana MAZDA 323 P V (BA) 1.5 16V benzina 88 cai VALEO 598274"},"content":{"rendered":"<p>An fabricatie pana la: 199806Partea de montare: punte fataSistem de fr\u00e2nare: SUMITOMO ->Latime [mm]: 92\u00cenaltime [mm]: 64,2 ->Grosime [mm]: 15Numar WVA: 21654Contact indicator uzura: inclusiv contact avertizare uzuraNum\u0103rul indicatorilor de uzur\u0103 [per ax\u0103]: 2Mod de operare: mecanicArticol completare\/Info suplimentar 2: fata tabla anti-scartaitAprobare: ECE-R90 ->Greutate [kg]: 1,105<\/p>\n","protected":false},"excerpt":{"rendered":"<p>Producator: VALEO Cod producator: 598274<\/p>\n","protected":false},"featured_media":136861,"comment_status":"open","ping_status":"closed","template":"","meta":[],"product_brand":[207],"product_cat":[10152],"product_tag":[17325,17306,17322,17470,17249,18219,17305],"class_list":{"0":"post-136862","1":"product","2":"type-product","3":"status-publish","4":"has-post-thumbnail","6":"product_brand-valeo","7":"product_cat-placute-frana-p-v-ba-1-5-16v-benzina-88","8":"product_tag-ba","9":"product_tag-1-5","10":"product_tag-17322","11":"product_tag-frana","12":"product_tag-mazda","13":"product_tag-placute","14":"product_tag-valeo","16":"first","17":"instock","18":"shipping-taxable","19":"purchasable","20":"product-type-simple"},"yoast_head":"<!-- This site is optimized with the Yoast SEO plugin v27.3 - https:\/\/yoast.com\/product\/yoast-seo-wordpress\/ -->\n<title>Placute frana MAZDA 323 P V (BA) 1.5 16V benzina 88 cai VALEO 598274 MAZDA | VALEO - Autorival<\/title>\n<meta name=\"description\" content=\"\u26a1 Placute frana MAZDA 323 P V (BA) 1.5 16V benzina 88 cai VALEO 598274 pentru MAZDA la doar 184.70 RON. \u2713 Cod: 598274 \u2713 Brand: VALEO \u2713 \u00cen stoc \u2713 Livrare 24h \u2713 Garan\u021bie!\" \/>\n<meta name=\"robots\" content=\"index, follow, max-snippet:-1, max-image-preview:large, max-video-preview:-1\" \/>\n<meta property=\"og:locale\" content=\"en_US\" \/>\n<meta property=\"og:type\" content=\"article\" \/>\n<meta property=\"og:title\" content=\"Placute frana MAZDA 323 P V (BA) 1.5 16V benzina 88 cai VALEO 598274 MAZDA | VALEO - Autorival\" \/>\n<meta property=\"og:description\" content=\"\u26a1 Placute frana MAZDA 323 P V (BA) 1.5 16V benzina 88 cai VALEO 598274 pentru MAZDA la doar 184.70 RON. \u2713 Cod: 598274 \u2713 Brand: VALEO \u2713 \u00cen stoc \u2713 Livrare 24h \u2713 Garan\u021bie!\" \/>\n<meta property=\"og:url\" content=\"https:\/\/autorival.ro\/mazda\/product\/placute-frana-mazda-323-p-v-ba-1-5-16v-benzina-88-cai-valeo-598274\/\" \/>\n<meta property=\"og:site_name\" content=\"MAZDA\" \/>\n<meta property=\"article:modified_time\" content=\"2025-05-14T11:24:59+00:00\" \/>\n<meta property=\"og:image\" content=\"https:\/\/autorival.ro\/mazda\/wp-content\/uploads\/sites\/16\/2025\/05\/brake_pad_wva21654_598274_050-4.jpg\" \/>\n\t<meta property=\"og:image:width\" content=\"600\" \/>\n\t<meta property=\"og:image:height\" content=\"400\" \/>\n\t<meta property=\"og:image:type\" content=\"image\/jpeg\" \/>\n<meta name=\"twitter:card\" content=\"summary_large_image\" \/>\n<meta name=\"twitter:title\" content=\"Placute frana MAZDA 323 P V (BA) 1.5 16V benzina 88 cai VALEO 598274 MAZDA | VALEO - Autorival\" \/>\n<meta name=\"twitter:description\" content=\"\u26a1 Placute frana MAZDA 323 P V (BA) 1.5 16V benzina 88 cai VALEO 598274 pentru MAZDA la doar 184.70 RON. \u2713 Cod: 598274 \u2713 Brand: VALEO \u2713 \u00cen stoc \u2713 Livrare 24h \u2713 Garan\u021bie!\" \/>\n<script type=\"application\/ld+json\" class=\"yoast-schema-graph\">{\"@context\":\"https:\\\/\\\/schema.org\",\"@graph\":[{\"@type\":\"WebPage\",\"@id\":\"https:\\\/\\\/autorival.ro\\\/mazda\\\/product\\\/placute-frana-mazda-323-p-v-ba-1-5-16v-benzina-88-cai-valeo-598274\\\/\",\"url\":\"https:\\\/\\\/autorival.ro\\\/mazda\\\/product\\\/placute-frana-mazda-323-p-v-ba-1-5-16v-benzina-88-cai-valeo-598274\\\/\",\"name\":\"Placute frana MAZDA 323 P V (BA) 1.5 16V benzina 88 cai VALEO 598274 MAZDA | VALEO - Autorival\",\"isPartOf\":{\"@id\":\"https:\\\/\\\/autorival.ro\\\/mazda\\\/#website\"},\"primaryImageOfPage\":{\"@id\":\"https:\\\/\\\/autorival.ro\\\/mazda\\\/product\\\/placute-frana-mazda-323-p-v-ba-1-5-16v-benzina-88-cai-valeo-598274\\\/#primaryimage\"},\"image\":{\"@id\":\"https:\\\/\\\/autorival.ro\\\/mazda\\\/product\\\/placute-frana-mazda-323-p-v-ba-1-5-16v-benzina-88-cai-valeo-598274\\\/#primaryimage\"},\"thumbnailUrl\":\"https:\\\/\\\/autorival.ro\\\/mazda\\\/wp-content\\\/uploads\\\/sites\\\/16\\\/2025\\\/05\\\/brake_pad_wva21654_598274_050-4.jpg\",\"datePublished\":\"2025-05-14T11:24:58+00:00\",\"dateModified\":\"2025-05-14T11:24:59+00:00\",\"description\":\"\u26a1 Placute frana MAZDA 323 P V (BA) 1.5 16V benzina 88 cai VALEO 598274 pentru MAZDA la doar 184.70 RON. \u2713 Cod: 598274 \u2713 Brand: VALEO \u2713 \u00cen stoc \u2713 Livrare 24h \u2713 Garan\u021bie!\",\"breadcrumb\":{\"@id\":\"https:\\\/\\\/autorival.ro\\\/mazda\\\/product\\\/placute-frana-mazda-323-p-v-ba-1-5-16v-benzina-88-cai-valeo-598274\\\/#breadcrumb\"},\"inLanguage\":\"en-US\",\"potentialAction\":[{\"@type\":\"ReadAction\",\"target\":[\"https:\\\/\\\/autorival.ro\\\/mazda\\\/product\\\/placute-frana-mazda-323-p-v-ba-1-5-16v-benzina-88-cai-valeo-598274\\\/\"]}]},{\"@type\":\"ImageObject\",\"inLanguage\":\"en-US\",\"@id\":\"https:\\\/\\\/autorival.ro\\\/mazda\\\/product\\\/placute-frana-mazda-323-p-v-ba-1-5-16v-benzina-88-cai-valeo-598274\\\/#primaryimage\",\"url\":\"https:\\\/\\\/autorival.ro\\\/mazda\\\/wp-content\\\/uploads\\\/sites\\\/16\\\/2025\\\/05\\\/brake_pad_wva21654_598274_050-4.jpg\",\"contentUrl\":\"https:\\\/\\\/autorival.ro\\\/mazda\\\/wp-content\\\/uploads\\\/sites\\\/16\\\/2025\\\/05\\\/brake_pad_wva21654_598274_050-4.jpg\",\"width\":600,\"height\":400,\"caption\":\"Placute frana MAZDA 323 P V (BA) 1.5 16V benzina 88 cai VALEO 598274\"},{\"@type\":\"BreadcrumbList\",\"@id\":\"https:\\\/\\\/autorival.ro\\\/mazda\\\/product\\\/placute-frana-mazda-323-p-v-ba-1-5-16v-benzina-88-cai-valeo-598274\\\/#breadcrumb\",\"itemListElement\":[{\"@type\":\"ListItem\",\"position\":1,\"name\":\"Prima pagin\u0103\",\"item\":\"https:\\\/\\\/autorival.ro\\\/mazda\\\/\"},{\"@type\":\"ListItem\",\"position\":2,\"name\":\"Piese auto MAZDA\",\"item\":\"https:\\\/\\\/autorival.ro\\\/mazda\\\/\"},{\"@type\":\"ListItem\",\"position\":3,\"name\":\"Placute frana MAZDA 323 P V (BA) 1.5 16V benzina 88 cai VALEO 598274\"}]},{\"@type\":\"WebSite\",\"@id\":\"https:\\\/\\\/autorival.ro\\\/mazda\\\/#website\",\"url\":\"https:\\\/\\\/autorival.ro\\\/mazda\\\/\",\"name\":\"MAZDA\",\"description\":\"\",\"potentialAction\":[{\"@type\":\"SearchAction\",\"target\":{\"@type\":\"EntryPoint\",\"urlTemplate\":\"https:\\\/\\\/autorival.ro\\\/mazda\\\/?s={search_term_string}\"},\"query-input\":{\"@type\":\"PropertyValueSpecification\",\"valueRequired\":true,\"valueName\":\"search_term_string\"}}],\"inLanguage\":\"en-US\"}]}<\/script>\n<!-- \/ Yoast SEO plugin. -->","yoast_head_json":{"title":"Placute frana MAZDA 323 P V (BA) 1.5 16V benzina 88 cai VALEO 598274 MAZDA | VALEO - Autorival","description":"\u26a1 Placute frana MAZDA 323 P V (BA) 1.5 16V benzina 88 cai VALEO 598274 pentru MAZDA la doar 184.70 RON. \u2713 Cod: 598274 \u2713 Brand: VALEO \u2713 \u00cen stoc \u2713 Livrare 24h \u2713 Garan\u021bie!","robots":{"index":"index","follow":"follow","max-snippet":"max-snippet:-1","max-image-preview":"max-image-preview:large","max-video-preview":"max-video-preview:-1"},"og_locale":"en_US","og_type":"article","og_title":"Placute frana MAZDA 323 P V (BA) 1.5 16V benzina 88 cai VALEO 598274 MAZDA | VALEO - Autorival","og_description":"\u26a1 Placute frana MAZDA 323 P V (BA) 1.5 16V benzina 88 cai VALEO 598274 pentru MAZDA la doar 184.70 RON. \u2713 Cod: 598274 \u2713 Brand: VALEO \u2713 \u00cen stoc \u2713 Livrare 24h \u2713 Garan\u021bie!","og_url":"https:\/\/autorival.ro\/mazda\/product\/placute-frana-mazda-323-p-v-ba-1-5-16v-benzina-88-cai-valeo-598274\/","og_site_name":"MAZDA","article_modified_time":"2025-05-14T11:24:59+00:00","og_image":[{"width":600,"height":400,"url":"https:\/\/autorival.ro\/mazda\/wp-content\/uploads\/sites\/16\/2025\/05\/brake_pad_wva21654_598274_050-4.jpg","type":"image\/jpeg"}],"twitter_card":"summary_large_image","twitter_title":"Placute frana MAZDA 323 P V (BA) 1.5 16V benzina 88 cai VALEO 598274 MAZDA | VALEO - Autorival","twitter_description":"\u26a1 Placute frana MAZDA 323 P V (BA) 1.5 16V benzina 88 cai VALEO 598274 pentru MAZDA la doar 184.70 RON. \u2713 Cod: 598274 \u2713 Brand: VALEO \u2713 \u00cen stoc \u2713 Livrare 24h \u2713 Garan\u021bie!","schema":{"@context":"https:\/\/schema.org","@graph":[{"@type":"WebPage","@id":"https:\/\/autorival.ro\/mazda\/product\/placute-frana-mazda-323-p-v-ba-1-5-16v-benzina-88-cai-valeo-598274\/","url":"https:\/\/autorival.ro\/mazda\/product\/placute-frana-mazda-323-p-v-ba-1-5-16v-benzina-88-cai-valeo-598274\/","name":"Placute frana MAZDA 323 P V (BA) 1.5 16V benzina 88 cai VALEO 598274 MAZDA | VALEO - Autorival","isPartOf":{"@id":"https:\/\/autorival.ro\/mazda\/#website"},"primaryImageOfPage":{"@id":"https:\/\/autorival.ro\/mazda\/product\/placute-frana-mazda-323-p-v-ba-1-5-16v-benzina-88-cai-valeo-598274\/#primaryimage"},"image":{"@id":"https:\/\/autorival.ro\/mazda\/product\/placute-frana-mazda-323-p-v-ba-1-5-16v-benzina-88-cai-valeo-598274\/#primaryimage"},"thumbnailUrl":"https:\/\/autorival.ro\/mazda\/wp-content\/uploads\/sites\/16\/2025\/05\/brake_pad_wva21654_598274_050-4.jpg","datePublished":"2025-05-14T11:24:58+00:00","dateModified":"2025-05-14T11:24:59+00:00","description":"\u26a1 Placute frana MAZDA 323 P V (BA) 1.5 16V benzina 88 cai VALEO 598274 pentru MAZDA la doar 184.70 RON. \u2713 Cod: 598274 \u2713 Brand: VALEO \u2713 \u00cen stoc \u2713 Livrare 24h \u2713 Garan\u021bie!","breadcrumb":{"@id":"https:\/\/autorival.ro\/mazda\/product\/placute-frana-mazda-323-p-v-ba-1-5-16v-benzina-88-cai-valeo-598274\/#breadcrumb"},"inLanguage":"en-US","potentialAction":[{"@type":"ReadAction","target":["https:\/\/autorival.ro\/mazda\/product\/placute-frana-mazda-323-p-v-ba-1-5-16v-benzina-88-cai-valeo-598274\/"]}]},{"@type":"ImageObject","inLanguage":"en-US","@id":"https:\/\/autorival.ro\/mazda\/product\/placute-frana-mazda-323-p-v-ba-1-5-16v-benzina-88-cai-valeo-598274\/#primaryimage","url":"https:\/\/autorival.ro\/mazda\/wp-content\/uploads\/sites\/16\/2025\/05\/brake_pad_wva21654_598274_050-4.jpg","contentUrl":"https:\/\/autorival.ro\/mazda\/wp-content\/uploads\/sites\/16\/2025\/05\/brake_pad_wva21654_598274_050-4.jpg","width":600,"height":400,"caption":"Placute frana MAZDA 323 P V (BA) 1.5 16V benzina 88 cai VALEO 598274"},{"@type":"BreadcrumbList","@id":"https:\/\/autorival.ro\/mazda\/product\/placute-frana-mazda-323-p-v-ba-1-5-16v-benzina-88-cai-valeo-598274\/#breadcrumb","itemListElement":[{"@type":"ListItem","position":1,"name":"Prima pagin\u0103","item":"https:\/\/autorival.ro\/mazda\/"},{"@type":"ListItem","position":2,"name":"Piese auto MAZDA","item":"https:\/\/autorival.ro\/mazda\/"},{"@type":"ListItem","position":3,"name":"Placute frana MAZDA 323 P V (BA) 1.5 16V benzina 88 cai VALEO 598274"}]},{"@type":"WebSite","@id":"https:\/\/autorival.ro\/mazda\/#website","url":"https:\/\/autorival.ro\/mazda\/","name":"MAZDA","description":"","potentialAction":[{"@type":"SearchAction","target":{"@type":"EntryPoint","urlTemplate":"https:\/\/autorival.ro\/mazda\/?s={search_term_string}"},"query-input":{"@type":"PropertyValueSpecification","valueRequired":true,"valueName":"search_term_string"}}],"inLanguage":"en-US"}]}},"_links":{"self":[{"href":"https:\/\/autorival.ro\/mazda\/wp-json\/wp\/v2\/product\/136862","targetHints":{"allow":["GET"]}}],"collection":[{"href":"https:\/\/autorival.ro\/mazda\/wp-json\/wp\/v2\/product"}],"about":[{"href":"https:\/\/autorival.ro\/mazda\/wp-json\/wp\/v2\/types\/product"}],"replies":[{"embeddable":true,"href":"https:\/\/autorival.ro\/mazda\/wp-json\/wp\/v2\/comments?post=136862"}],"wp:featuredmedia":[{"embeddable":true,"href":"https:\/\/autorival.ro\/mazda\/wp-json\/wp\/v2\/media\/136861"}],"wp:attachment":[{"href":"https:\/\/autorival.ro\/mazda\/wp-json\/wp\/v2\/media?parent=136862"}],"wp:term":[{"taxonomy":"product_brand","embeddable":true,"href":"https:\/\/autorival.ro\/mazda\/wp-json\/wp\/v2\/product_brand?post=136862"},{"taxonomy":"product_cat","embeddable":true,"href":"https:\/\/autorival.ro\/mazda\/wp-json\/wp\/v2\/product_cat?post=136862"},{"taxonomy":"product_tag","embeddable":true,"href":"https:\/\/autorival.ro\/mazda\/wp-json\/wp\/v2\/product_tag?post=136862"}],"curies":[{"name":"wp","href":"https:\/\/api.w.org\/{rel}","templated":true}]}}