{"id":136595,"date":"2025-05-14T11:21:35","date_gmt":"2025-05-14T11:21:35","guid":{"rendered":"https:\/\/autorival.ro\/mazda\/product\/placute-frana-mazda-323-iii-hatchback-bf-1-5-i-turbo-bf5s-benzina-115-cai-ferodo-fdb993\/"},"modified":"2025-05-14T11:21:36","modified_gmt":"2025-05-14T11:21:36","slug":"placute-frana-mazda-323-iii-hatchback-bf-1-5-i-turbo-bf5s-benzina-115-cai-ferodo-fdb993","status":"publish","type":"product","link":"https:\/\/autorival.ro\/mazda\/product\/placute-frana-mazda-323-iii-hatchback-bf-1-5-i-turbo-bf5s-benzina-115-cai-ferodo-fdb993\/","title":{"rendered":"Placute frana MAZDA 323 III Hatchback (BF) 1.5 i Turbo (BF5S) benzina 115 cai FERODO FDB993"},"content":{"rendered":"<p>Partea de montare: punte fata ->Grosime [mm]: 15Aprobare: R90 Homologated ->Latime [mm]: 92 ->Greutate [kg]: 0,77Num\u0103rul indicatorilor de uzur\u0103 [per ax\u0103]: 2\u00cenaltime 1 [mm]: 64Contact indicator uzura: cu avertizare acustica uzuraSistem de fr\u00e2nare: SumitomoTip ambalaj: CutieArticol completare\/Info suplimentar 2: cu clema pistonNumar WVA: 20039, 20041, 21277 ->Lungime ambalaj [cm]: 15,2 ->Latime ambalaj [cm]: 10,8 ->Inaltime ambalaj [cm]: 4,6<\/p>\n","protected":false},"excerpt":{"rendered":"<p>Producator: FERODO Cod producator: FDB993<\/p>\n","protected":false},"featured_media":136555,"comment_status":"open","ping_status":"closed","template":"","meta":[],"product_brand":[4238],"product_cat":[10133],"product_tag":[17322,17575,17760,17470,17290,17249,18219],"class_list":{"0":"post-136595","1":"product","2":"type-product","3":"status-publish","4":"has-post-thumbnail","6":"product_brand-ferodo","7":"product_cat-placute-frana-iii-hatchback-bf-1-5-i-turbo-bf5s-benzina-115","8":"product_tag-17322","9":"product_tag-fdb","10":"product_tag-ferodo","11":"product_tag-frana","12":"product_tag-iii","13":"product_tag-mazda","14":"product_tag-placute","16":"first","17":"instock","18":"shipping-taxable","19":"purchasable","20":"product-type-simple"},"yoast_head":"<!-- This site is optimized with the Yoast SEO plugin v27.3 - https:\/\/yoast.com\/product\/yoast-seo-wordpress\/ -->\n<title>Placute frana MAZDA 323 III Hatchback (BF) 1.5 i Turbo (BF5S) benzina 115 cai FERODO FDB993 MAZDA | FERODO - Autorival<\/title>\n<meta name=\"description\" content=\"\u26a1 Placute frana MAZDA 323 III Hatchback (BF) 1.5 i Turbo (BF5S) benzina 115 cai FERODO FDB993 pentru MAZDA la doar 264.78 RON. \u2713 Cod: FDB993 \u2713 Brand: FERODO \u2713 \u00cen stoc \u2713 Livrare 24h \u2713 Garan\u021bie!\" \/>\n<meta name=\"robots\" content=\"index, follow, max-snippet:-1, max-image-preview:large, max-video-preview:-1\" \/>\n<meta property=\"og:locale\" content=\"en_US\" \/>\n<meta property=\"og:type\" content=\"article\" \/>\n<meta property=\"og:title\" content=\"Placute frana MAZDA 323 III Hatchback (BF) 1.5 i Turbo (BF5S) benzina 115 cai FERODO FDB993 MAZDA | FERODO - Autorival\" \/>\n<meta property=\"og:description\" content=\"\u26a1 Placute frana MAZDA 323 III Hatchback (BF) 1.5 i Turbo (BF5S) benzina 115 cai FERODO FDB993 pentru MAZDA la doar 264.78 RON. \u2713 Cod: FDB993 \u2713 Brand: FERODO \u2713 \u00cen stoc \u2713 Livrare 24h \u2713 Garan\u021bie!\" \/>\n<meta property=\"og:url\" content=\"https:\/\/autorival.ro\/mazda\/product\/placute-frana-mazda-323-iii-hatchback-bf-1-5-i-turbo-bf5s-benzina-115-cai-ferodo-fdb993\/\" \/>\n<meta property=\"og:site_name\" content=\"MAZDA\" \/>\n<meta property=\"article:modified_time\" content=\"2025-05-14T11:21:36+00:00\" \/>\n<meta property=\"og:image\" content=\"https:\/\/autorival.ro\/mazda\/wp-content\/uploads\/sites\/16\/2025\/05\/fdb993_1213946.jpg\" \/>\n\t<meta property=\"og:image:width\" content=\"600\" \/>\n\t<meta property=\"og:image:height\" content=\"400\" \/>\n\t<meta property=\"og:image:type\" content=\"image\/jpeg\" \/>\n<meta name=\"twitter:card\" content=\"summary_large_image\" \/>\n<meta name=\"twitter:title\" content=\"Placute frana MAZDA 323 III Hatchback (BF) 1.5 i Turbo (BF5S) benzina 115 cai FERODO FDB993 MAZDA | FERODO - Autorival\" \/>\n<meta name=\"twitter:description\" content=\"\u26a1 Placute frana MAZDA 323 III Hatchback (BF) 1.5 i Turbo (BF5S) benzina 115 cai FERODO FDB993 pentru MAZDA la doar 264.78 RON. \u2713 Cod: FDB993 \u2713 Brand: FERODO \u2713 \u00cen stoc \u2713 Livrare 24h \u2713 Garan\u021bie!\" \/>\n<script type=\"application\/ld+json\" class=\"yoast-schema-graph\">{\"@context\":\"https:\\\/\\\/schema.org\",\"@graph\":[{\"@type\":\"WebPage\",\"@id\":\"https:\\\/\\\/autorival.ro\\\/mazda\\\/product\\\/placute-frana-mazda-323-iii-hatchback-bf-1-5-i-turbo-bf5s-benzina-115-cai-ferodo-fdb993\\\/\",\"url\":\"https:\\\/\\\/autorival.ro\\\/mazda\\\/product\\\/placute-frana-mazda-323-iii-hatchback-bf-1-5-i-turbo-bf5s-benzina-115-cai-ferodo-fdb993\\\/\",\"name\":\"Placute frana MAZDA 323 III Hatchback (BF) 1.5 i Turbo (BF5S) benzina 115 cai FERODO FDB993 MAZDA | FERODO - Autorival\",\"isPartOf\":{\"@id\":\"https:\\\/\\\/autorival.ro\\\/mazda\\\/#website\"},\"primaryImageOfPage\":{\"@id\":\"https:\\\/\\\/autorival.ro\\\/mazda\\\/product\\\/placute-frana-mazda-323-iii-hatchback-bf-1-5-i-turbo-bf5s-benzina-115-cai-ferodo-fdb993\\\/#primaryimage\"},\"image\":{\"@id\":\"https:\\\/\\\/autorival.ro\\\/mazda\\\/product\\\/placute-frana-mazda-323-iii-hatchback-bf-1-5-i-turbo-bf5s-benzina-115-cai-ferodo-fdb993\\\/#primaryimage\"},\"thumbnailUrl\":\"https:\\\/\\\/autorival.ro\\\/mazda\\\/wp-content\\\/uploads\\\/sites\\\/16\\\/2025\\\/05\\\/fdb993_1213946.jpg\",\"datePublished\":\"2025-05-14T11:21:35+00:00\",\"dateModified\":\"2025-05-14T11:21:36+00:00\",\"description\":\"\u26a1 Placute frana MAZDA 323 III Hatchback (BF) 1.5 i Turbo (BF5S) benzina 115 cai FERODO FDB993 pentru MAZDA la doar 264.78 RON. \u2713 Cod: FDB993 \u2713 Brand: FERODO \u2713 \u00cen stoc \u2713 Livrare 24h \u2713 Garan\u021bie!\",\"breadcrumb\":{\"@id\":\"https:\\\/\\\/autorival.ro\\\/mazda\\\/product\\\/placute-frana-mazda-323-iii-hatchback-bf-1-5-i-turbo-bf5s-benzina-115-cai-ferodo-fdb993\\\/#breadcrumb\"},\"inLanguage\":\"en-US\",\"potentialAction\":[{\"@type\":\"ReadAction\",\"target\":[\"https:\\\/\\\/autorival.ro\\\/mazda\\\/product\\\/placute-frana-mazda-323-iii-hatchback-bf-1-5-i-turbo-bf5s-benzina-115-cai-ferodo-fdb993\\\/\"]}]},{\"@type\":\"ImageObject\",\"inLanguage\":\"en-US\",\"@id\":\"https:\\\/\\\/autorival.ro\\\/mazda\\\/product\\\/placute-frana-mazda-323-iii-hatchback-bf-1-5-i-turbo-bf5s-benzina-115-cai-ferodo-fdb993\\\/#primaryimage\",\"url\":\"https:\\\/\\\/autorival.ro\\\/mazda\\\/wp-content\\\/uploads\\\/sites\\\/16\\\/2025\\\/05\\\/fdb993_1213946.jpg\",\"contentUrl\":\"https:\\\/\\\/autorival.ro\\\/mazda\\\/wp-content\\\/uploads\\\/sites\\\/16\\\/2025\\\/05\\\/fdb993_1213946.jpg\",\"width\":600,\"height\":400,\"caption\":\"Placute frana MAZDA 323 III Hatchback (BF) 1.1 benzina 54 cai FERODO FDB993\"},{\"@type\":\"BreadcrumbList\",\"@id\":\"https:\\\/\\\/autorival.ro\\\/mazda\\\/product\\\/placute-frana-mazda-323-iii-hatchback-bf-1-5-i-turbo-bf5s-benzina-115-cai-ferodo-fdb993\\\/#breadcrumb\",\"itemListElement\":[{\"@type\":\"ListItem\",\"position\":1,\"name\":\"Prima pagin\u0103\",\"item\":\"https:\\\/\\\/autorival.ro\\\/mazda\\\/\"},{\"@type\":\"ListItem\",\"position\":2,\"name\":\"Piese auto MAZDA\",\"item\":\"https:\\\/\\\/autorival.ro\\\/mazda\\\/\"},{\"@type\":\"ListItem\",\"position\":3,\"name\":\"Placute frana MAZDA 323 III Hatchback (BF) 1.5 i Turbo (BF5S) benzina 115 cai FERODO FDB993\"}]},{\"@type\":\"WebSite\",\"@id\":\"https:\\\/\\\/autorival.ro\\\/mazda\\\/#website\",\"url\":\"https:\\\/\\\/autorival.ro\\\/mazda\\\/\",\"name\":\"MAZDA\",\"description\":\"\",\"potentialAction\":[{\"@type\":\"SearchAction\",\"target\":{\"@type\":\"EntryPoint\",\"urlTemplate\":\"https:\\\/\\\/autorival.ro\\\/mazda\\\/?s={search_term_string}\"},\"query-input\":{\"@type\":\"PropertyValueSpecification\",\"valueRequired\":true,\"valueName\":\"search_term_string\"}}],\"inLanguage\":\"en-US\"}]}<\/script>\n<!-- \/ Yoast SEO plugin. -->","yoast_head_json":{"title":"Placute frana MAZDA 323 III Hatchback (BF) 1.5 i Turbo (BF5S) benzina 115 cai FERODO FDB993 MAZDA | FERODO - Autorival","description":"\u26a1 Placute frana MAZDA 323 III Hatchback (BF) 1.5 i Turbo (BF5S) benzina 115 cai FERODO FDB993 pentru MAZDA la doar 264.78 RON. \u2713 Cod: FDB993 \u2713 Brand: FERODO \u2713 \u00cen stoc \u2713 Livrare 24h \u2713 Garan\u021bie!","robots":{"index":"index","follow":"follow","max-snippet":"max-snippet:-1","max-image-preview":"max-image-preview:large","max-video-preview":"max-video-preview:-1"},"og_locale":"en_US","og_type":"article","og_title":"Placute frana MAZDA 323 III Hatchback (BF) 1.5 i Turbo (BF5S) benzina 115 cai FERODO FDB993 MAZDA | FERODO - Autorival","og_description":"\u26a1 Placute frana MAZDA 323 III Hatchback (BF) 1.5 i Turbo (BF5S) benzina 115 cai FERODO FDB993 pentru MAZDA la doar 264.78 RON. \u2713 Cod: FDB993 \u2713 Brand: FERODO \u2713 \u00cen stoc \u2713 Livrare 24h \u2713 Garan\u021bie!","og_url":"https:\/\/autorival.ro\/mazda\/product\/placute-frana-mazda-323-iii-hatchback-bf-1-5-i-turbo-bf5s-benzina-115-cai-ferodo-fdb993\/","og_site_name":"MAZDA","article_modified_time":"2025-05-14T11:21:36+00:00","og_image":[{"width":600,"height":400,"url":"https:\/\/autorival.ro\/mazda\/wp-content\/uploads\/sites\/16\/2025\/05\/fdb993_1213946.jpg","type":"image\/jpeg"}],"twitter_card":"summary_large_image","twitter_title":"Placute frana MAZDA 323 III Hatchback (BF) 1.5 i Turbo (BF5S) benzina 115 cai FERODO FDB993 MAZDA | FERODO - Autorival","twitter_description":"\u26a1 Placute frana MAZDA 323 III Hatchback (BF) 1.5 i Turbo (BF5S) benzina 115 cai FERODO FDB993 pentru MAZDA la doar 264.78 RON. \u2713 Cod: FDB993 \u2713 Brand: FERODO \u2713 \u00cen stoc \u2713 Livrare 24h \u2713 Garan\u021bie!","schema":{"@context":"https:\/\/schema.org","@graph":[{"@type":"WebPage","@id":"https:\/\/autorival.ro\/mazda\/product\/placute-frana-mazda-323-iii-hatchback-bf-1-5-i-turbo-bf5s-benzina-115-cai-ferodo-fdb993\/","url":"https:\/\/autorival.ro\/mazda\/product\/placute-frana-mazda-323-iii-hatchback-bf-1-5-i-turbo-bf5s-benzina-115-cai-ferodo-fdb993\/","name":"Placute frana MAZDA 323 III Hatchback (BF) 1.5 i Turbo (BF5S) benzina 115 cai FERODO FDB993 MAZDA | FERODO - Autorival","isPartOf":{"@id":"https:\/\/autorival.ro\/mazda\/#website"},"primaryImageOfPage":{"@id":"https:\/\/autorival.ro\/mazda\/product\/placute-frana-mazda-323-iii-hatchback-bf-1-5-i-turbo-bf5s-benzina-115-cai-ferodo-fdb993\/#primaryimage"},"image":{"@id":"https:\/\/autorival.ro\/mazda\/product\/placute-frana-mazda-323-iii-hatchback-bf-1-5-i-turbo-bf5s-benzina-115-cai-ferodo-fdb993\/#primaryimage"},"thumbnailUrl":"https:\/\/autorival.ro\/mazda\/wp-content\/uploads\/sites\/16\/2025\/05\/fdb993_1213946.jpg","datePublished":"2025-05-14T11:21:35+00:00","dateModified":"2025-05-14T11:21:36+00:00","description":"\u26a1 Placute frana MAZDA 323 III Hatchback (BF) 1.5 i Turbo (BF5S) benzina 115 cai FERODO FDB993 pentru MAZDA la doar 264.78 RON. \u2713 Cod: FDB993 \u2713 Brand: FERODO \u2713 \u00cen stoc \u2713 Livrare 24h \u2713 Garan\u021bie!","breadcrumb":{"@id":"https:\/\/autorival.ro\/mazda\/product\/placute-frana-mazda-323-iii-hatchback-bf-1-5-i-turbo-bf5s-benzina-115-cai-ferodo-fdb993\/#breadcrumb"},"inLanguage":"en-US","potentialAction":[{"@type":"ReadAction","target":["https:\/\/autorival.ro\/mazda\/product\/placute-frana-mazda-323-iii-hatchback-bf-1-5-i-turbo-bf5s-benzina-115-cai-ferodo-fdb993\/"]}]},{"@type":"ImageObject","inLanguage":"en-US","@id":"https:\/\/autorival.ro\/mazda\/product\/placute-frana-mazda-323-iii-hatchback-bf-1-5-i-turbo-bf5s-benzina-115-cai-ferodo-fdb993\/#primaryimage","url":"https:\/\/autorival.ro\/mazda\/wp-content\/uploads\/sites\/16\/2025\/05\/fdb993_1213946.jpg","contentUrl":"https:\/\/autorival.ro\/mazda\/wp-content\/uploads\/sites\/16\/2025\/05\/fdb993_1213946.jpg","width":600,"height":400,"caption":"Placute frana MAZDA 323 III Hatchback (BF) 1.1 benzina 54 cai FERODO FDB993"},{"@type":"BreadcrumbList","@id":"https:\/\/autorival.ro\/mazda\/product\/placute-frana-mazda-323-iii-hatchback-bf-1-5-i-turbo-bf5s-benzina-115-cai-ferodo-fdb993\/#breadcrumb","itemListElement":[{"@type":"ListItem","position":1,"name":"Prima pagin\u0103","item":"https:\/\/autorival.ro\/mazda\/"},{"@type":"ListItem","position":2,"name":"Piese auto MAZDA","item":"https:\/\/autorival.ro\/mazda\/"},{"@type":"ListItem","position":3,"name":"Placute frana MAZDA 323 III Hatchback (BF) 1.5 i Turbo (BF5S) benzina 115 cai FERODO FDB993"}]},{"@type":"WebSite","@id":"https:\/\/autorival.ro\/mazda\/#website","url":"https:\/\/autorival.ro\/mazda\/","name":"MAZDA","description":"","potentialAction":[{"@type":"SearchAction","target":{"@type":"EntryPoint","urlTemplate":"https:\/\/autorival.ro\/mazda\/?s={search_term_string}"},"query-input":{"@type":"PropertyValueSpecification","valueRequired":true,"valueName":"search_term_string"}}],"inLanguage":"en-US"}]}},"_links":{"self":[{"href":"https:\/\/autorival.ro\/mazda\/wp-json\/wp\/v2\/product\/136595","targetHints":{"allow":["GET"]}}],"collection":[{"href":"https:\/\/autorival.ro\/mazda\/wp-json\/wp\/v2\/product"}],"about":[{"href":"https:\/\/autorival.ro\/mazda\/wp-json\/wp\/v2\/types\/product"}],"replies":[{"embeddable":true,"href":"https:\/\/autorival.ro\/mazda\/wp-json\/wp\/v2\/comments?post=136595"}],"wp:featuredmedia":[{"embeddable":true,"href":"https:\/\/autorival.ro\/mazda\/wp-json\/wp\/v2\/media\/136555"}],"wp:attachment":[{"href":"https:\/\/autorival.ro\/mazda\/wp-json\/wp\/v2\/media?parent=136595"}],"wp:term":[{"taxonomy":"product_brand","embeddable":true,"href":"https:\/\/autorival.ro\/mazda\/wp-json\/wp\/v2\/product_brand?post=136595"},{"taxonomy":"product_cat","embeddable":true,"href":"https:\/\/autorival.ro\/mazda\/wp-json\/wp\/v2\/product_cat?post=136595"},{"taxonomy":"product_tag","embeddable":true,"href":"https:\/\/autorival.ro\/mazda\/wp-json\/wp\/v2\/product_tag?post=136595"}],"curies":[{"name":"wp","href":"https:\/\/api.w.org\/{rel}","templated":true}]}}