{"id":130349,"date":"2025-05-14T10:06:10","date_gmt":"2025-05-14T10:06:10","guid":{"rendered":"https:\/\/autorival.ro\/mazda\/product\/pivot-mazda-323-f-v-ba-1-5-16v-ba11-benzina-88-cai-meyle-35-16-010-0024\/"},"modified":"2025-05-14T10:06:10","modified_gmt":"2025-05-14T10:06:10","slug":"pivot-mazda-323-f-v-ba-1-5-16v-ba11-benzina-88-cai-meyle-35-16-010-0024","status":"publish","type":"product","link":"https:\/\/autorival.ro\/mazda\/product\/pivot-mazda-323-f-v-ba-1-5-16v-ba11-benzina-88-cai-meyle-35-16-010-0024\/","title":{"rendered":"Pivot MAZDA 323 F V (BA) 1.5 16V (BA11) benzina 88 cai MEYLE 35-16 010 0024"},"content":{"rendered":"<p>Partea de montare: partea de jos, Axa fata stanga, Axa fata dreaptaArticol extins\/Informatii de extindere: cu acceasorii\u00eenlocuire \u00een pereche recomandat\u0103Numar bucati necesare: 2<\/p>\n","protected":false},"excerpt":{"rendered":"<p>Producator: MEYLE Cod producator: 35-16 010 0024<\/p>\n","protected":false},"featured_media":130348,"comment_status":"open","ping_status":"closed","template":"","meta":[],"product_brand":[332],"product_cat":[9912],"product_tag":[17325,17306,17326,17322,17249,17361,18209],"class_list":{"0":"post-130349","1":"product","2":"type-product","3":"status-publish","4":"has-post-thumbnail","6":"product_brand-meyle","7":"product_cat-pivot-f-v-ba-1-5-16v-ba11-benzina-88","8":"product_tag-ba","9":"product_tag-1-5","10":"product_tag-16v","11":"product_tag-17322","12":"product_tag-mazda","13":"product_tag-meyle","14":"product_tag-pivot","16":"first","17":"instock","18":"shipping-taxable","19":"purchasable","20":"product-type-simple"},"yoast_head":"<!-- This site is optimized with the Yoast SEO plugin v27.3 - https:\/\/yoast.com\/product\/yoast-seo-wordpress\/ -->\n<title>Pivot MAZDA 323 F V (BA) 1.5 16V (BA11) benzina 88 cai MEYLE 35-16 010 0024 MAZDA | MEYLE - Autorival<\/title>\n<meta name=\"description\" content=\"\u26a1 Pivot MAZDA 323 F V (BA) 1.5 16V (BA11) benzina 88 cai MEYLE 35-16 010 0024 pentru MAZDA la doar 86.48 RON. \u2713 Cod: 35-16 \u2713 Brand: MEYLE \u2713 \u00cen stoc \u2713 Livrare 24h \u2713 Garan\u021bie!\" \/>\n<meta name=\"robots\" content=\"index, follow, max-snippet:-1, max-image-preview:large, max-video-preview:-1\" \/>\n<meta property=\"og:locale\" content=\"en_US\" \/>\n<meta property=\"og:type\" content=\"article\" \/>\n<meta property=\"og:title\" content=\"Pivot MAZDA 323 F V (BA) 1.5 16V (BA11) benzina 88 cai MEYLE 35-16 010 0024 MAZDA | MEYLE - Autorival\" \/>\n<meta property=\"og:description\" content=\"\u26a1 Pivot MAZDA 323 F V (BA) 1.5 16V (BA11) benzina 88 cai MEYLE 35-16 010 0024 pentru MAZDA la doar 86.48 RON. \u2713 Cod: 35-16 \u2713 Brand: MEYLE \u2713 \u00cen stoc \u2713 Livrare 24h \u2713 Garan\u021bie!\" \/>\n<meta property=\"og:url\" content=\"https:\/\/autorival.ro\/mazda\/product\/pivot-mazda-323-f-v-ba-1-5-16v-ba11-benzina-88-cai-meyle-35-16-010-0024\/\" \/>\n<meta property=\"og:site_name\" content=\"MAZDA\" \/>\n<meta property=\"og:image\" content=\"https:\/\/autorival.ro\/mazda\/wp-content\/uploads\/sites\/16\/2025\/05\/fs_35160100024_1-2.jpg\" \/>\n\t<meta property=\"og:image:width\" content=\"600\" \/>\n\t<meta property=\"og:image:height\" content=\"400\" \/>\n\t<meta property=\"og:image:type\" content=\"image\/jpeg\" \/>\n<meta name=\"twitter:card\" content=\"summary_large_image\" \/>\n<meta name=\"twitter:title\" content=\"Pivot MAZDA 323 F V (BA) 1.5 16V (BA11) benzina 88 cai MEYLE 35-16 010 0024 MAZDA | MEYLE - Autorival\" \/>\n<meta name=\"twitter:description\" content=\"\u26a1 Pivot MAZDA 323 F V (BA) 1.5 16V (BA11) benzina 88 cai MEYLE 35-16 010 0024 pentru MAZDA la doar 86.48 RON. \u2713 Cod: 35-16 \u2713 Brand: MEYLE \u2713 \u00cen stoc \u2713 Livrare 24h \u2713 Garan\u021bie!\" \/>\n<script type=\"application\/ld+json\" class=\"yoast-schema-graph\">{\"@context\":\"https:\\\/\\\/schema.org\",\"@graph\":[{\"@type\":\"WebPage\",\"@id\":\"https:\\\/\\\/autorival.ro\\\/mazda\\\/product\\\/pivot-mazda-323-f-v-ba-1-5-16v-ba11-benzina-88-cai-meyle-35-16-010-0024\\\/\",\"url\":\"https:\\\/\\\/autorival.ro\\\/mazda\\\/product\\\/pivot-mazda-323-f-v-ba-1-5-16v-ba11-benzina-88-cai-meyle-35-16-010-0024\\\/\",\"name\":\"Pivot MAZDA 323 F V (BA) 1.5 16V (BA11) benzina 88 cai MEYLE 35-16 010 0024 MAZDA | MEYLE - Autorival\",\"isPartOf\":{\"@id\":\"https:\\\/\\\/autorival.ro\\\/mazda\\\/#website\"},\"primaryImageOfPage\":{\"@id\":\"https:\\\/\\\/autorival.ro\\\/mazda\\\/product\\\/pivot-mazda-323-f-v-ba-1-5-16v-ba11-benzina-88-cai-meyle-35-16-010-0024\\\/#primaryimage\"},\"image\":{\"@id\":\"https:\\\/\\\/autorival.ro\\\/mazda\\\/product\\\/pivot-mazda-323-f-v-ba-1-5-16v-ba11-benzina-88-cai-meyle-35-16-010-0024\\\/#primaryimage\"},\"thumbnailUrl\":\"https:\\\/\\\/autorival.ro\\\/mazda\\\/wp-content\\\/uploads\\\/sites\\\/16\\\/2025\\\/05\\\/fs_35160100024_1-2.jpg\",\"datePublished\":\"2025-05-14T10:06:10+00:00\",\"description\":\"\u26a1 Pivot MAZDA 323 F V (BA) 1.5 16V (BA11) benzina 88 cai MEYLE 35-16 010 0024 pentru MAZDA la doar 86.48 RON. \u2713 Cod: 35-16 \u2713 Brand: MEYLE \u2713 \u00cen stoc \u2713 Livrare 24h \u2713 Garan\u021bie!\",\"breadcrumb\":{\"@id\":\"https:\\\/\\\/autorival.ro\\\/mazda\\\/product\\\/pivot-mazda-323-f-v-ba-1-5-16v-ba11-benzina-88-cai-meyle-35-16-010-0024\\\/#breadcrumb\"},\"inLanguage\":\"en-US\",\"potentialAction\":[{\"@type\":\"ReadAction\",\"target\":[\"https:\\\/\\\/autorival.ro\\\/mazda\\\/product\\\/pivot-mazda-323-f-v-ba-1-5-16v-ba11-benzina-88-cai-meyle-35-16-010-0024\\\/\"]}]},{\"@type\":\"ImageObject\",\"inLanguage\":\"en-US\",\"@id\":\"https:\\\/\\\/autorival.ro\\\/mazda\\\/product\\\/pivot-mazda-323-f-v-ba-1-5-16v-ba11-benzina-88-cai-meyle-35-16-010-0024\\\/#primaryimage\",\"url\":\"https:\\\/\\\/autorival.ro\\\/mazda\\\/wp-content\\\/uploads\\\/sites\\\/16\\\/2025\\\/05\\\/fs_35160100024_1-2.jpg\",\"contentUrl\":\"https:\\\/\\\/autorival.ro\\\/mazda\\\/wp-content\\\/uploads\\\/sites\\\/16\\\/2025\\\/05\\\/fs_35160100024_1-2.jpg\",\"width\":600,\"height\":400,\"caption\":\"Pivot MAZDA 323 F V (BA) 1.5 16V (BA11) benzina 88 cai MEYLE 35-16 010 0024\"},{\"@type\":\"BreadcrumbList\",\"@id\":\"https:\\\/\\\/autorival.ro\\\/mazda\\\/product\\\/pivot-mazda-323-f-v-ba-1-5-16v-ba11-benzina-88-cai-meyle-35-16-010-0024\\\/#breadcrumb\",\"itemListElement\":[{\"@type\":\"ListItem\",\"position\":1,\"name\":\"Prima pagin\u0103\",\"item\":\"https:\\\/\\\/autorival.ro\\\/mazda\\\/\"},{\"@type\":\"ListItem\",\"position\":2,\"name\":\"Piese auto MAZDA\",\"item\":\"https:\\\/\\\/autorival.ro\\\/mazda\\\/\"},{\"@type\":\"ListItem\",\"position\":3,\"name\":\"Pivot MAZDA 323 F V (BA) 1.5 16V (BA11) benzina 88 cai MEYLE 35-16 010 0024\"}]},{\"@type\":\"WebSite\",\"@id\":\"https:\\\/\\\/autorival.ro\\\/mazda\\\/#website\",\"url\":\"https:\\\/\\\/autorival.ro\\\/mazda\\\/\",\"name\":\"MAZDA\",\"description\":\"\",\"potentialAction\":[{\"@type\":\"SearchAction\",\"target\":{\"@type\":\"EntryPoint\",\"urlTemplate\":\"https:\\\/\\\/autorival.ro\\\/mazda\\\/?s={search_term_string}\"},\"query-input\":{\"@type\":\"PropertyValueSpecification\",\"valueRequired\":true,\"valueName\":\"search_term_string\"}}],\"inLanguage\":\"en-US\"}]}<\/script>\n<!-- \/ Yoast SEO plugin. -->","yoast_head_json":{"title":"Pivot MAZDA 323 F V (BA) 1.5 16V (BA11) benzina 88 cai MEYLE 35-16 010 0024 MAZDA | MEYLE - Autorival","description":"\u26a1 Pivot MAZDA 323 F V (BA) 1.5 16V (BA11) benzina 88 cai MEYLE 35-16 010 0024 pentru MAZDA la doar 86.48 RON. \u2713 Cod: 35-16 \u2713 Brand: MEYLE \u2713 \u00cen stoc \u2713 Livrare 24h \u2713 Garan\u021bie!","robots":{"index":"index","follow":"follow","max-snippet":"max-snippet:-1","max-image-preview":"max-image-preview:large","max-video-preview":"max-video-preview:-1"},"og_locale":"en_US","og_type":"article","og_title":"Pivot MAZDA 323 F V (BA) 1.5 16V (BA11) benzina 88 cai MEYLE 35-16 010 0024 MAZDA | MEYLE - Autorival","og_description":"\u26a1 Pivot MAZDA 323 F V (BA) 1.5 16V (BA11) benzina 88 cai MEYLE 35-16 010 0024 pentru MAZDA la doar 86.48 RON. \u2713 Cod: 35-16 \u2713 Brand: MEYLE \u2713 \u00cen stoc \u2713 Livrare 24h \u2713 Garan\u021bie!","og_url":"https:\/\/autorival.ro\/mazda\/product\/pivot-mazda-323-f-v-ba-1-5-16v-ba11-benzina-88-cai-meyle-35-16-010-0024\/","og_site_name":"MAZDA","og_image":[{"width":600,"height":400,"url":"https:\/\/autorival.ro\/mazda\/wp-content\/uploads\/sites\/16\/2025\/05\/fs_35160100024_1-2.jpg","type":"image\/jpeg"}],"twitter_card":"summary_large_image","twitter_title":"Pivot MAZDA 323 F V (BA) 1.5 16V (BA11) benzina 88 cai MEYLE 35-16 010 0024 MAZDA | MEYLE - Autorival","twitter_description":"\u26a1 Pivot MAZDA 323 F V (BA) 1.5 16V (BA11) benzina 88 cai MEYLE 35-16 010 0024 pentru MAZDA la doar 86.48 RON. \u2713 Cod: 35-16 \u2713 Brand: MEYLE \u2713 \u00cen stoc \u2713 Livrare 24h \u2713 Garan\u021bie!","schema":{"@context":"https:\/\/schema.org","@graph":[{"@type":"WebPage","@id":"https:\/\/autorival.ro\/mazda\/product\/pivot-mazda-323-f-v-ba-1-5-16v-ba11-benzina-88-cai-meyle-35-16-010-0024\/","url":"https:\/\/autorival.ro\/mazda\/product\/pivot-mazda-323-f-v-ba-1-5-16v-ba11-benzina-88-cai-meyle-35-16-010-0024\/","name":"Pivot MAZDA 323 F V (BA) 1.5 16V (BA11) benzina 88 cai MEYLE 35-16 010 0024 MAZDA | MEYLE - Autorival","isPartOf":{"@id":"https:\/\/autorival.ro\/mazda\/#website"},"primaryImageOfPage":{"@id":"https:\/\/autorival.ro\/mazda\/product\/pivot-mazda-323-f-v-ba-1-5-16v-ba11-benzina-88-cai-meyle-35-16-010-0024\/#primaryimage"},"image":{"@id":"https:\/\/autorival.ro\/mazda\/product\/pivot-mazda-323-f-v-ba-1-5-16v-ba11-benzina-88-cai-meyle-35-16-010-0024\/#primaryimage"},"thumbnailUrl":"https:\/\/autorival.ro\/mazda\/wp-content\/uploads\/sites\/16\/2025\/05\/fs_35160100024_1-2.jpg","datePublished":"2025-05-14T10:06:10+00:00","description":"\u26a1 Pivot MAZDA 323 F V (BA) 1.5 16V (BA11) benzina 88 cai MEYLE 35-16 010 0024 pentru MAZDA la doar 86.48 RON. \u2713 Cod: 35-16 \u2713 Brand: MEYLE \u2713 \u00cen stoc \u2713 Livrare 24h \u2713 Garan\u021bie!","breadcrumb":{"@id":"https:\/\/autorival.ro\/mazda\/product\/pivot-mazda-323-f-v-ba-1-5-16v-ba11-benzina-88-cai-meyle-35-16-010-0024\/#breadcrumb"},"inLanguage":"en-US","potentialAction":[{"@type":"ReadAction","target":["https:\/\/autorival.ro\/mazda\/product\/pivot-mazda-323-f-v-ba-1-5-16v-ba11-benzina-88-cai-meyle-35-16-010-0024\/"]}]},{"@type":"ImageObject","inLanguage":"en-US","@id":"https:\/\/autorival.ro\/mazda\/product\/pivot-mazda-323-f-v-ba-1-5-16v-ba11-benzina-88-cai-meyle-35-16-010-0024\/#primaryimage","url":"https:\/\/autorival.ro\/mazda\/wp-content\/uploads\/sites\/16\/2025\/05\/fs_35160100024_1-2.jpg","contentUrl":"https:\/\/autorival.ro\/mazda\/wp-content\/uploads\/sites\/16\/2025\/05\/fs_35160100024_1-2.jpg","width":600,"height":400,"caption":"Pivot MAZDA 323 F V (BA) 1.5 16V (BA11) benzina 88 cai MEYLE 35-16 010 0024"},{"@type":"BreadcrumbList","@id":"https:\/\/autorival.ro\/mazda\/product\/pivot-mazda-323-f-v-ba-1-5-16v-ba11-benzina-88-cai-meyle-35-16-010-0024\/#breadcrumb","itemListElement":[{"@type":"ListItem","position":1,"name":"Prima pagin\u0103","item":"https:\/\/autorival.ro\/mazda\/"},{"@type":"ListItem","position":2,"name":"Piese auto MAZDA","item":"https:\/\/autorival.ro\/mazda\/"},{"@type":"ListItem","position":3,"name":"Pivot MAZDA 323 F V (BA) 1.5 16V (BA11) benzina 88 cai MEYLE 35-16 010 0024"}]},{"@type":"WebSite","@id":"https:\/\/autorival.ro\/mazda\/#website","url":"https:\/\/autorival.ro\/mazda\/","name":"MAZDA","description":"","potentialAction":[{"@type":"SearchAction","target":{"@type":"EntryPoint","urlTemplate":"https:\/\/autorival.ro\/mazda\/?s={search_term_string}"},"query-input":{"@type":"PropertyValueSpecification","valueRequired":true,"valueName":"search_term_string"}}],"inLanguage":"en-US"}]}},"_links":{"self":[{"href":"https:\/\/autorival.ro\/mazda\/wp-json\/wp\/v2\/product\/130349","targetHints":{"allow":["GET"]}}],"collection":[{"href":"https:\/\/autorival.ro\/mazda\/wp-json\/wp\/v2\/product"}],"about":[{"href":"https:\/\/autorival.ro\/mazda\/wp-json\/wp\/v2\/types\/product"}],"replies":[{"embeddable":true,"href":"https:\/\/autorival.ro\/mazda\/wp-json\/wp\/v2\/comments?post=130349"}],"wp:featuredmedia":[{"embeddable":true,"href":"https:\/\/autorival.ro\/mazda\/wp-json\/wp\/v2\/media\/130348"}],"wp:attachment":[{"href":"https:\/\/autorival.ro\/mazda\/wp-json\/wp\/v2\/media?parent=130349"}],"wp:term":[{"taxonomy":"product_brand","embeddable":true,"href":"https:\/\/autorival.ro\/mazda\/wp-json\/wp\/v2\/product_brand?post=130349"},{"taxonomy":"product_cat","embeddable":true,"href":"https:\/\/autorival.ro\/mazda\/wp-json\/wp\/v2\/product_cat?post=130349"},{"taxonomy":"product_tag","embeddable":true,"href":"https:\/\/autorival.ro\/mazda\/wp-json\/wp\/v2\/product_tag?post=130349"}],"curies":[{"name":"wp","href":"https:\/\/api.w.org\/{rel}","templated":true}]}}