{"id":851089,"date":"2026-04-02T05:04:52","date_gmt":"2026-04-02T05:04:52","guid":{"rendered":"https:\/\/autorival.ro\/landrover\/product\/far-valeo-044242-land-rover-discovery-iv-l319-2720-cmc-276dttdv6-diesel-190-valeo-044242\/"},"modified":"2026-04-02T05:04:52","modified_gmt":"2026-04-02T05:04:52","slug":"far-valeo-044242-land-rover-discovery-iv-l319-2720-cmc-276dttdv6-diesel-190-valeo-044242","status":"publish","type":"product","link":"https:\/\/autorival.ro\/landrover\/product\/far-valeo-044242-land-rover-discovery-iv-l319-2720-cmc-276dttdv6-diesel-190-valeo-044242\/","title":{"rendered":"Far VALEO 044242 LAND ROVER DISCOVERY IV (L319) 2,720 cmc (276DT(TDV6) diesel 190 VALEO 044242"},"content":{"rendered":"<p>Far VALEO 044242; An fabricatie pana la: 201206; Articol completare\/Info suplimentar 2: cu motor reglaj LWR, cu unitate control xenon; Constructie lampa: Bi-Xenon; Culoare cadru: negru; Culoare semnalizator: portocaliu; Echipament vehicul: pentru vehicule cu reglare faruri (electric\u0103), pt. vehicule cu lumini pt.curba; Functie de lampa: cu faza scurta, cu faza lunga, cu lumina pentru curbe; Greutate [kg]: 5,35; Numar articol par: 044241; Partea de montare: dreapta; Serie \u0219asiu (VIN) \u00eencep\u00e2nd cu: AA549423; TIp lampa: D3S (Lampa descarcare gaze); Vehicul cu volan pe st\u00e2nga\/dreapta: pentru vehicule cu volan pe stanga; Versiune: 7G<\/p>\n","protected":false},"excerpt":{"rendered":"<p>Producator: VALEO Cod: 044242<\/p>\n","protected":false},"featured_media":851090,"comment_status":"open","ping_status":"closed","template":"","meta":[],"product_brand":[1713],"product_cat":[23530],"product_tag":[],"class_list":{"0":"post-851089","1":"product","2":"type-product","3":"status-publish","4":"has-post-thumbnail","6":"product_brand-valeo","7":"product_cat-far-insertie-2720-cmc-276dttdv6-diesel-190-discovery-iv-l319","9":"first","10":"instock","11":"shipping-taxable","12":"purchasable","13":"product-type-simple"},"yoast_head":"<!-- This site is optimized with the Yoast SEO plugin v27.3 - https:\/\/yoast.com\/product\/yoast-seo-wordpress\/ -->\n<title>Far VALEO 044242 LAND ROVER DISCOVERY IV (L319) 2,720 cmc (276DT(TDV6) diesel 190 VALEO 044242 LAND ROVER | VALEO - Autorival<\/title>\n<meta name=\"description\" content=\"\u26a1 Far VALEO 044242 LAND ROVER DISCOVERY IV (L319) 2,720 cmc (276DT(TDV6) diesel 190 VALEO 044242 pentru LAND ROVER. \u2713 Cod: 044242 \u2713 Brand: VALEO \u2713 \u00cen stoc \u2713 Livrare 24h \u2713 Garan\u021bie!\" \/>\n<meta name=\"robots\" content=\"index, follow, max-snippet:-1, max-image-preview:large, max-video-preview:-1\" \/>\n<meta property=\"og:locale\" content=\"en_US\" \/>\n<meta property=\"og:type\" content=\"article\" \/>\n<meta property=\"og:title\" content=\"Far VALEO 044242 LAND ROVER DISCOVERY IV (L319) 2,720 cmc (276DT(TDV6) diesel 190 VALEO 044242 LAND ROVER | VALEO - Autorival\" \/>\n<meta property=\"og:description\" content=\"\u26a1 Far VALEO 044242 LAND ROVER DISCOVERY IV (L319) 2,720 cmc (276DT(TDV6) diesel 190 VALEO 044242 pentru LAND ROVER. \u2713 Cod: 044242 \u2713 Brand: VALEO \u2713 \u00cen stoc \u2713 Livrare 24h \u2713 Garan\u021bie!\" \/>\n<meta property=\"og:url\" content=\"https:\/\/autorival.ro\/landrover\/product\/far-valeo-044242-land-rover-discovery-iv-l319-2720-cmc-276dttdv6-diesel-190-valeo-044242\/\" \/>\n<meta property=\"og:site_name\" content=\"LAND ROVER\" \/>\n<meta name=\"twitter:card\" content=\"summary_large_image\" \/>\n<meta name=\"twitter:title\" content=\"Far VALEO 044242 LAND ROVER DISCOVERY IV (L319) 2,720 cmc (276DT(TDV6) diesel 190 VALEO 044242 LAND ROVER | VALEO - Autorival\" \/>\n<meta name=\"twitter:description\" content=\"\u26a1 Far VALEO 044242 LAND ROVER DISCOVERY IV (L319) 2,720 cmc (276DT(TDV6) diesel 190 VALEO 044242 pentru LAND ROVER. \u2713 Cod: 044242 \u2713 Brand: VALEO \u2713 \u00cen stoc \u2713 Livrare 24h \u2713 Garan\u021bie!\" \/>\n<script type=\"application\/ld+json\" class=\"yoast-schema-graph\">{\"@context\":\"https:\\\/\\\/schema.org\",\"@graph\":[{\"@type\":\"WebPage\",\"@id\":\"https:\\\/\\\/autorival.ro\\\/landrover\\\/product\\\/far-valeo-044242-land-rover-discovery-iv-l319-2720-cmc-276dttdv6-diesel-190-valeo-044242\\\/\",\"url\":\"https:\\\/\\\/autorival.ro\\\/landrover\\\/product\\\/far-valeo-044242-land-rover-discovery-iv-l319-2720-cmc-276dttdv6-diesel-190-valeo-044242\\\/\",\"name\":\"Far VALEO 044242 LAND ROVER DISCOVERY IV (L319) 2,720 cmc (276DT(TDV6) diesel 190 VALEO 044242 LAND ROVER | VALEO - Autorival\",\"isPartOf\":{\"@id\":\"https:\\\/\\\/autorival.ro\\\/landrover\\\/#website\"},\"primaryImageOfPage\":{\"@id\":\"https:\\\/\\\/autorival.ro\\\/landrover\\\/product\\\/far-valeo-044242-land-rover-discovery-iv-l319-2720-cmc-276dttdv6-diesel-190-valeo-044242\\\/#primaryimage\"},\"image\":{\"@id\":\"https:\\\/\\\/autorival.ro\\\/landrover\\\/product\\\/far-valeo-044242-land-rover-discovery-iv-l319-2720-cmc-276dttdv6-diesel-190-valeo-044242\\\/#primaryimage\"},\"thumbnailUrl\":\"https:\\\/\\\/autorival.ro\\\/landrover\\\/wp-content\\\/uploads\\\/sites\\\/19\\\/2026\\\/04\\\/1421138_lan030.jpg\",\"datePublished\":\"2026-04-02T05:04:52+00:00\",\"description\":\"\u26a1 Far VALEO 044242 LAND ROVER DISCOVERY IV (L319) 2,720 cmc (276DT(TDV6) diesel 190 VALEO 044242 pentru LAND ROVER. \u2713 Cod: 044242 \u2713 Brand: VALEO \u2713 \u00cen stoc \u2713 Livrare 24h \u2713 Garan\u021bie!\",\"breadcrumb\":{\"@id\":\"https:\\\/\\\/autorival.ro\\\/landrover\\\/product\\\/far-valeo-044242-land-rover-discovery-iv-l319-2720-cmc-276dttdv6-diesel-190-valeo-044242\\\/#breadcrumb\"},\"inLanguage\":\"en-US\",\"potentialAction\":[{\"@type\":\"ReadAction\",\"target\":[\"https:\\\/\\\/autorival.ro\\\/landrover\\\/product\\\/far-valeo-044242-land-rover-discovery-iv-l319-2720-cmc-276dttdv6-diesel-190-valeo-044242\\\/\"]}]},{\"@type\":\"ImageObject\",\"inLanguage\":\"en-US\",\"@id\":\"https:\\\/\\\/autorival.ro\\\/landrover\\\/product\\\/far-valeo-044242-land-rover-discovery-iv-l319-2720-cmc-276dttdv6-diesel-190-valeo-044242\\\/#primaryimage\",\"url\":\"https:\\\/\\\/autorival.ro\\\/landrover\\\/wp-content\\\/uploads\\\/sites\\\/19\\\/2026\\\/04\\\/1421138_lan030.jpg\",\"contentUrl\":\"https:\\\/\\\/autorival.ro\\\/landrover\\\/wp-content\\\/uploads\\\/sites\\\/19\\\/2026\\\/04\\\/1421138_lan030.jpg\",\"width\":599,\"height\":399},{\"@type\":\"BreadcrumbList\",\"@id\":\"https:\\\/\\\/autorival.ro\\\/landrover\\\/product\\\/far-valeo-044242-land-rover-discovery-iv-l319-2720-cmc-276dttdv6-diesel-190-valeo-044242\\\/#breadcrumb\",\"itemListElement\":[{\"@type\":\"ListItem\",\"position\":1,\"name\":\"Prima pagin\u0103\",\"item\":\"https:\\\/\\\/autorival.ro\\\/landrover\\\/\"},{\"@type\":\"ListItem\",\"position\":2,\"name\":\"Piese auto LAND ROVER\",\"item\":\"https:\\\/\\\/autorival.ro\\\/landrover\\\/\"},{\"@type\":\"ListItem\",\"position\":3,\"name\":\"Far VALEO 044242 LAND ROVER DISCOVERY IV (L319) 2,720 cmc (276DT(TDV6) diesel 190 VALEO 044242\"}]},{\"@type\":\"WebSite\",\"@id\":\"https:\\\/\\\/autorival.ro\\\/landrover\\\/#website\",\"url\":\"https:\\\/\\\/autorival.ro\\\/landrover\\\/\",\"name\":\"LAND ROVER\",\"description\":\"\",\"potentialAction\":[{\"@type\":\"SearchAction\",\"target\":{\"@type\":\"EntryPoint\",\"urlTemplate\":\"https:\\\/\\\/autorival.ro\\\/landrover\\\/?s={search_term_string}\"},\"query-input\":{\"@type\":\"PropertyValueSpecification\",\"valueRequired\":true,\"valueName\":\"search_term_string\"}}],\"inLanguage\":\"en-US\"}]}<\/script>\n<!-- \/ Yoast SEO plugin. -->","yoast_head_json":{"title":"Far VALEO 044242 LAND ROVER DISCOVERY IV (L319) 2,720 cmc (276DT(TDV6) diesel 190 VALEO 044242 LAND ROVER | VALEO - Autorival","description":"\u26a1 Far VALEO 044242 LAND ROVER DISCOVERY IV (L319) 2,720 cmc (276DT(TDV6) diesel 190 VALEO 044242 pentru LAND ROVER. \u2713 Cod: 044242 \u2713 Brand: VALEO \u2713 \u00cen stoc \u2713 Livrare 24h \u2713 Garan\u021bie!","robots":{"index":"index","follow":"follow","max-snippet":"max-snippet:-1","max-image-preview":"max-image-preview:large","max-video-preview":"max-video-preview:-1"},"og_locale":"en_US","og_type":"article","og_title":"Far VALEO 044242 LAND ROVER DISCOVERY IV (L319) 2,720 cmc (276DT(TDV6) diesel 190 VALEO 044242 LAND ROVER | VALEO - Autorival","og_description":"\u26a1 Far VALEO 044242 LAND ROVER DISCOVERY IV (L319) 2,720 cmc (276DT(TDV6) diesel 190 VALEO 044242 pentru LAND ROVER. \u2713 Cod: 044242 \u2713 Brand: VALEO \u2713 \u00cen stoc \u2713 Livrare 24h \u2713 Garan\u021bie!","og_url":"https:\/\/autorival.ro\/landrover\/product\/far-valeo-044242-land-rover-discovery-iv-l319-2720-cmc-276dttdv6-diesel-190-valeo-044242\/","og_site_name":"LAND ROVER","twitter_card":"summary_large_image","twitter_title":"Far VALEO 044242 LAND ROVER DISCOVERY IV (L319) 2,720 cmc (276DT(TDV6) diesel 190 VALEO 044242 LAND ROVER | VALEO - Autorival","twitter_description":"\u26a1 Far VALEO 044242 LAND ROVER DISCOVERY IV (L319) 2,720 cmc (276DT(TDV6) diesel 190 VALEO 044242 pentru LAND ROVER. \u2713 Cod: 044242 \u2713 Brand: VALEO \u2713 \u00cen stoc \u2713 Livrare 24h \u2713 Garan\u021bie!","schema":{"@context":"https:\/\/schema.org","@graph":[{"@type":"WebPage","@id":"https:\/\/autorival.ro\/landrover\/product\/far-valeo-044242-land-rover-discovery-iv-l319-2720-cmc-276dttdv6-diesel-190-valeo-044242\/","url":"https:\/\/autorival.ro\/landrover\/product\/far-valeo-044242-land-rover-discovery-iv-l319-2720-cmc-276dttdv6-diesel-190-valeo-044242\/","name":"Far VALEO 044242 LAND ROVER DISCOVERY IV (L319) 2,720 cmc (276DT(TDV6) diesel 190 VALEO 044242 LAND ROVER | VALEO - Autorival","isPartOf":{"@id":"https:\/\/autorival.ro\/landrover\/#website"},"primaryImageOfPage":{"@id":"https:\/\/autorival.ro\/landrover\/product\/far-valeo-044242-land-rover-discovery-iv-l319-2720-cmc-276dttdv6-diesel-190-valeo-044242\/#primaryimage"},"image":{"@id":"https:\/\/autorival.ro\/landrover\/product\/far-valeo-044242-land-rover-discovery-iv-l319-2720-cmc-276dttdv6-diesel-190-valeo-044242\/#primaryimage"},"thumbnailUrl":"https:\/\/autorival.ro\/landrover\/wp-content\/uploads\/sites\/19\/2026\/04\/1421138_lan030.jpg","datePublished":"2026-04-02T05:04:52+00:00","description":"\u26a1 Far VALEO 044242 LAND ROVER DISCOVERY IV (L319) 2,720 cmc (276DT(TDV6) diesel 190 VALEO 044242 pentru LAND ROVER. \u2713 Cod: 044242 \u2713 Brand: VALEO \u2713 \u00cen stoc \u2713 Livrare 24h \u2713 Garan\u021bie!","breadcrumb":{"@id":"https:\/\/autorival.ro\/landrover\/product\/far-valeo-044242-land-rover-discovery-iv-l319-2720-cmc-276dttdv6-diesel-190-valeo-044242\/#breadcrumb"},"inLanguage":"en-US","potentialAction":[{"@type":"ReadAction","target":["https:\/\/autorival.ro\/landrover\/product\/far-valeo-044242-land-rover-discovery-iv-l319-2720-cmc-276dttdv6-diesel-190-valeo-044242\/"]}]},{"@type":"ImageObject","inLanguage":"en-US","@id":"https:\/\/autorival.ro\/landrover\/product\/far-valeo-044242-land-rover-discovery-iv-l319-2720-cmc-276dttdv6-diesel-190-valeo-044242\/#primaryimage","url":"https:\/\/autorival.ro\/landrover\/wp-content\/uploads\/sites\/19\/2026\/04\/1421138_lan030.jpg","contentUrl":"https:\/\/autorival.ro\/landrover\/wp-content\/uploads\/sites\/19\/2026\/04\/1421138_lan030.jpg","width":599,"height":399},{"@type":"BreadcrumbList","@id":"https:\/\/autorival.ro\/landrover\/product\/far-valeo-044242-land-rover-discovery-iv-l319-2720-cmc-276dttdv6-diesel-190-valeo-044242\/#breadcrumb","itemListElement":[{"@type":"ListItem","position":1,"name":"Prima pagin\u0103","item":"https:\/\/autorival.ro\/landrover\/"},{"@type":"ListItem","position":2,"name":"Piese auto LAND ROVER","item":"https:\/\/autorival.ro\/landrover\/"},{"@type":"ListItem","position":3,"name":"Far VALEO 044242 LAND ROVER DISCOVERY IV (L319) 2,720 cmc (276DT(TDV6) diesel 190 VALEO 044242"}]},{"@type":"WebSite","@id":"https:\/\/autorival.ro\/landrover\/#website","url":"https:\/\/autorival.ro\/landrover\/","name":"LAND ROVER","description":"","potentialAction":[{"@type":"SearchAction","target":{"@type":"EntryPoint","urlTemplate":"https:\/\/autorival.ro\/landrover\/?s={search_term_string}"},"query-input":{"@type":"PropertyValueSpecification","valueRequired":true,"valueName":"search_term_string"}}],"inLanguage":"en-US"}]}},"_links":{"self":[{"href":"https:\/\/autorival.ro\/landrover\/wp-json\/wp\/v2\/product\/851089","targetHints":{"allow":["GET"]}}],"collection":[{"href":"https:\/\/autorival.ro\/landrover\/wp-json\/wp\/v2\/product"}],"about":[{"href":"https:\/\/autorival.ro\/landrover\/wp-json\/wp\/v2\/types\/product"}],"replies":[{"embeddable":true,"href":"https:\/\/autorival.ro\/landrover\/wp-json\/wp\/v2\/comments?post=851089"}],"wp:featuredmedia":[{"embeddable":true,"href":"https:\/\/autorival.ro\/landrover\/wp-json\/wp\/v2\/media\/851090"}],"wp:attachment":[{"href":"https:\/\/autorival.ro\/landrover\/wp-json\/wp\/v2\/media?parent=851089"}],"wp:term":[{"taxonomy":"product_brand","embeddable":true,"href":"https:\/\/autorival.ro\/landrover\/wp-json\/wp\/v2\/product_brand?post=851089"},{"taxonomy":"product_cat","embeddable":true,"href":"https:\/\/autorival.ro\/landrover\/wp-json\/wp\/v2\/product_cat?post=851089"},{"taxonomy":"product_tag","embeddable":true,"href":"https:\/\/autorival.ro\/landrover\/wp-json\/wp\/v2\/product_tag?post=851089"}],"curies":[{"name":"wp","href":"https:\/\/api.w.org\/{rel}","templated":true}]}}