{"id":1202518,"date":"2026-04-09T09:21:37","date_gmt":"2026-04-09T09:21:37","guid":{"rendered":"https:\/\/autorival.ro\/landrover\/product\/set-placute-frana-delphi-lp1652-land-rover-freelander-i-soft-top-l314-1951-cmc-204d3m47d20-diesel-112-delphi-lp1652\/"},"modified":"2026-04-09T09:21:37","modified_gmt":"2026-04-09T09:21:37","slug":"set-placute-frana-delphi-lp1652-land-rover-freelander-i-soft-top-l314-1951-cmc-204d3m47d20-diesel-112-delphi-lp1652","status":"publish","type":"product","link":"https:\/\/autorival.ro\/landrover\/product\/set-placute-frana-delphi-lp1652-land-rover-freelander-i-soft-top-l314-1951-cmc-204d3m47d20-diesel-112-delphi-lp1652\/","title":{"rendered":"Set placute frana DELPHI LP1652 LAND ROVER FREELANDER I Soft Top (L314) 1,951 cmc (204D3(M47D20) diesel 112 DELPHI LP1652"},"content":{"rendered":"<p>Set placute frana DELPHI LP1652; An fabricatie de la: 200001; Aprobare: E9 90R-01841\/892; Articol completare\/Info suplimentar 2: cu tabla anti scartait; Articol extins\/Informatii de extindere: cu acceasorii; Cod FMSI: D926-7827; Contact indicator uzura: nu pt. indicator indicator de avertizare uzur\u0103 preg\u0103tit; Grosime 1 [mm]: 18,2; Grosime 2 [mm]: 18,2; \u00cenaltime 1 [mm]: 62,3; \u00cenaltime 2 [mm]: 62,3; Latime 1 [mm]: 131,8; Latime 2 [mm]: 131,8; Material cuzinet: Low-Metallic; Numar WVA: 23615; Partea de montare: punte fata; pentru codul seriei de modele: Td4; Serie \u0219asiu (VIN) \u00eencep\u00e2nd cu: 1A000001; Sistem de fr\u00e2nare: TRW<\/p>\n","protected":false},"excerpt":{"rendered":"<p>Producator: DELPHI Cod: LP1652<\/p>\n","protected":false},"featured_media":1202519,"comment_status":"open","ping_status":"closed","template":"","meta":[],"product_brand":[148],"product_cat":[36219],"product_tag":[],"class_list":{"0":"post-1202518","1":"product","2":"type-product","3":"status-publish","4":"has-post-thumbnail","6":"product_brand-delphi","7":"product_cat-set-placute-frana-1951-cmc-204d3m47d20-diesel-112","9":"first","10":"instock","11":"shipping-taxable","12":"purchasable","13":"product-type-simple"},"yoast_head":"<!-- This site is optimized with the Yoast SEO plugin v27.3 - https:\/\/yoast.com\/product\/yoast-seo-wordpress\/ -->\n<title>Set placute frana DELPHI LP1652 LAND ROVER FREELANDER I Soft Top (L314) 1,951 cmc (204D3(M47D20) diesel 112 DELPHI LP1652 LAND ROVER | DELPHI - Autorival<\/title>\n<meta name=\"description\" content=\"\u26a1 Set placute frana DELPHI LP1652 LAND ROVER FREELANDER I Soft Top (L314) 1,951 cmc (204D3(M47D20) diesel 112 DELPHI LP1652 pentru LAND ROVER. \u2713 Cod: LP1652 \u2713 Brand: DELPHI \u2713 \u00cen stoc \u2713 Livrare 24h \u2713 Garan\u021bie!\" \/>\n<meta name=\"robots\" content=\"index, follow, max-snippet:-1, max-image-preview:large, max-video-preview:-1\" \/>\n<meta property=\"og:locale\" content=\"en_US\" \/>\n<meta property=\"og:type\" content=\"article\" \/>\n<meta property=\"og:title\" content=\"Set placute frana DELPHI LP1652 LAND ROVER FREELANDER I Soft Top (L314) 1,951 cmc (204D3(M47D20) diesel 112 DELPHI LP1652 LAND ROVER | DELPHI - Autorival\" \/>\n<meta property=\"og:description\" content=\"\u26a1 Set placute frana DELPHI LP1652 LAND ROVER FREELANDER I Soft Top (L314) 1,951 cmc (204D3(M47D20) diesel 112 DELPHI LP1652 pentru LAND ROVER. \u2713 Cod: LP1652 \u2713 Brand: DELPHI \u2713 \u00cen stoc \u2713 Livrare 24h \u2713 Garan\u021bie!\" \/>\n<meta property=\"og:url\" content=\"https:\/\/autorival.ro\/landrover\/product\/set-placute-frana-delphi-lp1652-land-rover-freelander-i-soft-top-l314-1951-cmc-204d3m47d20-diesel-112-delphi-lp1652\/\" \/>\n<meta property=\"og:site_name\" content=\"LAND ROVER\" \/>\n<meta name=\"twitter:card\" content=\"summary_large_image\" \/>\n<meta name=\"twitter:title\" content=\"Set placute frana DELPHI LP1652 LAND ROVER FREELANDER I Soft Top (L314) 1,951 cmc (204D3(M47D20) diesel 112 DELPHI LP1652 LAND ROVER | DELPHI - Autorival\" \/>\n<meta name=\"twitter:description\" content=\"\u26a1 Set placute frana DELPHI LP1652 LAND ROVER FREELANDER I Soft Top (L314) 1,951 cmc (204D3(M47D20) diesel 112 DELPHI LP1652 pentru LAND ROVER. \u2713 Cod: LP1652 \u2713 Brand: DELPHI \u2713 \u00cen stoc \u2713 Livrare 24h \u2713 Garan\u021bie!\" \/>\n<script type=\"application\/ld+json\" class=\"yoast-schema-graph\">{\"@context\":\"https:\\\/\\\/schema.org\",\"@graph\":[{\"@type\":\"WebPage\",\"@id\":\"https:\\\/\\\/autorival.ro\\\/landrover\\\/product\\\/set-placute-frana-delphi-lp1652-land-rover-freelander-i-soft-top-l314-1951-cmc-204d3m47d20-diesel-112-delphi-lp1652\\\/\",\"url\":\"https:\\\/\\\/autorival.ro\\\/landrover\\\/product\\\/set-placute-frana-delphi-lp1652-land-rover-freelander-i-soft-top-l314-1951-cmc-204d3m47d20-diesel-112-delphi-lp1652\\\/\",\"name\":\"Set placute frana DELPHI LP1652 LAND ROVER FREELANDER I Soft Top (L314) 1,951 cmc (204D3(M47D20) diesel 112 DELPHI LP1652 LAND ROVER | DELPHI - Autorival\",\"isPartOf\":{\"@id\":\"https:\\\/\\\/autorival.ro\\\/landrover\\\/#website\"},\"primaryImageOfPage\":{\"@id\":\"https:\\\/\\\/autorival.ro\\\/landrover\\\/product\\\/set-placute-frana-delphi-lp1652-land-rover-freelander-i-soft-top-l314-1951-cmc-204d3m47d20-diesel-112-delphi-lp1652\\\/#primaryimage\"},\"image\":{\"@id\":\"https:\\\/\\\/autorival.ro\\\/landrover\\\/product\\\/set-placute-frana-delphi-lp1652-land-rover-freelander-i-soft-top-l314-1951-cmc-204d3m47d20-diesel-112-delphi-lp1652\\\/#primaryimage\"},\"thumbnailUrl\":\"https:\\\/\\\/autorival.ro\\\/landrover\\\/wp-content\\\/uploads\\\/sites\\\/19\\\/2026\\\/04\\\/1268874_lp1652_ld-6.jpg\",\"datePublished\":\"2026-04-09T09:21:37+00:00\",\"description\":\"\u26a1 Set placute frana DELPHI LP1652 LAND ROVER FREELANDER I Soft Top (L314) 1,951 cmc (204D3(M47D20) diesel 112 DELPHI LP1652 pentru LAND ROVER. \u2713 Cod: LP1652 \u2713 Brand: DELPHI \u2713 \u00cen stoc \u2713 Livrare 24h \u2713 Garan\u021bie!\",\"breadcrumb\":{\"@id\":\"https:\\\/\\\/autorival.ro\\\/landrover\\\/product\\\/set-placute-frana-delphi-lp1652-land-rover-freelander-i-soft-top-l314-1951-cmc-204d3m47d20-diesel-112-delphi-lp1652\\\/#breadcrumb\"},\"inLanguage\":\"en-US\",\"potentialAction\":[{\"@type\":\"ReadAction\",\"target\":[\"https:\\\/\\\/autorival.ro\\\/landrover\\\/product\\\/set-placute-frana-delphi-lp1652-land-rover-freelander-i-soft-top-l314-1951-cmc-204d3m47d20-diesel-112-delphi-lp1652\\\/\"]}]},{\"@type\":\"ImageObject\",\"inLanguage\":\"en-US\",\"@id\":\"https:\\\/\\\/autorival.ro\\\/landrover\\\/product\\\/set-placute-frana-delphi-lp1652-land-rover-freelander-i-soft-top-l314-1951-cmc-204d3m47d20-diesel-112-delphi-lp1652\\\/#primaryimage\",\"url\":\"https:\\\/\\\/autorival.ro\\\/landrover\\\/wp-content\\\/uploads\\\/sites\\\/19\\\/2026\\\/04\\\/1268874_lp1652_ld-6.jpg\",\"contentUrl\":\"https:\\\/\\\/autorival.ro\\\/landrover\\\/wp-content\\\/uploads\\\/sites\\\/19\\\/2026\\\/04\\\/1268874_lp1652_ld-6.jpg\",\"width\":800,\"height\":800},{\"@type\":\"BreadcrumbList\",\"@id\":\"https:\\\/\\\/autorival.ro\\\/landrover\\\/product\\\/set-placute-frana-delphi-lp1652-land-rover-freelander-i-soft-top-l314-1951-cmc-204d3m47d20-diesel-112-delphi-lp1652\\\/#breadcrumb\",\"itemListElement\":[{\"@type\":\"ListItem\",\"position\":1,\"name\":\"Prima pagin\u0103\",\"item\":\"https:\\\/\\\/autorival.ro\\\/landrover\\\/\"},{\"@type\":\"ListItem\",\"position\":2,\"name\":\"Piese auto LAND ROVER\",\"item\":\"https:\\\/\\\/autorival.ro\\\/landrover\\\/\"},{\"@type\":\"ListItem\",\"position\":3,\"name\":\"Set placute frana DELPHI LP1652 LAND ROVER FREELANDER I Soft Top (L314) 1,951 cmc (204D3(M47D20) diesel 112 DELPHI LP1652\"}]},{\"@type\":\"WebSite\",\"@id\":\"https:\\\/\\\/autorival.ro\\\/landrover\\\/#website\",\"url\":\"https:\\\/\\\/autorival.ro\\\/landrover\\\/\",\"name\":\"LAND ROVER\",\"description\":\"\",\"potentialAction\":[{\"@type\":\"SearchAction\",\"target\":{\"@type\":\"EntryPoint\",\"urlTemplate\":\"https:\\\/\\\/autorival.ro\\\/landrover\\\/?s={search_term_string}\"},\"query-input\":{\"@type\":\"PropertyValueSpecification\",\"valueRequired\":true,\"valueName\":\"search_term_string\"}}],\"inLanguage\":\"en-US\"}]}<\/script>\n<!-- \/ Yoast SEO plugin. -->","yoast_head_json":{"title":"Set placute frana DELPHI LP1652 LAND ROVER FREELANDER I Soft Top (L314) 1,951 cmc (204D3(M47D20) diesel 112 DELPHI LP1652 LAND ROVER | DELPHI - Autorival","description":"\u26a1 Set placute frana DELPHI LP1652 LAND ROVER FREELANDER I Soft Top (L314) 1,951 cmc (204D3(M47D20) diesel 112 DELPHI LP1652 pentru LAND ROVER. \u2713 Cod: LP1652 \u2713 Brand: DELPHI \u2713 \u00cen stoc \u2713 Livrare 24h \u2713 Garan\u021bie!","robots":{"index":"index","follow":"follow","max-snippet":"max-snippet:-1","max-image-preview":"max-image-preview:large","max-video-preview":"max-video-preview:-1"},"og_locale":"en_US","og_type":"article","og_title":"Set placute frana DELPHI LP1652 LAND ROVER FREELANDER I Soft Top (L314) 1,951 cmc (204D3(M47D20) diesel 112 DELPHI LP1652 LAND ROVER | DELPHI - Autorival","og_description":"\u26a1 Set placute frana DELPHI LP1652 LAND ROVER FREELANDER I Soft Top (L314) 1,951 cmc (204D3(M47D20) diesel 112 DELPHI LP1652 pentru LAND ROVER. \u2713 Cod: LP1652 \u2713 Brand: DELPHI \u2713 \u00cen stoc \u2713 Livrare 24h \u2713 Garan\u021bie!","og_url":"https:\/\/autorival.ro\/landrover\/product\/set-placute-frana-delphi-lp1652-land-rover-freelander-i-soft-top-l314-1951-cmc-204d3m47d20-diesel-112-delphi-lp1652\/","og_site_name":"LAND ROVER","twitter_card":"summary_large_image","twitter_title":"Set placute frana DELPHI LP1652 LAND ROVER FREELANDER I Soft Top (L314) 1,951 cmc (204D3(M47D20) diesel 112 DELPHI LP1652 LAND ROVER | DELPHI - Autorival","twitter_description":"\u26a1 Set placute frana DELPHI LP1652 LAND ROVER FREELANDER I Soft Top (L314) 1,951 cmc (204D3(M47D20) diesel 112 DELPHI LP1652 pentru LAND ROVER. \u2713 Cod: LP1652 \u2713 Brand: DELPHI \u2713 \u00cen stoc \u2713 Livrare 24h \u2713 Garan\u021bie!","schema":{"@context":"https:\/\/schema.org","@graph":[{"@type":"WebPage","@id":"https:\/\/autorival.ro\/landrover\/product\/set-placute-frana-delphi-lp1652-land-rover-freelander-i-soft-top-l314-1951-cmc-204d3m47d20-diesel-112-delphi-lp1652\/","url":"https:\/\/autorival.ro\/landrover\/product\/set-placute-frana-delphi-lp1652-land-rover-freelander-i-soft-top-l314-1951-cmc-204d3m47d20-diesel-112-delphi-lp1652\/","name":"Set placute frana DELPHI LP1652 LAND ROVER FREELANDER I Soft Top (L314) 1,951 cmc (204D3(M47D20) diesel 112 DELPHI LP1652 LAND ROVER | DELPHI - Autorival","isPartOf":{"@id":"https:\/\/autorival.ro\/landrover\/#website"},"primaryImageOfPage":{"@id":"https:\/\/autorival.ro\/landrover\/product\/set-placute-frana-delphi-lp1652-land-rover-freelander-i-soft-top-l314-1951-cmc-204d3m47d20-diesel-112-delphi-lp1652\/#primaryimage"},"image":{"@id":"https:\/\/autorival.ro\/landrover\/product\/set-placute-frana-delphi-lp1652-land-rover-freelander-i-soft-top-l314-1951-cmc-204d3m47d20-diesel-112-delphi-lp1652\/#primaryimage"},"thumbnailUrl":"https:\/\/autorival.ro\/landrover\/wp-content\/uploads\/sites\/19\/2026\/04\/1268874_lp1652_ld-6.jpg","datePublished":"2026-04-09T09:21:37+00:00","description":"\u26a1 Set placute frana DELPHI LP1652 LAND ROVER FREELANDER I Soft Top (L314) 1,951 cmc (204D3(M47D20) diesel 112 DELPHI LP1652 pentru LAND ROVER. \u2713 Cod: LP1652 \u2713 Brand: DELPHI \u2713 \u00cen stoc \u2713 Livrare 24h \u2713 Garan\u021bie!","breadcrumb":{"@id":"https:\/\/autorival.ro\/landrover\/product\/set-placute-frana-delphi-lp1652-land-rover-freelander-i-soft-top-l314-1951-cmc-204d3m47d20-diesel-112-delphi-lp1652\/#breadcrumb"},"inLanguage":"en-US","potentialAction":[{"@type":"ReadAction","target":["https:\/\/autorival.ro\/landrover\/product\/set-placute-frana-delphi-lp1652-land-rover-freelander-i-soft-top-l314-1951-cmc-204d3m47d20-diesel-112-delphi-lp1652\/"]}]},{"@type":"ImageObject","inLanguage":"en-US","@id":"https:\/\/autorival.ro\/landrover\/product\/set-placute-frana-delphi-lp1652-land-rover-freelander-i-soft-top-l314-1951-cmc-204d3m47d20-diesel-112-delphi-lp1652\/#primaryimage","url":"https:\/\/autorival.ro\/landrover\/wp-content\/uploads\/sites\/19\/2026\/04\/1268874_lp1652_ld-6.jpg","contentUrl":"https:\/\/autorival.ro\/landrover\/wp-content\/uploads\/sites\/19\/2026\/04\/1268874_lp1652_ld-6.jpg","width":800,"height":800},{"@type":"BreadcrumbList","@id":"https:\/\/autorival.ro\/landrover\/product\/set-placute-frana-delphi-lp1652-land-rover-freelander-i-soft-top-l314-1951-cmc-204d3m47d20-diesel-112-delphi-lp1652\/#breadcrumb","itemListElement":[{"@type":"ListItem","position":1,"name":"Prima pagin\u0103","item":"https:\/\/autorival.ro\/landrover\/"},{"@type":"ListItem","position":2,"name":"Piese auto LAND ROVER","item":"https:\/\/autorival.ro\/landrover\/"},{"@type":"ListItem","position":3,"name":"Set placute frana DELPHI LP1652 LAND ROVER FREELANDER I Soft Top (L314) 1,951 cmc (204D3(M47D20) diesel 112 DELPHI LP1652"}]},{"@type":"WebSite","@id":"https:\/\/autorival.ro\/landrover\/#website","url":"https:\/\/autorival.ro\/landrover\/","name":"LAND ROVER","description":"","potentialAction":[{"@type":"SearchAction","target":{"@type":"EntryPoint","urlTemplate":"https:\/\/autorival.ro\/landrover\/?s={search_term_string}"},"query-input":{"@type":"PropertyValueSpecification","valueRequired":true,"valueName":"search_term_string"}}],"inLanguage":"en-US"}]}},"_links":{"self":[{"href":"https:\/\/autorival.ro\/landrover\/wp-json\/wp\/v2\/product\/1202518","targetHints":{"allow":["GET"]}}],"collection":[{"href":"https:\/\/autorival.ro\/landrover\/wp-json\/wp\/v2\/product"}],"about":[{"href":"https:\/\/autorival.ro\/landrover\/wp-json\/wp\/v2\/types\/product"}],"replies":[{"embeddable":true,"href":"https:\/\/autorival.ro\/landrover\/wp-json\/wp\/v2\/comments?post=1202518"}],"wp:featuredmedia":[{"embeddable":true,"href":"https:\/\/autorival.ro\/landrover\/wp-json\/wp\/v2\/media\/1202519"}],"wp:attachment":[{"href":"https:\/\/autorival.ro\/landrover\/wp-json\/wp\/v2\/media?parent=1202518"}],"wp:term":[{"taxonomy":"product_brand","embeddable":true,"href":"https:\/\/autorival.ro\/landrover\/wp-json\/wp\/v2\/product_brand?post=1202518"},{"taxonomy":"product_cat","embeddable":true,"href":"https:\/\/autorival.ro\/landrover\/wp-json\/wp\/v2\/product_cat?post=1202518"},{"taxonomy":"product_tag","embeddable":true,"href":"https:\/\/autorival.ro\/landrover\/wp-json\/wp\/v2\/product_tag?post=1202518"}],"curies":[{"name":"wp","href":"https:\/\/api.w.org\/{rel}","templated":true}]}}