{"id":141300,"date":"2025-05-04T09:17:45","date_gmt":"2025-05-04T09:17:45","guid":{"rendered":"https:\/\/autorival.ro\/honda\/product\/set-frana-frana-disc-honda-civic-vii-hatchback-eu-ep-ev-1-4-is-ep1-eu5-eu7-benzina-90-cai-mastersport-germany-202101051\/"},"modified":"2025-05-04T09:17:46","modified_gmt":"2025-05-04T09:17:46","slug":"set-frana-frana-disc-honda-civic-vii-hatchback-eu-ep-ev-1-4-is-ep1-eu5-eu7-benzina-90-cai-mastersport-germany-202101051","status":"publish","type":"product","link":"https:\/\/autorival.ro\/honda\/product\/set-frana-frana-disc-honda-civic-vii-hatchback-eu-ep-ev-1-4-is-ep1-eu5-eu7-benzina-90-cai-mastersport-germany-202101051\/","title":{"rendered":"Set frana frana disc HONDA CIVIC VII Hatchback (EU, EP, EV) 1.4 iS (EP1, EU5, EU7) benzina 90 cai MASTERSPORT GERMANY 202101051"},"content":{"rendered":"<p>Echipament vehicul: pentru vehicule fara pachet sportPartea de montare: punte fataTip disc fr\u00e2na: ventilat ->Grosime disc fr\u00e2na [mm]: 21 ->Diametru exterior [mm]: 262Unitate de calitate: setdin mai multe piese: din mai multe pieseSistem de fr\u00e2nare: Lucas \/ TRW ->Grosime 1 [mm]: 17,5 ->Latime 1 [mm]: 129\u00cenaltime [mm]: 68,8Numarul suruburilor: 2Contact indicator uzura: cu avertizare acustica uzura\u00cenaltime 1 [mm]: 44,7 ->Diametrul orificiului [mm]: 13 ->Grosime minima [mm]: 19 ->Diametru interior 1 [mm]: 141,0 ->Diametru de centrare [mm]: 64,1Asezare gauri \u00d8 [mm]: 100 ->Greutate neta [kg]: 11,4 ->Greutate brut\u0103 [kg]: 11,57<\/p>\n","protected":false},"excerpt":{"rendered":"<p>Producator: MASTERSPORT GERMANY Cod producator: 202101051<\/p>\n","protected":false},"featured_media":141291,"comment_status":"open","ping_status":"closed","template":"","meta":[],"product_brand":[270],"product_cat":[12011],"product_tag":[15281,15299,15302,15300,15384,15280,15383,15298],"class_list":{"0":"post-141300","1":"product","2":"type-product","3":"status-publish","4":"has-post-thumbnail","6":"product_brand-mastersport-germany","7":"product_cat-set-frana-frana-disc-vii-hatchback-eu-ep-ev-1-4-is-ep1-eu5-eu7-benzina-90","8":"product_tag-civic","9":"product_tag-ep","10":"product_tag-eu","11":"product_tag-ev","12":"product_tag-germany","13":"product_tag-honda","14":"product_tag-mastersport","15":"product_tag-vii","17":"first","18":"instock","19":"shipping-taxable","20":"purchasable","21":"product-type-simple"},"yoast_head":"<!-- This site is optimized with the Yoast SEO plugin v27.3 - https:\/\/yoast.com\/product\/yoast-seo-wordpress\/ -->\n<title>Set frana frana disc HONDA CIVIC VII Hatchback (EU, EP, EV) 1.4 iS (EP1, EU5, EU7) benzina 90 cai MASTERSPORT GERMANY 202101051 HONDA | MASTERSPORT - Autorival<\/title>\n<meta name=\"description\" content=\"\u26a1 Set frana frana disc HONDA CIVIC VII Hatchback (EU, EP, EV) 1.4 iS (EP1, EU5, EU7) benzina 90 cai MASTERSPORT GERMANY 202101051 pentru HONDA la doar 512 RON. \u2713 Cod: 202101051 \u2713 Brand: MASTERSPORT \u2713 \u00cen stoc \u2713 Livrare 24h \u2713 Garan\u021bie!\" \/>\n<meta name=\"robots\" content=\"index, follow, max-snippet:-1, max-image-preview:large, max-video-preview:-1\" \/>\n<meta property=\"og:locale\" content=\"en_US\" \/>\n<meta property=\"og:type\" content=\"article\" \/>\n<meta property=\"og:title\" content=\"Set frana frana disc HONDA CIVIC VII Hatchback (EU, EP, EV) 1.4 iS (EP1, EU5, EU7) benzina 90 cai MASTERSPORT GERMANY 202101051 HONDA | MASTERSPORT - Autorival\" \/>\n<meta property=\"og:description\" content=\"\u26a1 Set frana frana disc HONDA CIVIC VII Hatchback (EU, EP, EV) 1.4 iS (EP1, EU5, EU7) benzina 90 cai MASTERSPORT GERMANY 202101051 pentru HONDA la doar 512 RON. \u2713 Cod: 202101051 \u2713 Brand: MASTERSPORT \u2713 \u00cen stoc \u2713 Livrare 24h \u2713 Garan\u021bie!\" \/>\n<meta property=\"og:url\" content=\"https:\/\/autorival.ro\/honda\/product\/set-frana-frana-disc-honda-civic-vii-hatchback-eu-ep-ev-1-4-is-ep1-eu5-eu7-benzina-90-cai-mastersport-germany-202101051\/\" \/>\n<meta property=\"og:site_name\" content=\"HONDA\" \/>\n<meta property=\"article:modified_time\" content=\"2025-05-04T09:17:46+00:00\" \/>\n<meta property=\"og:image\" content=\"https:\/\/autorival.ro\/honda\/wp-content\/uploads\/sites\/11\/2025\/05\/202101051202-2.jpg\" \/>\n\t<meta property=\"og:image:width\" content=\"1500\" \/>\n\t<meta property=\"og:image:height\" content=\"1500\" \/>\n\t<meta property=\"og:image:type\" content=\"image\/jpeg\" \/>\n<meta name=\"twitter:card\" content=\"summary_large_image\" \/>\n<meta name=\"twitter:title\" content=\"Set frana frana disc HONDA CIVIC VII Hatchback (EU, EP, EV) 1.4 iS (EP1, EU5, EU7) benzina 90 cai MASTERSPORT GERMANY 202101051 HONDA | MASTERSPORT - Autorival\" \/>\n<meta name=\"twitter:description\" content=\"\u26a1 Set frana frana disc HONDA CIVIC VII Hatchback (EU, EP, EV) 1.4 iS (EP1, EU5, EU7) benzina 90 cai MASTERSPORT GERMANY 202101051 pentru HONDA la doar 512 RON. \u2713 Cod: 202101051 \u2713 Brand: MASTERSPORT \u2713 \u00cen stoc \u2713 Livrare 24h \u2713 Garan\u021bie!\" \/>\n<script type=\"application\/ld+json\" class=\"yoast-schema-graph\">{\"@context\":\"https:\\\/\\\/schema.org\",\"@graph\":[{\"@type\":\"WebPage\",\"@id\":\"https:\\\/\\\/autorival.ro\\\/honda\\\/product\\\/set-frana-frana-disc-honda-civic-vii-hatchback-eu-ep-ev-1-4-is-ep1-eu5-eu7-benzina-90-cai-mastersport-germany-202101051\\\/\",\"url\":\"https:\\\/\\\/autorival.ro\\\/honda\\\/product\\\/set-frana-frana-disc-honda-civic-vii-hatchback-eu-ep-ev-1-4-is-ep1-eu5-eu7-benzina-90-cai-mastersport-germany-202101051\\\/\",\"name\":\"Set frana frana disc HONDA CIVIC VII Hatchback (EU, EP, EV) 1.4 iS (EP1, EU5, EU7) benzina 90 cai MASTERSPORT GERMANY 202101051 HONDA | MASTERSPORT - Autorival\",\"isPartOf\":{\"@id\":\"https:\\\/\\\/autorival.ro\\\/honda\\\/#website\"},\"primaryImageOfPage\":{\"@id\":\"https:\\\/\\\/autorival.ro\\\/honda\\\/product\\\/set-frana-frana-disc-honda-civic-vii-hatchback-eu-ep-ev-1-4-is-ep1-eu5-eu7-benzina-90-cai-mastersport-germany-202101051\\\/#primaryimage\"},\"image\":{\"@id\":\"https:\\\/\\\/autorival.ro\\\/honda\\\/product\\\/set-frana-frana-disc-honda-civic-vii-hatchback-eu-ep-ev-1-4-is-ep1-eu5-eu7-benzina-90-cai-mastersport-germany-202101051\\\/#primaryimage\"},\"thumbnailUrl\":\"https:\\\/\\\/autorival.ro\\\/honda\\\/wp-content\\\/uploads\\\/sites\\\/11\\\/2025\\\/05\\\/202101051202-2.jpg\",\"datePublished\":\"2025-05-04T09:17:45+00:00\",\"dateModified\":\"2025-05-04T09:17:46+00:00\",\"description\":\"\u26a1 Set frana frana disc HONDA CIVIC VII Hatchback (EU, EP, EV) 1.4 iS (EP1, EU5, EU7) benzina 90 cai MASTERSPORT GERMANY 202101051 pentru HONDA la doar 512 RON. \u2713 Cod: 202101051 \u2713 Brand: MASTERSPORT \u2713 \u00cen stoc \u2713 Livrare 24h \u2713 Garan\u021bie!\",\"breadcrumb\":{\"@id\":\"https:\\\/\\\/autorival.ro\\\/honda\\\/product\\\/set-frana-frana-disc-honda-civic-vii-hatchback-eu-ep-ev-1-4-is-ep1-eu5-eu7-benzina-90-cai-mastersport-germany-202101051\\\/#breadcrumb\"},\"inLanguage\":\"en-US\",\"potentialAction\":[{\"@type\":\"ReadAction\",\"target\":[\"https:\\\/\\\/autorival.ro\\\/honda\\\/product\\\/set-frana-frana-disc-honda-civic-vii-hatchback-eu-ep-ev-1-4-is-ep1-eu5-eu7-benzina-90-cai-mastersport-germany-202101051\\\/\"]}]},{\"@type\":\"ImageObject\",\"inLanguage\":\"en-US\",\"@id\":\"https:\\\/\\\/autorival.ro\\\/honda\\\/product\\\/set-frana-frana-disc-honda-civic-vii-hatchback-eu-ep-ev-1-4-is-ep1-eu5-eu7-benzina-90-cai-mastersport-germany-202101051\\\/#primaryimage\",\"url\":\"https:\\\/\\\/autorival.ro\\\/honda\\\/wp-content\\\/uploads\\\/sites\\\/11\\\/2025\\\/05\\\/202101051202-2.jpg\",\"contentUrl\":\"https:\\\/\\\/autorival.ro\\\/honda\\\/wp-content\\\/uploads\\\/sites\\\/11\\\/2025\\\/05\\\/202101051202-2.jpg\",\"width\":1500,\"height\":1500,\"caption\":\"Set frana frana disc HONDA CIVIC VII Hatchback (EU, EP, EV) 1.4 i (EP1, EU7) benzina 75 cai MASTERSPORT GERMANY 202101051\"},{\"@type\":\"BreadcrumbList\",\"@id\":\"https:\\\/\\\/autorival.ro\\\/honda\\\/product\\\/set-frana-frana-disc-honda-civic-vii-hatchback-eu-ep-ev-1-4-is-ep1-eu5-eu7-benzina-90-cai-mastersport-germany-202101051\\\/#breadcrumb\",\"itemListElement\":[{\"@type\":\"ListItem\",\"position\":1,\"name\":\"Prima pagin\u0103\",\"item\":\"https:\\\/\\\/autorival.ro\\\/honda\\\/\"},{\"@type\":\"ListItem\",\"position\":2,\"name\":\"Piese auto HONDA\",\"item\":\"https:\\\/\\\/autorival.ro\\\/honda\\\/\"},{\"@type\":\"ListItem\",\"position\":3,\"name\":\"Set frana frana disc HONDA CIVIC VII Hatchback (EU, EP, EV) 1.4 iS (EP1, EU5, EU7) benzina 90 cai MASTERSPORT GERMANY 202101051\"}]},{\"@type\":\"WebSite\",\"@id\":\"https:\\\/\\\/autorival.ro\\\/honda\\\/#website\",\"url\":\"https:\\\/\\\/autorival.ro\\\/honda\\\/\",\"name\":\"HONDA\",\"description\":\"\",\"potentialAction\":[{\"@type\":\"SearchAction\",\"target\":{\"@type\":\"EntryPoint\",\"urlTemplate\":\"https:\\\/\\\/autorival.ro\\\/honda\\\/?s={search_term_string}\"},\"query-input\":{\"@type\":\"PropertyValueSpecification\",\"valueRequired\":true,\"valueName\":\"search_term_string\"}}],\"inLanguage\":\"en-US\"}]}<\/script>\n<!-- \/ Yoast SEO plugin. -->","yoast_head_json":{"title":"Set frana frana disc HONDA CIVIC VII Hatchback (EU, EP, EV) 1.4 iS (EP1, EU5, EU7) benzina 90 cai MASTERSPORT GERMANY 202101051 HONDA | MASTERSPORT - Autorival","description":"\u26a1 Set frana frana disc HONDA CIVIC VII Hatchback (EU, EP, EV) 1.4 iS (EP1, EU5, EU7) benzina 90 cai MASTERSPORT GERMANY 202101051 pentru HONDA la doar 512 RON. \u2713 Cod: 202101051 \u2713 Brand: MASTERSPORT \u2713 \u00cen stoc \u2713 Livrare 24h \u2713 Garan\u021bie!","robots":{"index":"index","follow":"follow","max-snippet":"max-snippet:-1","max-image-preview":"max-image-preview:large","max-video-preview":"max-video-preview:-1"},"og_locale":"en_US","og_type":"article","og_title":"Set frana frana disc HONDA CIVIC VII Hatchback (EU, EP, EV) 1.4 iS (EP1, EU5, EU7) benzina 90 cai MASTERSPORT GERMANY 202101051 HONDA | MASTERSPORT - Autorival","og_description":"\u26a1 Set frana frana disc HONDA CIVIC VII Hatchback (EU, EP, EV) 1.4 iS (EP1, EU5, EU7) benzina 90 cai MASTERSPORT GERMANY 202101051 pentru HONDA la doar 512 RON. \u2713 Cod: 202101051 \u2713 Brand: MASTERSPORT \u2713 \u00cen stoc \u2713 Livrare 24h \u2713 Garan\u021bie!","og_url":"https:\/\/autorival.ro\/honda\/product\/set-frana-frana-disc-honda-civic-vii-hatchback-eu-ep-ev-1-4-is-ep1-eu5-eu7-benzina-90-cai-mastersport-germany-202101051\/","og_site_name":"HONDA","article_modified_time":"2025-05-04T09:17:46+00:00","og_image":[{"width":1500,"height":1500,"url":"https:\/\/autorival.ro\/honda\/wp-content\/uploads\/sites\/11\/2025\/05\/202101051202-2.jpg","type":"image\/jpeg"}],"twitter_card":"summary_large_image","twitter_title":"Set frana frana disc HONDA CIVIC VII Hatchback (EU, EP, EV) 1.4 iS (EP1, EU5, EU7) benzina 90 cai MASTERSPORT GERMANY 202101051 HONDA | MASTERSPORT - Autorival","twitter_description":"\u26a1 Set frana frana disc HONDA CIVIC VII Hatchback (EU, EP, EV) 1.4 iS (EP1, EU5, EU7) benzina 90 cai MASTERSPORT GERMANY 202101051 pentru HONDA la doar 512 RON. \u2713 Cod: 202101051 \u2713 Brand: MASTERSPORT \u2713 \u00cen stoc \u2713 Livrare 24h \u2713 Garan\u021bie!","schema":{"@context":"https:\/\/schema.org","@graph":[{"@type":"WebPage","@id":"https:\/\/autorival.ro\/honda\/product\/set-frana-frana-disc-honda-civic-vii-hatchback-eu-ep-ev-1-4-is-ep1-eu5-eu7-benzina-90-cai-mastersport-germany-202101051\/","url":"https:\/\/autorival.ro\/honda\/product\/set-frana-frana-disc-honda-civic-vii-hatchback-eu-ep-ev-1-4-is-ep1-eu5-eu7-benzina-90-cai-mastersport-germany-202101051\/","name":"Set frana frana disc HONDA CIVIC VII Hatchback (EU, EP, EV) 1.4 iS (EP1, EU5, EU7) benzina 90 cai MASTERSPORT GERMANY 202101051 HONDA | MASTERSPORT - Autorival","isPartOf":{"@id":"https:\/\/autorival.ro\/honda\/#website"},"primaryImageOfPage":{"@id":"https:\/\/autorival.ro\/honda\/product\/set-frana-frana-disc-honda-civic-vii-hatchback-eu-ep-ev-1-4-is-ep1-eu5-eu7-benzina-90-cai-mastersport-germany-202101051\/#primaryimage"},"image":{"@id":"https:\/\/autorival.ro\/honda\/product\/set-frana-frana-disc-honda-civic-vii-hatchback-eu-ep-ev-1-4-is-ep1-eu5-eu7-benzina-90-cai-mastersport-germany-202101051\/#primaryimage"},"thumbnailUrl":"https:\/\/autorival.ro\/honda\/wp-content\/uploads\/sites\/11\/2025\/05\/202101051202-2.jpg","datePublished":"2025-05-04T09:17:45+00:00","dateModified":"2025-05-04T09:17:46+00:00","description":"\u26a1 Set frana frana disc HONDA CIVIC VII Hatchback (EU, EP, EV) 1.4 iS (EP1, EU5, EU7) benzina 90 cai MASTERSPORT GERMANY 202101051 pentru HONDA la doar 512 RON. \u2713 Cod: 202101051 \u2713 Brand: MASTERSPORT \u2713 \u00cen stoc \u2713 Livrare 24h \u2713 Garan\u021bie!","breadcrumb":{"@id":"https:\/\/autorival.ro\/honda\/product\/set-frana-frana-disc-honda-civic-vii-hatchback-eu-ep-ev-1-4-is-ep1-eu5-eu7-benzina-90-cai-mastersport-germany-202101051\/#breadcrumb"},"inLanguage":"en-US","potentialAction":[{"@type":"ReadAction","target":["https:\/\/autorival.ro\/honda\/product\/set-frana-frana-disc-honda-civic-vii-hatchback-eu-ep-ev-1-4-is-ep1-eu5-eu7-benzina-90-cai-mastersport-germany-202101051\/"]}]},{"@type":"ImageObject","inLanguage":"en-US","@id":"https:\/\/autorival.ro\/honda\/product\/set-frana-frana-disc-honda-civic-vii-hatchback-eu-ep-ev-1-4-is-ep1-eu5-eu7-benzina-90-cai-mastersport-germany-202101051\/#primaryimage","url":"https:\/\/autorival.ro\/honda\/wp-content\/uploads\/sites\/11\/2025\/05\/202101051202-2.jpg","contentUrl":"https:\/\/autorival.ro\/honda\/wp-content\/uploads\/sites\/11\/2025\/05\/202101051202-2.jpg","width":1500,"height":1500,"caption":"Set frana frana disc HONDA CIVIC VII Hatchback (EU, EP, EV) 1.4 i (EP1, EU7) benzina 75 cai MASTERSPORT GERMANY 202101051"},{"@type":"BreadcrumbList","@id":"https:\/\/autorival.ro\/honda\/product\/set-frana-frana-disc-honda-civic-vii-hatchback-eu-ep-ev-1-4-is-ep1-eu5-eu7-benzina-90-cai-mastersport-germany-202101051\/#breadcrumb","itemListElement":[{"@type":"ListItem","position":1,"name":"Prima pagin\u0103","item":"https:\/\/autorival.ro\/honda\/"},{"@type":"ListItem","position":2,"name":"Piese auto HONDA","item":"https:\/\/autorival.ro\/honda\/"},{"@type":"ListItem","position":3,"name":"Set frana frana disc HONDA CIVIC VII Hatchback (EU, EP, EV) 1.4 iS (EP1, EU5, EU7) benzina 90 cai MASTERSPORT GERMANY 202101051"}]},{"@type":"WebSite","@id":"https:\/\/autorival.ro\/honda\/#website","url":"https:\/\/autorival.ro\/honda\/","name":"HONDA","description":"","potentialAction":[{"@type":"SearchAction","target":{"@type":"EntryPoint","urlTemplate":"https:\/\/autorival.ro\/honda\/?s={search_term_string}"},"query-input":{"@type":"PropertyValueSpecification","valueRequired":true,"valueName":"search_term_string"}}],"inLanguage":"en-US"}]}},"_links":{"self":[{"href":"https:\/\/autorival.ro\/honda\/wp-json\/wp\/v2\/product\/141300","targetHints":{"allow":["GET"]}}],"collection":[{"href":"https:\/\/autorival.ro\/honda\/wp-json\/wp\/v2\/product"}],"about":[{"href":"https:\/\/autorival.ro\/honda\/wp-json\/wp\/v2\/types\/product"}],"replies":[{"embeddable":true,"href":"https:\/\/autorival.ro\/honda\/wp-json\/wp\/v2\/comments?post=141300"}],"wp:featuredmedia":[{"embeddable":true,"href":"https:\/\/autorival.ro\/honda\/wp-json\/wp\/v2\/media\/141291"}],"wp:attachment":[{"href":"https:\/\/autorival.ro\/honda\/wp-json\/wp\/v2\/media?parent=141300"}],"wp:term":[{"taxonomy":"product_brand","embeddable":true,"href":"https:\/\/autorival.ro\/honda\/wp-json\/wp\/v2\/product_brand?post=141300"},{"taxonomy":"product_cat","embeddable":true,"href":"https:\/\/autorival.ro\/honda\/wp-json\/wp\/v2\/product_cat?post=141300"},{"taxonomy":"product_tag","embeddable":true,"href":"https:\/\/autorival.ro\/honda\/wp-json\/wp\/v2\/product_tag?post=141300"}],"curies":[{"name":"wp","href":"https:\/\/api.w.org\/{rel}","templated":true}]}}