{"id":177610,"date":"2025-05-02T21:19:07","date_gmt":"2025-05-02T21:19:07","guid":{"rendered":"https:\/\/autorival.ro\/ford\/product\/placute-frana-ford-ecosport-1-0-ecoboost-benzina-125-cai-mtr-mt540\/"},"modified":"2025-05-02T21:19:07","modified_gmt":"2025-05-02T21:19:07","slug":"placute-frana-ford-ecosport-1-0-ecoboost-benzina-125-cai-mtr-mt540","status":"publish","type":"product","link":"https:\/\/autorival.ro\/ford\/product\/placute-frana-ford-ecosport-1-0-ecoboost-benzina-125-cai-mtr-mt540\/","title":{"rendered":"Placute frana FORD ECOSPORT 1.0 EcoBoost benzina 125 cai MTR MT540"},"content":{"rendered":"<p>Partea de montare: punte fata ->Latime 1 [mm]: 155,1 ->Latime 2 [mm]: 156,3\u00cenaltime 1 [mm]: 62,4\u00cenaltime 2 [mm]: 67 ->Grosime [mm]: 18,2Contact indicator uzura: exclus indicator avertizareNumar WVA: 23723Sistem de fr\u00e2nare: TevesNr. articol al accesoriului recomandat: 8DZ 355 201-211 ->Greutate [kg]: 1,7Montarea\/demontarea de personal de specialitate necesar\u0103!<\/p>\n","protected":false},"excerpt":{"rendered":"<p>Producator: MTR Cod producator: MT540<\/p>\n","protected":false},"featured_media":183579,"comment_status":"open","ping_status":"closed","template":"","meta":[],"product_brand":[16286],"product_cat":[16287],"product_tag":[17198,17197,17272,17715,17759,17753],"class_list":{"0":"post-177610","1":"product","2":"type-product","3":"status-publish","4":"has-post-thumbnail","6":"product_brand-mtr","7":"product_cat-placute-frana-1-0-ecoboost-benzina-125","8":"product_tag-ecosport","9":"product_tag-ford","10":"product_tag-frana","11":"product_tag-mt","12":"product_tag-mtr","13":"product_tag-placute","15":"first","16":"instock","17":"shipping-taxable","18":"purchasable","19":"product-type-simple"},"yoast_head":"<!-- This site is optimized with the Yoast SEO plugin v27.3 - https:\/\/yoast.com\/product\/yoast-seo-wordpress\/ -->\n<title>Placute frana FORD ECOSPORT 1.0 EcoBoost benzina 125 cai MTR MT540 FORD | MTR - Autorival<\/title>\n<meta name=\"description\" content=\"\u26a1 Placute frana FORD ECOSPORT 1.0 EcoBoost benzina 125 cai MTR MT540 pentru FORD la doar 104 RON. \u2713 Cod: MT540 \u2713 Brand: MTR \u2713 \u00cen stoc \u2713 Livrare 24h \u2713 Garan\u021bie!\" \/>\n<meta name=\"robots\" content=\"index, follow, max-snippet:-1, max-image-preview:large, max-video-preview:-1\" \/>\n<meta property=\"og:locale\" content=\"en_US\" \/>\n<meta property=\"og:type\" content=\"article\" \/>\n<meta property=\"og:title\" content=\"Placute frana FORD ECOSPORT 1.0 EcoBoost benzina 125 cai MTR MT540 FORD | MTR - Autorival\" \/>\n<meta property=\"og:description\" content=\"\u26a1 Placute frana FORD ECOSPORT 1.0 EcoBoost benzina 125 cai MTR MT540 pentru FORD la doar 104 RON. \u2713 Cod: MT540 \u2713 Brand: MTR \u2713 \u00cen stoc \u2713 Livrare 24h \u2713 Garan\u021bie!\" \/>\n<meta property=\"og:url\" content=\"https:\/\/autorival.ro\/ford\/product\/placute-frana-ford-ecosport-1-0-ecoboost-benzina-125-cai-mtr-mt540\/\" \/>\n<meta property=\"og:site_name\" content=\"FORD\" \/>\n<meta property=\"og:image\" content=\"https:\/\/autorival.ro\/ford\/wp-content\/uploads\/sites\/3\/2025\/05\/no-photo.jpg\" \/>\n\t<meta property=\"og:image:width\" content=\"1024\" \/>\n\t<meta property=\"og:image:height\" content=\"1024\" \/>\n\t<meta property=\"og:image:type\" content=\"image\/jpeg\" \/>\n<meta name=\"twitter:card\" content=\"summary_large_image\" \/>\n<meta name=\"twitter:title\" content=\"Placute frana FORD ECOSPORT 1.0 EcoBoost benzina 125 cai MTR MT540 FORD | MTR - Autorival\" \/>\n<meta name=\"twitter:description\" content=\"\u26a1 Placute frana FORD ECOSPORT 1.0 EcoBoost benzina 125 cai MTR MT540 pentru FORD la doar 104 RON. \u2713 Cod: MT540 \u2713 Brand: MTR \u2713 \u00cen stoc \u2713 Livrare 24h \u2713 Garan\u021bie!\" \/>\n<script type=\"application\/ld+json\" class=\"yoast-schema-graph\">{\"@context\":\"https:\\\/\\\/schema.org\",\"@graph\":[{\"@type\":\"WebPage\",\"@id\":\"https:\\\/\\\/autorival.ro\\\/ford\\\/product\\\/placute-frana-ford-ecosport-1-0-ecoboost-benzina-125-cai-mtr-mt540\\\/\",\"url\":\"https:\\\/\\\/autorival.ro\\\/ford\\\/product\\\/placute-frana-ford-ecosport-1-0-ecoboost-benzina-125-cai-mtr-mt540\\\/\",\"name\":\"Placute frana FORD ECOSPORT 1.0 EcoBoost benzina 125 cai MTR MT540 FORD | MTR - Autorival\",\"isPartOf\":{\"@id\":\"https:\\\/\\\/autorival.ro\\\/ford\\\/#website\"},\"primaryImageOfPage\":{\"@id\":\"https:\\\/\\\/autorival.ro\\\/ford\\\/product\\\/placute-frana-ford-ecosport-1-0-ecoboost-benzina-125-cai-mtr-mt540\\\/#primaryimage\"},\"image\":{\"@id\":\"https:\\\/\\\/autorival.ro\\\/ford\\\/product\\\/placute-frana-ford-ecosport-1-0-ecoboost-benzina-125-cai-mtr-mt540\\\/#primaryimage\"},\"thumbnailUrl\":\"https:\\\/\\\/autorival.ro\\\/ford\\\/wp-content\\\/uploads\\\/sites\\\/3\\\/2025\\\/07\\\/ford0105.png\",\"datePublished\":\"2025-05-02T21:19:07+00:00\",\"description\":\"\u26a1 Placute frana FORD ECOSPORT 1.0 EcoBoost benzina 125 cai MTR MT540 pentru FORD la doar 104 RON. \u2713 Cod: MT540 \u2713 Brand: MTR \u2713 \u00cen stoc \u2713 Livrare 24h \u2713 Garan\u021bie!\",\"breadcrumb\":{\"@id\":\"https:\\\/\\\/autorival.ro\\\/ford\\\/product\\\/placute-frana-ford-ecosport-1-0-ecoboost-benzina-125-cai-mtr-mt540\\\/#breadcrumb\"},\"inLanguage\":\"en-US\",\"potentialAction\":[{\"@type\":\"ReadAction\",\"target\":[\"https:\\\/\\\/autorival.ro\\\/ford\\\/product\\\/placute-frana-ford-ecosport-1-0-ecoboost-benzina-125-cai-mtr-mt540\\\/\"]}]},{\"@type\":\"ImageObject\",\"inLanguage\":\"en-US\",\"@id\":\"https:\\\/\\\/autorival.ro\\\/ford\\\/product\\\/placute-frana-ford-ecosport-1-0-ecoboost-benzina-125-cai-mtr-mt540\\\/#primaryimage\",\"url\":\"https:\\\/\\\/autorival.ro\\\/ford\\\/wp-content\\\/uploads\\\/sites\\\/3\\\/2025\\\/07\\\/ford0105.png\",\"contentUrl\":\"https:\\\/\\\/autorival.ro\\\/ford\\\/wp-content\\\/uploads\\\/sites\\\/3\\\/2025\\\/07\\\/ford0105.png\",\"width\":400,\"height\":225},{\"@type\":\"BreadcrumbList\",\"@id\":\"https:\\\/\\\/autorival.ro\\\/ford\\\/product\\\/placute-frana-ford-ecosport-1-0-ecoboost-benzina-125-cai-mtr-mt540\\\/#breadcrumb\",\"itemListElement\":[{\"@type\":\"ListItem\",\"position\":1,\"name\":\"Prima pagin\u0103\",\"item\":\"https:\\\/\\\/autorival.ro\\\/ford\\\/\"},{\"@type\":\"ListItem\",\"position\":2,\"name\":\"Piese auto FORD\",\"item\":\"https:\\\/\\\/autorival.ro\\\/ford\\\/\"},{\"@type\":\"ListItem\",\"position\":3,\"name\":\"Placute frana FORD ECOSPORT 1.0 EcoBoost benzina 125 cai MTR MT540\"}]},{\"@type\":\"WebSite\",\"@id\":\"https:\\\/\\\/autorival.ro\\\/ford\\\/#website\",\"url\":\"https:\\\/\\\/autorival.ro\\\/ford\\\/\",\"name\":\"FORD\",\"description\":\"\",\"potentialAction\":[{\"@type\":\"SearchAction\",\"target\":{\"@type\":\"EntryPoint\",\"urlTemplate\":\"https:\\\/\\\/autorival.ro\\\/ford\\\/?s={search_term_string}\"},\"query-input\":{\"@type\":\"PropertyValueSpecification\",\"valueRequired\":true,\"valueName\":\"search_term_string\"}}],\"inLanguage\":\"en-US\"}]}<\/script>\n<!-- \/ Yoast SEO plugin. -->","yoast_head_json":{"title":"Placute frana FORD ECOSPORT 1.0 EcoBoost benzina 125 cai MTR MT540 FORD | MTR - Autorival","description":"\u26a1 Placute frana FORD ECOSPORT 1.0 EcoBoost benzina 125 cai MTR MT540 pentru FORD la doar 104 RON. \u2713 Cod: MT540 \u2713 Brand: MTR \u2713 \u00cen stoc \u2713 Livrare 24h \u2713 Garan\u021bie!","robots":{"index":"index","follow":"follow","max-snippet":"max-snippet:-1","max-image-preview":"max-image-preview:large","max-video-preview":"max-video-preview:-1"},"og_locale":"en_US","og_type":"article","og_title":"Placute frana FORD ECOSPORT 1.0 EcoBoost benzina 125 cai MTR MT540 FORD | MTR - Autorival","og_description":"\u26a1 Placute frana FORD ECOSPORT 1.0 EcoBoost benzina 125 cai MTR MT540 pentru FORD la doar 104 RON. \u2713 Cod: MT540 \u2713 Brand: MTR \u2713 \u00cen stoc \u2713 Livrare 24h \u2713 Garan\u021bie!","og_url":"https:\/\/autorival.ro\/ford\/product\/placute-frana-ford-ecosport-1-0-ecoboost-benzina-125-cai-mtr-mt540\/","og_site_name":"FORD","og_image":[{"width":1024,"height":1024,"url":"https:\/\/autorival.ro\/ford\/wp-content\/uploads\/sites\/3\/2025\/05\/no-photo.jpg","type":"image\/jpeg"}],"twitter_card":"summary_large_image","twitter_title":"Placute frana FORD ECOSPORT 1.0 EcoBoost benzina 125 cai MTR MT540 FORD | MTR - Autorival","twitter_description":"\u26a1 Placute frana FORD ECOSPORT 1.0 EcoBoost benzina 125 cai MTR MT540 pentru FORD la doar 104 RON. \u2713 Cod: MT540 \u2713 Brand: MTR \u2713 \u00cen stoc \u2713 Livrare 24h \u2713 Garan\u021bie!","schema":{"@context":"https:\/\/schema.org","@graph":[{"@type":"WebPage","@id":"https:\/\/autorival.ro\/ford\/product\/placute-frana-ford-ecosport-1-0-ecoboost-benzina-125-cai-mtr-mt540\/","url":"https:\/\/autorival.ro\/ford\/product\/placute-frana-ford-ecosport-1-0-ecoboost-benzina-125-cai-mtr-mt540\/","name":"Placute frana FORD ECOSPORT 1.0 EcoBoost benzina 125 cai MTR MT540 FORD | MTR - Autorival","isPartOf":{"@id":"https:\/\/autorival.ro\/ford\/#website"},"primaryImageOfPage":{"@id":"https:\/\/autorival.ro\/ford\/product\/placute-frana-ford-ecosport-1-0-ecoboost-benzina-125-cai-mtr-mt540\/#primaryimage"},"image":{"@id":"https:\/\/autorival.ro\/ford\/product\/placute-frana-ford-ecosport-1-0-ecoboost-benzina-125-cai-mtr-mt540\/#primaryimage"},"thumbnailUrl":"https:\/\/autorival.ro\/ford\/wp-content\/uploads\/sites\/3\/2025\/07\/ford0105.png","datePublished":"2025-05-02T21:19:07+00:00","description":"\u26a1 Placute frana FORD ECOSPORT 1.0 EcoBoost benzina 125 cai MTR MT540 pentru FORD la doar 104 RON. \u2713 Cod: MT540 \u2713 Brand: MTR \u2713 \u00cen stoc \u2713 Livrare 24h \u2713 Garan\u021bie!","breadcrumb":{"@id":"https:\/\/autorival.ro\/ford\/product\/placute-frana-ford-ecosport-1-0-ecoboost-benzina-125-cai-mtr-mt540\/#breadcrumb"},"inLanguage":"en-US","potentialAction":[{"@type":"ReadAction","target":["https:\/\/autorival.ro\/ford\/product\/placute-frana-ford-ecosport-1-0-ecoboost-benzina-125-cai-mtr-mt540\/"]}]},{"@type":"ImageObject","inLanguage":"en-US","@id":"https:\/\/autorival.ro\/ford\/product\/placute-frana-ford-ecosport-1-0-ecoboost-benzina-125-cai-mtr-mt540\/#primaryimage","url":"https:\/\/autorival.ro\/ford\/wp-content\/uploads\/sites\/3\/2025\/07\/ford0105.png","contentUrl":"https:\/\/autorival.ro\/ford\/wp-content\/uploads\/sites\/3\/2025\/07\/ford0105.png","width":400,"height":225},{"@type":"BreadcrumbList","@id":"https:\/\/autorival.ro\/ford\/product\/placute-frana-ford-ecosport-1-0-ecoboost-benzina-125-cai-mtr-mt540\/#breadcrumb","itemListElement":[{"@type":"ListItem","position":1,"name":"Prima pagin\u0103","item":"https:\/\/autorival.ro\/ford\/"},{"@type":"ListItem","position":2,"name":"Piese auto FORD","item":"https:\/\/autorival.ro\/ford\/"},{"@type":"ListItem","position":3,"name":"Placute frana FORD ECOSPORT 1.0 EcoBoost benzina 125 cai MTR MT540"}]},{"@type":"WebSite","@id":"https:\/\/autorival.ro\/ford\/#website","url":"https:\/\/autorival.ro\/ford\/","name":"FORD","description":"","potentialAction":[{"@type":"SearchAction","target":{"@type":"EntryPoint","urlTemplate":"https:\/\/autorival.ro\/ford\/?s={search_term_string}"},"query-input":{"@type":"PropertyValueSpecification","valueRequired":true,"valueName":"search_term_string"}}],"inLanguage":"en-US"}]}},"_links":{"self":[{"href":"https:\/\/autorival.ro\/ford\/wp-json\/wp\/v2\/product\/177610","targetHints":{"allow":["GET"]}}],"collection":[{"href":"https:\/\/autorival.ro\/ford\/wp-json\/wp\/v2\/product"}],"about":[{"href":"https:\/\/autorival.ro\/ford\/wp-json\/wp\/v2\/types\/product"}],"replies":[{"embeddable":true,"href":"https:\/\/autorival.ro\/ford\/wp-json\/wp\/v2\/comments?post=177610"}],"wp:featuredmedia":[{"embeddable":true,"href":"https:\/\/autorival.ro\/ford\/wp-json\/wp\/v2\/media\/183579"}],"wp:attachment":[{"href":"https:\/\/autorival.ro\/ford\/wp-json\/wp\/v2\/media?parent=177610"}],"wp:term":[{"taxonomy":"product_brand","embeddable":true,"href":"https:\/\/autorival.ro\/ford\/wp-json\/wp\/v2\/product_brand?post=177610"},{"taxonomy":"product_cat","embeddable":true,"href":"https:\/\/autorival.ro\/ford\/wp-json\/wp\/v2\/product_cat?post=177610"},{"taxonomy":"product_tag","embeddable":true,"href":"https:\/\/autorival.ro\/ford\/wp-json\/wp\/v2\/product_tag?post=177610"}],"curies":[{"name":"wp","href":"https:\/\/api.w.org\/{rel}","templated":true}]}}