{"id":171648,"date":"2025-05-02T20:37:27","date_gmt":"2025-05-02T20:37:27","guid":{"rendered":"https:\/\/autorival.ro\/ford\/product\/compresor-sistem-de-supraalimentare-ford-ecosport-1-0-ecoboost-benzina-125-cai-alanko-10901313\/"},"modified":"2025-05-02T20:37:27","modified_gmt":"2025-05-02T20:37:27","slug":"compresor-sistem-de-supraalimentare-ford-ecosport-1-0-ecoboost-benzina-125-cai-alanko-10901313","status":"publish","type":"product","link":"https:\/\/autorival.ro\/ford\/product\/compresor-sistem-de-supraalimentare-ford-ecosport-1-0-ecoboost-benzina-125-cai-alanko-10901313\/","title":{"rendered":"Compresor sistem de supraalimentare FORD ECOSPORT 1.0 EcoBoost benzina 125 cai ALANKO 10901313"},"content":{"rendered":"<p>Atentie la prescrierile producatorului de autovehicolPiesa nouaArticol extins\/Informatii de extindere: incl. Set garnituri, cu material de ata\u00c3\u02c6\u00e2\u201e\u00a2are\/fixareUnitate de calitate: bucataTip combustibil: benzinaCalitate: NeuteilTip compresor: cu supap\u0103 regl. presi. \u00eenc\u0103rc. WastegateTip racire: racit cu apaMod de operare: pneumatic<\/p>\n","protected":false},"excerpt":{"rendered":"<p>Producator: ALANKO Cod producator: 10901313<\/p>\n","protected":false},"featured_media":171647,"comment_status":"open","ping_status":"closed","template":"","meta":[],"product_brand":[15681],"product_cat":[15674],"product_tag":[17463,17352,17198,17197,17461,17462],"class_list":{"0":"post-171648","1":"product","2":"type-product","3":"status-publish","4":"has-post-thumbnail","6":"product_brand-alanko","7":"product_cat-compresor-sistem-de-supraalimentare-1-0-ecoboost-benzina-125","8":"product_tag-alanko","9":"product_tag-compresor","10":"product_tag-ecosport","11":"product_tag-ford","12":"product_tag-sistem","13":"product_tag-supraalimentare","15":"first","16":"instock","17":"shipping-taxable","18":"purchasable","19":"product-type-simple"},"yoast_head":"<!-- This site is optimized with the Yoast SEO plugin v27.3 - https:\/\/yoast.com\/product\/yoast-seo-wordpress\/ -->\n<title>Compresor sistem de supraalimentare FORD ECOSPORT 1.0 EcoBoost benzina 125 cai ALANKO 10901313 FORD | ALANKO - Autorival<\/title>\n<meta name=\"description\" content=\"\u26a1 Compresor sistem de supraalimentare FORD ECOSPORT 1.0 EcoBoost benzina 125 cai ALANKO 10901313 pentru FORD la doar 2621.85 RON. \u2713 Cod: 10901313 \u2713 Brand: ALANKO \u2713 \u00cen stoc \u2713 Livrare 24h \u2713 Garan\u021bie!\" \/>\n<meta name=\"robots\" content=\"index, follow, max-snippet:-1, max-image-preview:large, max-video-preview:-1\" \/>\n<meta property=\"og:locale\" content=\"en_US\" \/>\n<meta property=\"og:type\" content=\"article\" \/>\n<meta property=\"og:title\" content=\"Compresor sistem de supraalimentare FORD ECOSPORT 1.0 EcoBoost benzina 125 cai ALANKO 10901313 FORD | ALANKO - Autorival\" \/>\n<meta property=\"og:description\" content=\"\u26a1 Compresor sistem de supraalimentare FORD ECOSPORT 1.0 EcoBoost benzina 125 cai ALANKO 10901313 pentru FORD la doar 2621.85 RON. \u2713 Cod: 10901313 \u2713 Brand: ALANKO \u2713 \u00cen stoc \u2713 Livrare 24h \u2713 Garan\u021bie!\" \/>\n<meta property=\"og:url\" content=\"https:\/\/autorival.ro\/ford\/product\/compresor-sistem-de-supraalimentare-ford-ecosport-1-0-ecoboost-benzina-125-cai-alanko-10901313\/\" \/>\n<meta property=\"og:site_name\" content=\"FORD\" \/>\n<meta property=\"og:image\" content=\"https:\/\/autorival.ro\/ford\/wp-content\/uploads\/sites\/3\/2025\/05\/704287.jpg\" \/>\n\t<meta property=\"og:image:width\" content=\"2000\" \/>\n\t<meta property=\"og:image:height\" content=\"1333\" \/>\n\t<meta property=\"og:image:type\" content=\"image\/jpeg\" \/>\n<meta name=\"twitter:card\" content=\"summary_large_image\" \/>\n<meta name=\"twitter:title\" content=\"Compresor sistem de supraalimentare FORD ECOSPORT 1.0 EcoBoost benzina 125 cai ALANKO 10901313 FORD | ALANKO - Autorival\" \/>\n<meta name=\"twitter:description\" content=\"\u26a1 Compresor sistem de supraalimentare FORD ECOSPORT 1.0 EcoBoost benzina 125 cai ALANKO 10901313 pentru FORD la doar 2621.85 RON. \u2713 Cod: 10901313 \u2713 Brand: ALANKO \u2713 \u00cen stoc \u2713 Livrare 24h \u2713 Garan\u021bie!\" \/>\n<script type=\"application\/ld+json\" class=\"yoast-schema-graph\">{\"@context\":\"https:\\\/\\\/schema.org\",\"@graph\":[{\"@type\":\"WebPage\",\"@id\":\"https:\\\/\\\/autorival.ro\\\/ford\\\/product\\\/compresor-sistem-de-supraalimentare-ford-ecosport-1-0-ecoboost-benzina-125-cai-alanko-10901313\\\/\",\"url\":\"https:\\\/\\\/autorival.ro\\\/ford\\\/product\\\/compresor-sistem-de-supraalimentare-ford-ecosport-1-0-ecoboost-benzina-125-cai-alanko-10901313\\\/\",\"name\":\"Compresor sistem de supraalimentare FORD ECOSPORT 1.0 EcoBoost benzina 125 cai ALANKO 10901313 FORD | ALANKO - Autorival\",\"isPartOf\":{\"@id\":\"https:\\\/\\\/autorival.ro\\\/ford\\\/#website\"},\"primaryImageOfPage\":{\"@id\":\"https:\\\/\\\/autorival.ro\\\/ford\\\/product\\\/compresor-sistem-de-supraalimentare-ford-ecosport-1-0-ecoboost-benzina-125-cai-alanko-10901313\\\/#primaryimage\"},\"image\":{\"@id\":\"https:\\\/\\\/autorival.ro\\\/ford\\\/product\\\/compresor-sistem-de-supraalimentare-ford-ecosport-1-0-ecoboost-benzina-125-cai-alanko-10901313\\\/#primaryimage\"},\"thumbnailUrl\":\"https:\\\/\\\/autorival.ro\\\/ford\\\/wp-content\\\/uploads\\\/sites\\\/3\\\/2025\\\/05\\\/704287.jpg\",\"datePublished\":\"2025-05-02T20:37:27+00:00\",\"description\":\"\u26a1 Compresor sistem de supraalimentare FORD ECOSPORT 1.0 EcoBoost benzina 125 cai ALANKO 10901313 pentru FORD la doar 2621.85 RON. \u2713 Cod: 10901313 \u2713 Brand: ALANKO \u2713 \u00cen stoc \u2713 Livrare 24h \u2713 Garan\u021bie!\",\"breadcrumb\":{\"@id\":\"https:\\\/\\\/autorival.ro\\\/ford\\\/product\\\/compresor-sistem-de-supraalimentare-ford-ecosport-1-0-ecoboost-benzina-125-cai-alanko-10901313\\\/#breadcrumb\"},\"inLanguage\":\"en-US\",\"potentialAction\":[{\"@type\":\"ReadAction\",\"target\":[\"https:\\\/\\\/autorival.ro\\\/ford\\\/product\\\/compresor-sistem-de-supraalimentare-ford-ecosport-1-0-ecoboost-benzina-125-cai-alanko-10901313\\\/\"]}]},{\"@type\":\"ImageObject\",\"inLanguage\":\"en-US\",\"@id\":\"https:\\\/\\\/autorival.ro\\\/ford\\\/product\\\/compresor-sistem-de-supraalimentare-ford-ecosport-1-0-ecoboost-benzina-125-cai-alanko-10901313\\\/#primaryimage\",\"url\":\"https:\\\/\\\/autorival.ro\\\/ford\\\/wp-content\\\/uploads\\\/sites\\\/3\\\/2025\\\/05\\\/704287.jpg\",\"contentUrl\":\"https:\\\/\\\/autorival.ro\\\/ford\\\/wp-content\\\/uploads\\\/sites\\\/3\\\/2025\\\/05\\\/704287.jpg\",\"width\":2000,\"height\":1333,\"caption\":\"Compresor sistem de supraalimentare FORD ECOSPORT 1.0 EcoBoost benzina 125 cai ALANKO 10901313\"},{\"@type\":\"BreadcrumbList\",\"@id\":\"https:\\\/\\\/autorival.ro\\\/ford\\\/product\\\/compresor-sistem-de-supraalimentare-ford-ecosport-1-0-ecoboost-benzina-125-cai-alanko-10901313\\\/#breadcrumb\",\"itemListElement\":[{\"@type\":\"ListItem\",\"position\":1,\"name\":\"Prima pagin\u0103\",\"item\":\"https:\\\/\\\/autorival.ro\\\/ford\\\/\"},{\"@type\":\"ListItem\",\"position\":2,\"name\":\"Piese auto FORD\",\"item\":\"https:\\\/\\\/autorival.ro\\\/ford\\\/\"},{\"@type\":\"ListItem\",\"position\":3,\"name\":\"Compresor sistem de supraalimentare FORD ECOSPORT 1.0 EcoBoost benzina 125 cai ALANKO 10901313\"}]},{\"@type\":\"WebSite\",\"@id\":\"https:\\\/\\\/autorival.ro\\\/ford\\\/#website\",\"url\":\"https:\\\/\\\/autorival.ro\\\/ford\\\/\",\"name\":\"FORD\",\"description\":\"\",\"potentialAction\":[{\"@type\":\"SearchAction\",\"target\":{\"@type\":\"EntryPoint\",\"urlTemplate\":\"https:\\\/\\\/autorival.ro\\\/ford\\\/?s={search_term_string}\"},\"query-input\":{\"@type\":\"PropertyValueSpecification\",\"valueRequired\":true,\"valueName\":\"search_term_string\"}}],\"inLanguage\":\"en-US\"}]}<\/script>\n<!-- \/ Yoast SEO plugin. -->","yoast_head_json":{"title":"Compresor sistem de supraalimentare FORD ECOSPORT 1.0 EcoBoost benzina 125 cai ALANKO 10901313 FORD | ALANKO - Autorival","description":"\u26a1 Compresor sistem de supraalimentare FORD ECOSPORT 1.0 EcoBoost benzina 125 cai ALANKO 10901313 pentru FORD la doar 2621.85 RON. \u2713 Cod: 10901313 \u2713 Brand: ALANKO \u2713 \u00cen stoc \u2713 Livrare 24h \u2713 Garan\u021bie!","robots":{"index":"index","follow":"follow","max-snippet":"max-snippet:-1","max-image-preview":"max-image-preview:large","max-video-preview":"max-video-preview:-1"},"og_locale":"en_US","og_type":"article","og_title":"Compresor sistem de supraalimentare FORD ECOSPORT 1.0 EcoBoost benzina 125 cai ALANKO 10901313 FORD | ALANKO - Autorival","og_description":"\u26a1 Compresor sistem de supraalimentare FORD ECOSPORT 1.0 EcoBoost benzina 125 cai ALANKO 10901313 pentru FORD la doar 2621.85 RON. \u2713 Cod: 10901313 \u2713 Brand: ALANKO \u2713 \u00cen stoc \u2713 Livrare 24h \u2713 Garan\u021bie!","og_url":"https:\/\/autorival.ro\/ford\/product\/compresor-sistem-de-supraalimentare-ford-ecosport-1-0-ecoboost-benzina-125-cai-alanko-10901313\/","og_site_name":"FORD","og_image":[{"width":2000,"height":1333,"url":"https:\/\/autorival.ro\/ford\/wp-content\/uploads\/sites\/3\/2025\/05\/704287.jpg","type":"image\/jpeg"}],"twitter_card":"summary_large_image","twitter_title":"Compresor sistem de supraalimentare FORD ECOSPORT 1.0 EcoBoost benzina 125 cai ALANKO 10901313 FORD | ALANKO - Autorival","twitter_description":"\u26a1 Compresor sistem de supraalimentare FORD ECOSPORT 1.0 EcoBoost benzina 125 cai ALANKO 10901313 pentru FORD la doar 2621.85 RON. \u2713 Cod: 10901313 \u2713 Brand: ALANKO \u2713 \u00cen stoc \u2713 Livrare 24h \u2713 Garan\u021bie!","schema":{"@context":"https:\/\/schema.org","@graph":[{"@type":"WebPage","@id":"https:\/\/autorival.ro\/ford\/product\/compresor-sistem-de-supraalimentare-ford-ecosport-1-0-ecoboost-benzina-125-cai-alanko-10901313\/","url":"https:\/\/autorival.ro\/ford\/product\/compresor-sistem-de-supraalimentare-ford-ecosport-1-0-ecoboost-benzina-125-cai-alanko-10901313\/","name":"Compresor sistem de supraalimentare FORD ECOSPORT 1.0 EcoBoost benzina 125 cai ALANKO 10901313 FORD | ALANKO - Autorival","isPartOf":{"@id":"https:\/\/autorival.ro\/ford\/#website"},"primaryImageOfPage":{"@id":"https:\/\/autorival.ro\/ford\/product\/compresor-sistem-de-supraalimentare-ford-ecosport-1-0-ecoboost-benzina-125-cai-alanko-10901313\/#primaryimage"},"image":{"@id":"https:\/\/autorival.ro\/ford\/product\/compresor-sistem-de-supraalimentare-ford-ecosport-1-0-ecoboost-benzina-125-cai-alanko-10901313\/#primaryimage"},"thumbnailUrl":"https:\/\/autorival.ro\/ford\/wp-content\/uploads\/sites\/3\/2025\/05\/704287.jpg","datePublished":"2025-05-02T20:37:27+00:00","description":"\u26a1 Compresor sistem de supraalimentare FORD ECOSPORT 1.0 EcoBoost benzina 125 cai ALANKO 10901313 pentru FORD la doar 2621.85 RON. \u2713 Cod: 10901313 \u2713 Brand: ALANKO \u2713 \u00cen stoc \u2713 Livrare 24h \u2713 Garan\u021bie!","breadcrumb":{"@id":"https:\/\/autorival.ro\/ford\/product\/compresor-sistem-de-supraalimentare-ford-ecosport-1-0-ecoboost-benzina-125-cai-alanko-10901313\/#breadcrumb"},"inLanguage":"en-US","potentialAction":[{"@type":"ReadAction","target":["https:\/\/autorival.ro\/ford\/product\/compresor-sistem-de-supraalimentare-ford-ecosport-1-0-ecoboost-benzina-125-cai-alanko-10901313\/"]}]},{"@type":"ImageObject","inLanguage":"en-US","@id":"https:\/\/autorival.ro\/ford\/product\/compresor-sistem-de-supraalimentare-ford-ecosport-1-0-ecoboost-benzina-125-cai-alanko-10901313\/#primaryimage","url":"https:\/\/autorival.ro\/ford\/wp-content\/uploads\/sites\/3\/2025\/05\/704287.jpg","contentUrl":"https:\/\/autorival.ro\/ford\/wp-content\/uploads\/sites\/3\/2025\/05\/704287.jpg","width":2000,"height":1333,"caption":"Compresor sistem de supraalimentare FORD ECOSPORT 1.0 EcoBoost benzina 125 cai ALANKO 10901313"},{"@type":"BreadcrumbList","@id":"https:\/\/autorival.ro\/ford\/product\/compresor-sistem-de-supraalimentare-ford-ecosport-1-0-ecoboost-benzina-125-cai-alanko-10901313\/#breadcrumb","itemListElement":[{"@type":"ListItem","position":1,"name":"Prima pagin\u0103","item":"https:\/\/autorival.ro\/ford\/"},{"@type":"ListItem","position":2,"name":"Piese auto FORD","item":"https:\/\/autorival.ro\/ford\/"},{"@type":"ListItem","position":3,"name":"Compresor sistem de supraalimentare FORD ECOSPORT 1.0 EcoBoost benzina 125 cai ALANKO 10901313"}]},{"@type":"WebSite","@id":"https:\/\/autorival.ro\/ford\/#website","url":"https:\/\/autorival.ro\/ford\/","name":"FORD","description":"","potentialAction":[{"@type":"SearchAction","target":{"@type":"EntryPoint","urlTemplate":"https:\/\/autorival.ro\/ford\/?s={search_term_string}"},"query-input":{"@type":"PropertyValueSpecification","valueRequired":true,"valueName":"search_term_string"}}],"inLanguage":"en-US"}]}},"_links":{"self":[{"href":"https:\/\/autorival.ro\/ford\/wp-json\/wp\/v2\/product\/171648","targetHints":{"allow":["GET"]}}],"collection":[{"href":"https:\/\/autorival.ro\/ford\/wp-json\/wp\/v2\/product"}],"about":[{"href":"https:\/\/autorival.ro\/ford\/wp-json\/wp\/v2\/types\/product"}],"replies":[{"embeddable":true,"href":"https:\/\/autorival.ro\/ford\/wp-json\/wp\/v2\/comments?post=171648"}],"wp:featuredmedia":[{"embeddable":true,"href":"https:\/\/autorival.ro\/ford\/wp-json\/wp\/v2\/media\/171647"}],"wp:attachment":[{"href":"https:\/\/autorival.ro\/ford\/wp-json\/wp\/v2\/media?parent=171648"}],"wp:term":[{"taxonomy":"product_brand","embeddable":true,"href":"https:\/\/autorival.ro\/ford\/wp-json\/wp\/v2\/product_brand?post=171648"},{"taxonomy":"product_cat","embeddable":true,"href":"https:\/\/autorival.ro\/ford\/wp-json\/wp\/v2\/product_cat?post=171648"},{"taxonomy":"product_tag","embeddable":true,"href":"https:\/\/autorival.ro\/ford\/wp-json\/wp\/v2\/product_tag?post=171648"}],"curies":[{"name":"wp","href":"https:\/\/api.w.org\/{rel}","templated":true}]}}