{"id":419917,"date":"2025-05-26T03:47:37","date_gmt":"2025-05-26T03:47:37","guid":{"rendered":"https:\/\/autorival.ro\/fiat\/product\/sonda-lambda-fiat-panda-caseta-hatchback-141_-1000-benzina-44-cai-denso-dox-1351\/"},"modified":"2025-05-26T03:47:37","modified_gmt":"2025-05-26T03:47:37","slug":"sonda-lambda-fiat-panda-caseta-hatchback-141_-1000-benzina-44-cai-denso-dox-1351","status":"publish","type":"product","link":"https:\/\/autorival.ro\/fiat\/product\/sonda-lambda-fiat-panda-caseta-hatchback-141_-1000-benzina-44-cai-denso-dox-1351\/","title":{"rendered":"Sonda Lambda FIAT PANDA Caseta\/ Hatchback (141_) 1000 benzina 44 cai DENSO DOX-1351"},"content":{"rendered":"<p>pt. cod original (OE): 7619303Sonda lambda: Sonda reglajSistem de esapament: pentru precatalizatorpt. cod original (OE): 053906265Calitate: OERestrictiile producatorului: DENSO ->Dimensiune filet: M18x1.5 ->Lungime cablu [mm]: 986Num\u0103rul conexiunilor cu muf\u0103: 3Masa [g]: 121Sonda lambda: incalzit, Sonda Lambda, Sound\u0103 Lambda ->Greutate brut\u0103 [g]: 151<\/p>\n","protected":false},"excerpt":{"rendered":"<p>Producator: DENSO Cod producator: DOX-1351<\/p>\n","protected":false},"featured_media":455126,"comment_status":"open","ping_status":"closed","template":"","meta":[],"product_brand":[796],"product_cat":[34934],"product_tag":[38351,39623,38291,39572,38323,39571],"class_list":{"0":"post-419917","1":"product","2":"type-product","3":"status-publish","4":"has-post-thumbnail","6":"product_brand-denso","7":"product_cat-sonda-lambda-caseta-hatchback-141_-1000-benzina-44","8":"product_tag-denso","9":"product_tag-dox","10":"product_tag-fiat","11":"product_tag-lambda","12":"product_tag-panda","13":"product_tag-sonda","15":"first","16":"instock","17":"shipping-taxable","18":"purchasable","19":"product-type-simple"},"yoast_head":"<!-- This site is optimized with the Yoast SEO plugin v27.3 - https:\/\/yoast.com\/product\/yoast-seo-wordpress\/ -->\n<title>Sonda Lambda FIAT PANDA Caseta\/ Hatchback (141_) 1000 benzina 44 cai DENSO DOX-1351 FIAT | DENSO - Autorival<\/title>\n<meta name=\"description\" content=\"\u26a1 Sonda Lambda FIAT PANDA Caseta\/ Hatchback (141_) 1000 benzina 44 cai DENSO DOX-1351 pentru FIAT la doar 528.15 RON. \u2713 Cod: DOX-1351 \u2713 Brand: DENSO \u2713 \u00cen stoc \u2713 Livrare 24h \u2713 Garan\u021bie!\" \/>\n<meta name=\"robots\" content=\"index, follow, max-snippet:-1, max-image-preview:large, max-video-preview:-1\" \/>\n<meta property=\"og:locale\" content=\"en_US\" \/>\n<meta property=\"og:type\" content=\"article\" \/>\n<meta property=\"og:title\" content=\"Sonda Lambda FIAT PANDA Caseta\/ Hatchback (141_) 1000 benzina 44 cai DENSO DOX-1351 FIAT | DENSO - Autorival\" \/>\n<meta property=\"og:description\" content=\"\u26a1 Sonda Lambda FIAT PANDA Caseta\/ Hatchback (141_) 1000 benzina 44 cai DENSO DOX-1351 pentru FIAT la doar 528.15 RON. \u2713 Cod: DOX-1351 \u2713 Brand: DENSO \u2713 \u00cen stoc \u2713 Livrare 24h \u2713 Garan\u021bie!\" \/>\n<meta property=\"og:url\" content=\"https:\/\/autorival.ro\/fiat\/product\/sonda-lambda-fiat-panda-caseta-hatchback-141_-1000-benzina-44-cai-denso-dox-1351\/\" \/>\n<meta property=\"og:site_name\" content=\"FIAT\" \/>\n<meta property=\"og:image\" content=\"https:\/\/autorival.ro\/fiat\/wp-content\/uploads\/sites\/9\/2025\/07\/fiat0105.png\" \/>\n\t<meta property=\"og:image:width\" content=\"474\" \/>\n\t<meta property=\"og:image:height\" content=\"474\" \/>\n\t<meta property=\"og:image:type\" content=\"image\/png\" \/>\n<meta name=\"twitter:card\" content=\"summary_large_image\" \/>\n<meta name=\"twitter:title\" content=\"Sonda Lambda FIAT PANDA Caseta\/ Hatchback (141_) 1000 benzina 44 cai DENSO DOX-1351 FIAT | DENSO - Autorival\" \/>\n<meta name=\"twitter:description\" content=\"\u26a1 Sonda Lambda FIAT PANDA Caseta\/ Hatchback (141_) 1000 benzina 44 cai DENSO DOX-1351 pentru FIAT la doar 528.15 RON. \u2713 Cod: DOX-1351 \u2713 Brand: DENSO \u2713 \u00cen stoc \u2713 Livrare 24h \u2713 Garan\u021bie!\" \/>\n<script type=\"application\/ld+json\" class=\"yoast-schema-graph\">{\"@context\":\"https:\\\/\\\/schema.org\",\"@graph\":[{\"@type\":\"WebPage\",\"@id\":\"https:\\\/\\\/autorival.ro\\\/fiat\\\/product\\\/sonda-lambda-fiat-panda-caseta-hatchback-141_-1000-benzina-44-cai-denso-dox-1351\\\/\",\"url\":\"https:\\\/\\\/autorival.ro\\\/fiat\\\/product\\\/sonda-lambda-fiat-panda-caseta-hatchback-141_-1000-benzina-44-cai-denso-dox-1351\\\/\",\"name\":\"Sonda Lambda FIAT PANDA Caseta\\\/ Hatchback (141_) 1000 benzina 44 cai DENSO DOX-1351 FIAT | DENSO - Autorival\",\"isPartOf\":{\"@id\":\"https:\\\/\\\/autorival.ro\\\/fiat\\\/#website\"},\"primaryImageOfPage\":{\"@id\":\"https:\\\/\\\/autorival.ro\\\/fiat\\\/product\\\/sonda-lambda-fiat-panda-caseta-hatchback-141_-1000-benzina-44-cai-denso-dox-1351\\\/#primaryimage\"},\"image\":{\"@id\":\"https:\\\/\\\/autorival.ro\\\/fiat\\\/product\\\/sonda-lambda-fiat-panda-caseta-hatchback-141_-1000-benzina-44-cai-denso-dox-1351\\\/#primaryimage\"},\"thumbnailUrl\":\"https:\\\/\\\/autorival.ro\\\/fiat\\\/wp-content\\\/uploads\\\/sites\\\/9\\\/2025\\\/07\\\/fiat0105.png\",\"datePublished\":\"2025-05-26T03:47:37+00:00\",\"description\":\"\u26a1 Sonda Lambda FIAT PANDA Caseta\\\/ Hatchback (141_) 1000 benzina 44 cai DENSO DOX-1351 pentru FIAT la doar 528.15 RON. \u2713 Cod: DOX-1351 \u2713 Brand: DENSO \u2713 \u00cen stoc \u2713 Livrare 24h \u2713 Garan\u021bie!\",\"breadcrumb\":{\"@id\":\"https:\\\/\\\/autorival.ro\\\/fiat\\\/product\\\/sonda-lambda-fiat-panda-caseta-hatchback-141_-1000-benzina-44-cai-denso-dox-1351\\\/#breadcrumb\"},\"inLanguage\":\"en-US\",\"potentialAction\":[{\"@type\":\"ReadAction\",\"target\":[\"https:\\\/\\\/autorival.ro\\\/fiat\\\/product\\\/sonda-lambda-fiat-panda-caseta-hatchback-141_-1000-benzina-44-cai-denso-dox-1351\\\/\"]}]},{\"@type\":\"ImageObject\",\"inLanguage\":\"en-US\",\"@id\":\"https:\\\/\\\/autorival.ro\\\/fiat\\\/product\\\/sonda-lambda-fiat-panda-caseta-hatchback-141_-1000-benzina-44-cai-denso-dox-1351\\\/#primaryimage\",\"url\":\"https:\\\/\\\/autorival.ro\\\/fiat\\\/wp-content\\\/uploads\\\/sites\\\/9\\\/2025\\\/07\\\/fiat0105.png\",\"contentUrl\":\"https:\\\/\\\/autorival.ro\\\/fiat\\\/wp-content\\\/uploads\\\/sites\\\/9\\\/2025\\\/07\\\/fiat0105.png\",\"width\":474,\"height\":474},{\"@type\":\"BreadcrumbList\",\"@id\":\"https:\\\/\\\/autorival.ro\\\/fiat\\\/product\\\/sonda-lambda-fiat-panda-caseta-hatchback-141_-1000-benzina-44-cai-denso-dox-1351\\\/#breadcrumb\",\"itemListElement\":[{\"@type\":\"ListItem\",\"position\":1,\"name\":\"Prima pagin\u0103\",\"item\":\"https:\\\/\\\/autorival.ro\\\/fiat\\\/\"},{\"@type\":\"ListItem\",\"position\":2,\"name\":\"Piese auto FIAT\",\"item\":\"https:\\\/\\\/autorival.ro\\\/fiat\\\/\"},{\"@type\":\"ListItem\",\"position\":3,\"name\":\"Sonda Lambda FIAT PANDA Caseta\\\/ Hatchback (141_) 1000 benzina 44 cai DENSO DOX-1351\"}]},{\"@type\":\"WebSite\",\"@id\":\"https:\\\/\\\/autorival.ro\\\/fiat\\\/#website\",\"url\":\"https:\\\/\\\/autorival.ro\\\/fiat\\\/\",\"name\":\"FIAT\",\"description\":\"\",\"potentialAction\":[{\"@type\":\"SearchAction\",\"target\":{\"@type\":\"EntryPoint\",\"urlTemplate\":\"https:\\\/\\\/autorival.ro\\\/fiat\\\/?s={search_term_string}\"},\"query-input\":{\"@type\":\"PropertyValueSpecification\",\"valueRequired\":true,\"valueName\":\"search_term_string\"}}],\"inLanguage\":\"en-US\"}]}<\/script>\n<!-- \/ Yoast SEO plugin. -->","yoast_head_json":{"title":"Sonda Lambda FIAT PANDA Caseta\/ Hatchback (141_) 1000 benzina 44 cai DENSO DOX-1351 FIAT | DENSO - Autorival","description":"\u26a1 Sonda Lambda FIAT PANDA Caseta\/ Hatchback (141_) 1000 benzina 44 cai DENSO DOX-1351 pentru FIAT la doar 528.15 RON. \u2713 Cod: DOX-1351 \u2713 Brand: DENSO \u2713 \u00cen stoc \u2713 Livrare 24h \u2713 Garan\u021bie!","robots":{"index":"index","follow":"follow","max-snippet":"max-snippet:-1","max-image-preview":"max-image-preview:large","max-video-preview":"max-video-preview:-1"},"og_locale":"en_US","og_type":"article","og_title":"Sonda Lambda FIAT PANDA Caseta\/ Hatchback (141_) 1000 benzina 44 cai DENSO DOX-1351 FIAT | DENSO - Autorival","og_description":"\u26a1 Sonda Lambda FIAT PANDA Caseta\/ Hatchback (141_) 1000 benzina 44 cai DENSO DOX-1351 pentru FIAT la doar 528.15 RON. \u2713 Cod: DOX-1351 \u2713 Brand: DENSO \u2713 \u00cen stoc \u2713 Livrare 24h \u2713 Garan\u021bie!","og_url":"https:\/\/autorival.ro\/fiat\/product\/sonda-lambda-fiat-panda-caseta-hatchback-141_-1000-benzina-44-cai-denso-dox-1351\/","og_site_name":"FIAT","og_image":[{"width":474,"height":474,"url":"https:\/\/autorival.ro\/fiat\/wp-content\/uploads\/sites\/9\/2025\/07\/fiat0105.png","type":"image\/png"}],"twitter_card":"summary_large_image","twitter_title":"Sonda Lambda FIAT PANDA Caseta\/ Hatchback (141_) 1000 benzina 44 cai DENSO DOX-1351 FIAT | DENSO - Autorival","twitter_description":"\u26a1 Sonda Lambda FIAT PANDA Caseta\/ Hatchback (141_) 1000 benzina 44 cai DENSO DOX-1351 pentru FIAT la doar 528.15 RON. \u2713 Cod: DOX-1351 \u2713 Brand: DENSO \u2713 \u00cen stoc \u2713 Livrare 24h \u2713 Garan\u021bie!","schema":{"@context":"https:\/\/schema.org","@graph":[{"@type":"WebPage","@id":"https:\/\/autorival.ro\/fiat\/product\/sonda-lambda-fiat-panda-caseta-hatchback-141_-1000-benzina-44-cai-denso-dox-1351\/","url":"https:\/\/autorival.ro\/fiat\/product\/sonda-lambda-fiat-panda-caseta-hatchback-141_-1000-benzina-44-cai-denso-dox-1351\/","name":"Sonda Lambda FIAT PANDA Caseta\/ Hatchback (141_) 1000 benzina 44 cai DENSO DOX-1351 FIAT | DENSO - Autorival","isPartOf":{"@id":"https:\/\/autorival.ro\/fiat\/#website"},"primaryImageOfPage":{"@id":"https:\/\/autorival.ro\/fiat\/product\/sonda-lambda-fiat-panda-caseta-hatchback-141_-1000-benzina-44-cai-denso-dox-1351\/#primaryimage"},"image":{"@id":"https:\/\/autorival.ro\/fiat\/product\/sonda-lambda-fiat-panda-caseta-hatchback-141_-1000-benzina-44-cai-denso-dox-1351\/#primaryimage"},"thumbnailUrl":"https:\/\/autorival.ro\/fiat\/wp-content\/uploads\/sites\/9\/2025\/07\/fiat0105.png","datePublished":"2025-05-26T03:47:37+00:00","description":"\u26a1 Sonda Lambda FIAT PANDA Caseta\/ Hatchback (141_) 1000 benzina 44 cai DENSO DOX-1351 pentru FIAT la doar 528.15 RON. \u2713 Cod: DOX-1351 \u2713 Brand: DENSO \u2713 \u00cen stoc \u2713 Livrare 24h \u2713 Garan\u021bie!","breadcrumb":{"@id":"https:\/\/autorival.ro\/fiat\/product\/sonda-lambda-fiat-panda-caseta-hatchback-141_-1000-benzina-44-cai-denso-dox-1351\/#breadcrumb"},"inLanguage":"en-US","potentialAction":[{"@type":"ReadAction","target":["https:\/\/autorival.ro\/fiat\/product\/sonda-lambda-fiat-panda-caseta-hatchback-141_-1000-benzina-44-cai-denso-dox-1351\/"]}]},{"@type":"ImageObject","inLanguage":"en-US","@id":"https:\/\/autorival.ro\/fiat\/product\/sonda-lambda-fiat-panda-caseta-hatchback-141_-1000-benzina-44-cai-denso-dox-1351\/#primaryimage","url":"https:\/\/autorival.ro\/fiat\/wp-content\/uploads\/sites\/9\/2025\/07\/fiat0105.png","contentUrl":"https:\/\/autorival.ro\/fiat\/wp-content\/uploads\/sites\/9\/2025\/07\/fiat0105.png","width":474,"height":474},{"@type":"BreadcrumbList","@id":"https:\/\/autorival.ro\/fiat\/product\/sonda-lambda-fiat-panda-caseta-hatchback-141_-1000-benzina-44-cai-denso-dox-1351\/#breadcrumb","itemListElement":[{"@type":"ListItem","position":1,"name":"Prima pagin\u0103","item":"https:\/\/autorival.ro\/fiat\/"},{"@type":"ListItem","position":2,"name":"Piese auto FIAT","item":"https:\/\/autorival.ro\/fiat\/"},{"@type":"ListItem","position":3,"name":"Sonda Lambda FIAT PANDA Caseta\/ Hatchback (141_) 1000 benzina 44 cai DENSO DOX-1351"}]},{"@type":"WebSite","@id":"https:\/\/autorival.ro\/fiat\/#website","url":"https:\/\/autorival.ro\/fiat\/","name":"FIAT","description":"","potentialAction":[{"@type":"SearchAction","target":{"@type":"EntryPoint","urlTemplate":"https:\/\/autorival.ro\/fiat\/?s={search_term_string}"},"query-input":{"@type":"PropertyValueSpecification","valueRequired":true,"valueName":"search_term_string"}}],"inLanguage":"en-US"}]}},"_links":{"self":[{"href":"https:\/\/autorival.ro\/fiat\/wp-json\/wp\/v2\/product\/419917","targetHints":{"allow":["GET"]}}],"collection":[{"href":"https:\/\/autorival.ro\/fiat\/wp-json\/wp\/v2\/product"}],"about":[{"href":"https:\/\/autorival.ro\/fiat\/wp-json\/wp\/v2\/types\/product"}],"replies":[{"embeddable":true,"href":"https:\/\/autorival.ro\/fiat\/wp-json\/wp\/v2\/comments?post=419917"}],"wp:featuredmedia":[{"embeddable":true,"href":"https:\/\/autorival.ro\/fiat\/wp-json\/wp\/v2\/media\/455126"}],"wp:attachment":[{"href":"https:\/\/autorival.ro\/fiat\/wp-json\/wp\/v2\/media?parent=419917"}],"wp:term":[{"taxonomy":"product_brand","embeddable":true,"href":"https:\/\/autorival.ro\/fiat\/wp-json\/wp\/v2\/product_brand?post=419917"},{"taxonomy":"product_cat","embeddable":true,"href":"https:\/\/autorival.ro\/fiat\/wp-json\/wp\/v2\/product_cat?post=419917"},{"taxonomy":"product_tag","embeddable":true,"href":"https:\/\/autorival.ro\/fiat\/wp-json\/wp\/v2\/product_tag?post=419917"}],"curies":[{"name":"wp","href":"https:\/\/api.w.org\/{rel}","templated":true}]}}