{"id":106371,"date":"2025-05-15T14:40:24","date_gmt":"2025-05-15T14:40:24","guid":{"rendered":"https:\/\/autorival.ro\/fiat\/product\/cap-de-bara-fiat-500-312_-0-9-312axp1a-benzina-60-cai-kergen-ks68811\/"},"modified":"2025-05-15T14:40:25","modified_gmt":"2025-05-15T14:40:25","slug":"cap-de-bara-fiat-500-312_-0-9-312axp1a-benzina-60-cai-kergen-ks68811","status":"publish","type":"product","link":"https:\/\/autorival.ro\/fiat\/product\/cap-de-bara-fiat-500-312_-0-9-312axp1a-benzina-60-cai-kergen-ks68811\/","title":{"rendered":"Cap de bara FIAT 500 (312_) 0.9 (312AXP1A) benzina 60 cai KERGEN KS68811"},"content":{"rendered":"<p>Partea de montare: Axa fata stanga ->Lungime [mm]: 145 ->Dimensiune filet 1: M10x1,25 ->Dimensiune filet 2: M12x1,5\u00eenlocuire \u00een pereche recomandat\u0103Numar bucati necesare: 1Numar articol par: 216 020 0012<\/p>\n","protected":false},"excerpt":{"rendered":"<p>Producator: KERGEN Cod producator: KS68811<\/p>\n","protected":false},"featured_media":455126,"comment_status":"open","ping_status":"closed","template":"","meta":[],"product_brand":[3742],"product_cat":[7729],"product_tag":[38308,38297,38295,38791,38291,38643,38644],"class_list":{"0":"post-106371","1":"product","2":"type-product","3":"status-publish","4":"has-post-thumbnail","6":"product_brand-kergen","7":"product_cat-cap-de-bara-312_-0-9-312axp1a-benzina-60","8":"product_tag-312_","9":"product_tag-38297","10":"product_tag-bara","11":"product_tag-cap","12":"product_tag-fiat","13":"product_tag-kergen","14":"product_tag-ks","16":"first","17":"instock","18":"shipping-taxable","19":"purchasable","20":"product-type-simple"},"yoast_head":"<!-- This site is optimized with the Yoast SEO plugin v27.3 - https:\/\/yoast.com\/product\/yoast-seo-wordpress\/ -->\n<title>Cap de bara FIAT 500 (312_) 0.9 (312AXP1A) benzina 60 cai KERGEN KS68811 FIAT | KERGEN - Autorival<\/title>\n<meta name=\"description\" content=\"\u26a1 Cap de bara FIAT 500 (312_) 0.9 (312AXP1A) benzina 60 cai KERGEN KS68811 pentru FIAT la doar 64.06 RON. \u2713 Cod: KS68811 \u2713 Brand: KERGEN \u2713 \u00cen stoc \u2713 Livrare 24h \u2713 Garan\u021bie!\" \/>\n<meta name=\"robots\" content=\"index, follow, max-snippet:-1, max-image-preview:large, max-video-preview:-1\" \/>\n<meta property=\"og:locale\" content=\"en_US\" \/>\n<meta property=\"og:type\" content=\"article\" \/>\n<meta property=\"og:title\" content=\"Cap de bara FIAT 500 (312_) 0.9 (312AXP1A) benzina 60 cai KERGEN KS68811 FIAT | KERGEN - Autorival\" \/>\n<meta property=\"og:description\" content=\"\u26a1 Cap de bara FIAT 500 (312_) 0.9 (312AXP1A) benzina 60 cai KERGEN KS68811 pentru FIAT la doar 64.06 RON. \u2713 Cod: KS68811 \u2713 Brand: KERGEN \u2713 \u00cen stoc \u2713 Livrare 24h \u2713 Garan\u021bie!\" \/>\n<meta property=\"og:url\" content=\"https:\/\/autorival.ro\/fiat\/product\/cap-de-bara-fiat-500-312_-0-9-312axp1a-benzina-60-cai-kergen-ks68811\/\" \/>\n<meta property=\"og:site_name\" content=\"FIAT\" \/>\n<meta property=\"article:modified_time\" content=\"2025-05-15T14:40:25+00:00\" \/>\n<meta property=\"og:image\" content=\"https:\/\/autorival.ro\/fiat\/wp-content\/uploads\/sites\/9\/2025\/07\/fiat0105.png\" \/>\n\t<meta property=\"og:image:width\" content=\"474\" \/>\n\t<meta property=\"og:image:height\" content=\"474\" \/>\n\t<meta property=\"og:image:type\" content=\"image\/png\" \/>\n<meta name=\"twitter:card\" content=\"summary_large_image\" \/>\n<meta name=\"twitter:title\" content=\"Cap de bara FIAT 500 (312_) 0.9 (312AXP1A) benzina 60 cai KERGEN KS68811 FIAT | KERGEN - Autorival\" \/>\n<meta name=\"twitter:description\" content=\"\u26a1 Cap de bara FIAT 500 (312_) 0.9 (312AXP1A) benzina 60 cai KERGEN KS68811 pentru FIAT la doar 64.06 RON. \u2713 Cod: KS68811 \u2713 Brand: KERGEN \u2713 \u00cen stoc \u2713 Livrare 24h \u2713 Garan\u021bie!\" \/>\n<script type=\"application\/ld+json\" class=\"yoast-schema-graph\">{\"@context\":\"https:\\\/\\\/schema.org\",\"@graph\":[{\"@type\":\"WebPage\",\"@id\":\"https:\\\/\\\/autorival.ro\\\/fiat\\\/product\\\/cap-de-bara-fiat-500-312_-0-9-312axp1a-benzina-60-cai-kergen-ks68811\\\/\",\"url\":\"https:\\\/\\\/autorival.ro\\\/fiat\\\/product\\\/cap-de-bara-fiat-500-312_-0-9-312axp1a-benzina-60-cai-kergen-ks68811\\\/\",\"name\":\"Cap de bara FIAT 500 (312_) 0.9 (312AXP1A) benzina 60 cai KERGEN KS68811 FIAT | KERGEN - Autorival\",\"isPartOf\":{\"@id\":\"https:\\\/\\\/autorival.ro\\\/fiat\\\/#website\"},\"primaryImageOfPage\":{\"@id\":\"https:\\\/\\\/autorival.ro\\\/fiat\\\/product\\\/cap-de-bara-fiat-500-312_-0-9-312axp1a-benzina-60-cai-kergen-ks68811\\\/#primaryimage\"},\"image\":{\"@id\":\"https:\\\/\\\/autorival.ro\\\/fiat\\\/product\\\/cap-de-bara-fiat-500-312_-0-9-312axp1a-benzina-60-cai-kergen-ks68811\\\/#primaryimage\"},\"thumbnailUrl\":\"https:\\\/\\\/autorival.ro\\\/fiat\\\/wp-content\\\/uploads\\\/sites\\\/9\\\/2025\\\/07\\\/fiat0105.png\",\"datePublished\":\"2025-05-15T14:40:24+00:00\",\"dateModified\":\"2025-05-15T14:40:25+00:00\",\"description\":\"\u26a1 Cap de bara FIAT 500 (312_) 0.9 (312AXP1A) benzina 60 cai KERGEN KS68811 pentru FIAT la doar 64.06 RON. \u2713 Cod: KS68811 \u2713 Brand: KERGEN \u2713 \u00cen stoc \u2713 Livrare 24h \u2713 Garan\u021bie!\",\"breadcrumb\":{\"@id\":\"https:\\\/\\\/autorival.ro\\\/fiat\\\/product\\\/cap-de-bara-fiat-500-312_-0-9-312axp1a-benzina-60-cai-kergen-ks68811\\\/#breadcrumb\"},\"inLanguage\":\"en-US\",\"potentialAction\":[{\"@type\":\"ReadAction\",\"target\":[\"https:\\\/\\\/autorival.ro\\\/fiat\\\/product\\\/cap-de-bara-fiat-500-312_-0-9-312axp1a-benzina-60-cai-kergen-ks68811\\\/\"]}]},{\"@type\":\"ImageObject\",\"inLanguage\":\"en-US\",\"@id\":\"https:\\\/\\\/autorival.ro\\\/fiat\\\/product\\\/cap-de-bara-fiat-500-312_-0-9-312axp1a-benzina-60-cai-kergen-ks68811\\\/#primaryimage\",\"url\":\"https:\\\/\\\/autorival.ro\\\/fiat\\\/wp-content\\\/uploads\\\/sites\\\/9\\\/2025\\\/07\\\/fiat0105.png\",\"contentUrl\":\"https:\\\/\\\/autorival.ro\\\/fiat\\\/wp-content\\\/uploads\\\/sites\\\/9\\\/2025\\\/07\\\/fiat0105.png\",\"width\":474,\"height\":474},{\"@type\":\"BreadcrumbList\",\"@id\":\"https:\\\/\\\/autorival.ro\\\/fiat\\\/product\\\/cap-de-bara-fiat-500-312_-0-9-312axp1a-benzina-60-cai-kergen-ks68811\\\/#breadcrumb\",\"itemListElement\":[{\"@type\":\"ListItem\",\"position\":1,\"name\":\"Prima pagin\u0103\",\"item\":\"https:\\\/\\\/autorival.ro\\\/fiat\\\/\"},{\"@type\":\"ListItem\",\"position\":2,\"name\":\"Piese auto FIAT\",\"item\":\"https:\\\/\\\/autorival.ro\\\/fiat\\\/\"},{\"@type\":\"ListItem\",\"position\":3,\"name\":\"Cap de bara FIAT 500 (312_) 0.9 (312AXP1A) benzina 60 cai KERGEN KS68811\"}]},{\"@type\":\"WebSite\",\"@id\":\"https:\\\/\\\/autorival.ro\\\/fiat\\\/#website\",\"url\":\"https:\\\/\\\/autorival.ro\\\/fiat\\\/\",\"name\":\"FIAT\",\"description\":\"\",\"potentialAction\":[{\"@type\":\"SearchAction\",\"target\":{\"@type\":\"EntryPoint\",\"urlTemplate\":\"https:\\\/\\\/autorival.ro\\\/fiat\\\/?s={search_term_string}\"},\"query-input\":{\"@type\":\"PropertyValueSpecification\",\"valueRequired\":true,\"valueName\":\"search_term_string\"}}],\"inLanguage\":\"en-US\"}]}<\/script>\n<!-- \/ Yoast SEO plugin. -->","yoast_head_json":{"title":"Cap de bara FIAT 500 (312_) 0.9 (312AXP1A) benzina 60 cai KERGEN KS68811 FIAT | KERGEN - Autorival","description":"\u26a1 Cap de bara FIAT 500 (312_) 0.9 (312AXP1A) benzina 60 cai KERGEN KS68811 pentru FIAT la doar 64.06 RON. \u2713 Cod: KS68811 \u2713 Brand: KERGEN \u2713 \u00cen stoc \u2713 Livrare 24h \u2713 Garan\u021bie!","robots":{"index":"index","follow":"follow","max-snippet":"max-snippet:-1","max-image-preview":"max-image-preview:large","max-video-preview":"max-video-preview:-1"},"og_locale":"en_US","og_type":"article","og_title":"Cap de bara FIAT 500 (312_) 0.9 (312AXP1A) benzina 60 cai KERGEN KS68811 FIAT | KERGEN - Autorival","og_description":"\u26a1 Cap de bara FIAT 500 (312_) 0.9 (312AXP1A) benzina 60 cai KERGEN KS68811 pentru FIAT la doar 64.06 RON. \u2713 Cod: KS68811 \u2713 Brand: KERGEN \u2713 \u00cen stoc \u2713 Livrare 24h \u2713 Garan\u021bie!","og_url":"https:\/\/autorival.ro\/fiat\/product\/cap-de-bara-fiat-500-312_-0-9-312axp1a-benzina-60-cai-kergen-ks68811\/","og_site_name":"FIAT","article_modified_time":"2025-05-15T14:40:25+00:00","og_image":[{"width":474,"height":474,"url":"https:\/\/autorival.ro\/fiat\/wp-content\/uploads\/sites\/9\/2025\/07\/fiat0105.png","type":"image\/png"}],"twitter_card":"summary_large_image","twitter_title":"Cap de bara FIAT 500 (312_) 0.9 (312AXP1A) benzina 60 cai KERGEN KS68811 FIAT | KERGEN - Autorival","twitter_description":"\u26a1 Cap de bara FIAT 500 (312_) 0.9 (312AXP1A) benzina 60 cai KERGEN KS68811 pentru FIAT la doar 64.06 RON. \u2713 Cod: KS68811 \u2713 Brand: KERGEN \u2713 \u00cen stoc \u2713 Livrare 24h \u2713 Garan\u021bie!","schema":{"@context":"https:\/\/schema.org","@graph":[{"@type":"WebPage","@id":"https:\/\/autorival.ro\/fiat\/product\/cap-de-bara-fiat-500-312_-0-9-312axp1a-benzina-60-cai-kergen-ks68811\/","url":"https:\/\/autorival.ro\/fiat\/product\/cap-de-bara-fiat-500-312_-0-9-312axp1a-benzina-60-cai-kergen-ks68811\/","name":"Cap de bara FIAT 500 (312_) 0.9 (312AXP1A) benzina 60 cai KERGEN KS68811 FIAT | KERGEN - Autorival","isPartOf":{"@id":"https:\/\/autorival.ro\/fiat\/#website"},"primaryImageOfPage":{"@id":"https:\/\/autorival.ro\/fiat\/product\/cap-de-bara-fiat-500-312_-0-9-312axp1a-benzina-60-cai-kergen-ks68811\/#primaryimage"},"image":{"@id":"https:\/\/autorival.ro\/fiat\/product\/cap-de-bara-fiat-500-312_-0-9-312axp1a-benzina-60-cai-kergen-ks68811\/#primaryimage"},"thumbnailUrl":"https:\/\/autorival.ro\/fiat\/wp-content\/uploads\/sites\/9\/2025\/07\/fiat0105.png","datePublished":"2025-05-15T14:40:24+00:00","dateModified":"2025-05-15T14:40:25+00:00","description":"\u26a1 Cap de bara FIAT 500 (312_) 0.9 (312AXP1A) benzina 60 cai KERGEN KS68811 pentru FIAT la doar 64.06 RON. \u2713 Cod: KS68811 \u2713 Brand: KERGEN \u2713 \u00cen stoc \u2713 Livrare 24h \u2713 Garan\u021bie!","breadcrumb":{"@id":"https:\/\/autorival.ro\/fiat\/product\/cap-de-bara-fiat-500-312_-0-9-312axp1a-benzina-60-cai-kergen-ks68811\/#breadcrumb"},"inLanguage":"en-US","potentialAction":[{"@type":"ReadAction","target":["https:\/\/autorival.ro\/fiat\/product\/cap-de-bara-fiat-500-312_-0-9-312axp1a-benzina-60-cai-kergen-ks68811\/"]}]},{"@type":"ImageObject","inLanguage":"en-US","@id":"https:\/\/autorival.ro\/fiat\/product\/cap-de-bara-fiat-500-312_-0-9-312axp1a-benzina-60-cai-kergen-ks68811\/#primaryimage","url":"https:\/\/autorival.ro\/fiat\/wp-content\/uploads\/sites\/9\/2025\/07\/fiat0105.png","contentUrl":"https:\/\/autorival.ro\/fiat\/wp-content\/uploads\/sites\/9\/2025\/07\/fiat0105.png","width":474,"height":474},{"@type":"BreadcrumbList","@id":"https:\/\/autorival.ro\/fiat\/product\/cap-de-bara-fiat-500-312_-0-9-312axp1a-benzina-60-cai-kergen-ks68811\/#breadcrumb","itemListElement":[{"@type":"ListItem","position":1,"name":"Prima pagin\u0103","item":"https:\/\/autorival.ro\/fiat\/"},{"@type":"ListItem","position":2,"name":"Piese auto FIAT","item":"https:\/\/autorival.ro\/fiat\/"},{"@type":"ListItem","position":3,"name":"Cap de bara FIAT 500 (312_) 0.9 (312AXP1A) benzina 60 cai KERGEN KS68811"}]},{"@type":"WebSite","@id":"https:\/\/autorival.ro\/fiat\/#website","url":"https:\/\/autorival.ro\/fiat\/","name":"FIAT","description":"","potentialAction":[{"@type":"SearchAction","target":{"@type":"EntryPoint","urlTemplate":"https:\/\/autorival.ro\/fiat\/?s={search_term_string}"},"query-input":{"@type":"PropertyValueSpecification","valueRequired":true,"valueName":"search_term_string"}}],"inLanguage":"en-US"}]}},"_links":{"self":[{"href":"https:\/\/autorival.ro\/fiat\/wp-json\/wp\/v2\/product\/106371","targetHints":{"allow":["GET"]}}],"collection":[{"href":"https:\/\/autorival.ro\/fiat\/wp-json\/wp\/v2\/product"}],"about":[{"href":"https:\/\/autorival.ro\/fiat\/wp-json\/wp\/v2\/types\/product"}],"replies":[{"embeddable":true,"href":"https:\/\/autorival.ro\/fiat\/wp-json\/wp\/v2\/comments?post=106371"}],"wp:featuredmedia":[{"embeddable":true,"href":"https:\/\/autorival.ro\/fiat\/wp-json\/wp\/v2\/media\/455126"}],"wp:attachment":[{"href":"https:\/\/autorival.ro\/fiat\/wp-json\/wp\/v2\/media?parent=106371"}],"wp:term":[{"taxonomy":"product_brand","embeddable":true,"href":"https:\/\/autorival.ro\/fiat\/wp-json\/wp\/v2\/product_brand?post=106371"},{"taxonomy":"product_cat","embeddable":true,"href":"https:\/\/autorival.ro\/fiat\/wp-json\/wp\/v2\/product_cat?post=106371"},{"taxonomy":"product_tag","embeddable":true,"href":"https:\/\/autorival.ro\/fiat\/wp-json\/wp\/v2\/product_tag?post=106371"}],"curies":[{"name":"wp","href":"https:\/\/api.w.org\/{rel}","templated":true}]}}