{"id":1528925,"date":"2026-04-08T12:11:52","date_gmt":"2026-04-08T12:11:52","guid":{"rendered":"https:\/\/autorival.ro\/dacia\/product\/disc-frana-brembo-08-2958-14-dacia-logan-ls_-1461-cmc-k9k-792-diesel-68-brembo-08-2958-14\/"},"modified":"2026-04-08T12:11:52","modified_gmt":"2026-04-08T12:11:52","slug":"disc-frana-brembo-08-2958-14-dacia-logan-ls_-1461-cmc-k9k-792-diesel-68-brembo-08-2958-14","status":"publish","type":"product","link":"https:\/\/autorival.ro\/dacia\/product\/disc-frana-brembo-08-2958-14-dacia-logan-ls_-1461-cmc-k9k-792-diesel-68-brembo-08-2958-14\/","title":{"rendered":"Disc frana BREMBO 08.2958.14 DACIA LOGAN (LS_) 1,461 cmc (K9K 792) diesel 68 BREMBO 08.2958.14"},"content":{"rendered":"<p>Disc frana BREMBO 08.2958.14; An fabricatie de la: 198809; Articol completare\/Info suplimentar 2: cu suruburi; Diametru de centrare [mm]: 61; Diametru exterior [mm]: 238; Dinamica fr\u00e2nare\/conducere: pentru vehicule fara ABS; Grosime disc fr\u00e2na [mm]: 12; Grosime minima [mm]: 10,5; \u00cenaltime [mm]: 41; Moment strangere [Nm]: 90; Numar gauri: 4; Partea de montare: punte fata; Tip disc fr\u00e2na: plin<\/p>\n","protected":false},"excerpt":{"rendered":"<p>Producator: BREMBO Cod: 08.2958.14<\/p>\n","protected":false},"featured_media":1528926,"comment_status":"open","ping_status":"closed","template":"","meta":[],"product_brand":[13366],"product_cat":[10149],"product_tag":[],"class_list":{"0":"post-1528925","1":"product","2":"type-product","3":"status-publish","4":"has-post-thumbnail","6":"product_brand-brembo","7":"product_cat-rulment-roata-1461-cmc-k9k-792-diesel-68-logan-ls_","9":"first","10":"instock","11":"shipping-taxable","12":"purchasable","13":"product-type-simple"},"yoast_head":"<!-- This site is optimized with the Yoast SEO plugin v27.3 - https:\/\/yoast.com\/product\/yoast-seo-wordpress\/ -->\n<title>Disc frana BREMBO 08.2958.14 DACIA LOGAN (LS_) 1,461 cmc (K9K 792) diesel 68 BREMBO 08.2958.14 DACIA | BREMBO - Autorival<\/title>\n<meta name=\"description\" content=\"\u26a1 Disc frana BREMBO 08.2958.14 DACIA LOGAN (LS_) 1,461 cmc (K9K 792) diesel 68 BREMBO 08.2958.14 pentru DACIA. \u2713 Cod: 08 \u2713 Brand: BREMBO \u2713 \u00cen stoc \u2713 Livrare 24h \u2713 Garan\u021bie!\" \/>\n<meta name=\"robots\" content=\"index, follow, max-snippet:-1, max-image-preview:large, max-video-preview:-1\" \/>\n<meta property=\"og:locale\" content=\"en_US\" \/>\n<meta property=\"og:type\" content=\"article\" \/>\n<meta property=\"og:title\" content=\"Disc frana BREMBO 08.2958.14 DACIA LOGAN (LS_) 1,461 cmc (K9K 792) diesel 68 BREMBO 08.2958.14 DACIA | BREMBO - Autorival\" \/>\n<meta property=\"og:description\" content=\"\u26a1 Disc frana BREMBO 08.2958.14 DACIA LOGAN (LS_) 1,461 cmc (K9K 792) diesel 68 BREMBO 08.2958.14 pentru DACIA. \u2713 Cod: 08 \u2713 Brand: BREMBO \u2713 \u00cen stoc \u2713 Livrare 24h \u2713 Garan\u021bie!\" \/>\n<meta property=\"og:url\" content=\"https:\/\/autorival.ro\/dacia\/product\/disc-frana-brembo-08-2958-14-dacia-logan-ls_-1461-cmc-k9k-792-diesel-68-brembo-08-2958-14\/\" \/>\n<meta property=\"og:site_name\" content=\"DACIA\" \/>\n<meta name=\"twitter:card\" content=\"summary_large_image\" \/>\n<meta name=\"twitter:title\" content=\"Disc frana BREMBO 08.2958.14 DACIA LOGAN (LS_) 1,461 cmc (K9K 792) diesel 68 BREMBO 08.2958.14 DACIA | BREMBO - Autorival\" \/>\n<meta name=\"twitter:description\" content=\"\u26a1 Disc frana BREMBO 08.2958.14 DACIA LOGAN (LS_) 1,461 cmc (K9K 792) diesel 68 BREMBO 08.2958.14 pentru DACIA. \u2713 Cod: 08 \u2713 Brand: BREMBO \u2713 \u00cen stoc \u2713 Livrare 24h \u2713 Garan\u021bie!\" \/>\n<script type=\"application\/ld+json\" class=\"yoast-schema-graph\">{\"@context\":\"https:\\\/\\\/schema.org\",\"@graph\":[{\"@type\":\"WebPage\",\"@id\":\"https:\\\/\\\/autorival.ro\\\/dacia\\\/product\\\/disc-frana-brembo-08-2958-14-dacia-logan-ls_-1461-cmc-k9k-792-diesel-68-brembo-08-2958-14\\\/\",\"url\":\"https:\\\/\\\/autorival.ro\\\/dacia\\\/product\\\/disc-frana-brembo-08-2958-14-dacia-logan-ls_-1461-cmc-k9k-792-diesel-68-brembo-08-2958-14\\\/\",\"name\":\"Disc frana BREMBO 08.2958.14 DACIA LOGAN (LS_) 1,461 cmc (K9K 792) diesel 68 BREMBO 08.2958.14 DACIA | BREMBO - Autorival\",\"isPartOf\":{\"@id\":\"https:\\\/\\\/autorival.ro\\\/dacia\\\/#website\"},\"primaryImageOfPage\":{\"@id\":\"https:\\\/\\\/autorival.ro\\\/dacia\\\/product\\\/disc-frana-brembo-08-2958-14-dacia-logan-ls_-1461-cmc-k9k-792-diesel-68-brembo-08-2958-14\\\/#primaryimage\"},\"image\":{\"@id\":\"https:\\\/\\\/autorival.ro\\\/dacia\\\/product\\\/disc-frana-brembo-08-2958-14-dacia-logan-ls_-1461-cmc-k9k-792-diesel-68-brembo-08-2958-14\\\/#primaryimage\"},\"thumbnailUrl\":\"https:\\\/\\\/autorival.ro\\\/dacia\\\/wp-content\\\/uploads\\\/sites\\\/2\\\/2026\\\/04\\\/2058724_08295814-12.jpg\",\"datePublished\":\"2026-04-08T12:11:52+00:00\",\"description\":\"\u26a1 Disc frana BREMBO 08.2958.14 DACIA LOGAN (LS_) 1,461 cmc (K9K 792) diesel 68 BREMBO 08.2958.14 pentru DACIA. \u2713 Cod: 08 \u2713 Brand: BREMBO \u2713 \u00cen stoc \u2713 Livrare 24h \u2713 Garan\u021bie!\",\"breadcrumb\":{\"@id\":\"https:\\\/\\\/autorival.ro\\\/dacia\\\/product\\\/disc-frana-brembo-08-2958-14-dacia-logan-ls_-1461-cmc-k9k-792-diesel-68-brembo-08-2958-14\\\/#breadcrumb\"},\"inLanguage\":\"en-US\",\"potentialAction\":[{\"@type\":\"ReadAction\",\"target\":[\"https:\\\/\\\/autorival.ro\\\/dacia\\\/product\\\/disc-frana-brembo-08-2958-14-dacia-logan-ls_-1461-cmc-k9k-792-diesel-68-brembo-08-2958-14\\\/\"]}]},{\"@type\":\"ImageObject\",\"inLanguage\":\"en-US\",\"@id\":\"https:\\\/\\\/autorival.ro\\\/dacia\\\/product\\\/disc-frana-brembo-08-2958-14-dacia-logan-ls_-1461-cmc-k9k-792-diesel-68-brembo-08-2958-14\\\/#primaryimage\",\"url\":\"https:\\\/\\\/autorival.ro\\\/dacia\\\/wp-content\\\/uploads\\\/sites\\\/2\\\/2026\\\/04\\\/2058724_08295814-12.jpg\",\"contentUrl\":\"https:\\\/\\\/autorival.ro\\\/dacia\\\/wp-content\\\/uploads\\\/sites\\\/2\\\/2026\\\/04\\\/2058724_08295814-12.jpg\",\"width\":600,\"height\":400},{\"@type\":\"BreadcrumbList\",\"@id\":\"https:\\\/\\\/autorival.ro\\\/dacia\\\/product\\\/disc-frana-brembo-08-2958-14-dacia-logan-ls_-1461-cmc-k9k-792-diesel-68-brembo-08-2958-14\\\/#breadcrumb\",\"itemListElement\":[{\"@type\":\"ListItem\",\"position\":1,\"name\":\"Prima pagin\u0103\",\"item\":\"https:\\\/\\\/autorival.ro\\\/dacia\\\/\"},{\"@type\":\"ListItem\",\"position\":2,\"name\":\"Piese auto DACIA\",\"item\":\"https:\\\/\\\/autorival.ro\\\/dacia\\\/\"},{\"@type\":\"ListItem\",\"position\":3,\"name\":\"Disc frana BREMBO 08.2958.14 DACIA LOGAN (LS_) 1,461 cmc (K9K 792) diesel 68 BREMBO 08.2958.14\"}]},{\"@type\":\"WebSite\",\"@id\":\"https:\\\/\\\/autorival.ro\\\/dacia\\\/#website\",\"url\":\"https:\\\/\\\/autorival.ro\\\/dacia\\\/\",\"name\":\"DACIA\",\"description\":\"\",\"potentialAction\":[{\"@type\":\"SearchAction\",\"target\":{\"@type\":\"EntryPoint\",\"urlTemplate\":\"https:\\\/\\\/autorival.ro\\\/dacia\\\/?s={search_term_string}\"},\"query-input\":{\"@type\":\"PropertyValueSpecification\",\"valueRequired\":true,\"valueName\":\"search_term_string\"}}],\"inLanguage\":\"en-US\"}]}<\/script>\n<!-- \/ Yoast SEO plugin. -->","yoast_head_json":{"title":"Disc frana BREMBO 08.2958.14 DACIA LOGAN (LS_) 1,461 cmc (K9K 792) diesel 68 BREMBO 08.2958.14 DACIA | BREMBO - Autorival","description":"\u26a1 Disc frana BREMBO 08.2958.14 DACIA LOGAN (LS_) 1,461 cmc (K9K 792) diesel 68 BREMBO 08.2958.14 pentru DACIA. \u2713 Cod: 08 \u2713 Brand: BREMBO \u2713 \u00cen stoc \u2713 Livrare 24h \u2713 Garan\u021bie!","robots":{"index":"index","follow":"follow","max-snippet":"max-snippet:-1","max-image-preview":"max-image-preview:large","max-video-preview":"max-video-preview:-1"},"og_locale":"en_US","og_type":"article","og_title":"Disc frana BREMBO 08.2958.14 DACIA LOGAN (LS_) 1,461 cmc (K9K 792) diesel 68 BREMBO 08.2958.14 DACIA | BREMBO - Autorival","og_description":"\u26a1 Disc frana BREMBO 08.2958.14 DACIA LOGAN (LS_) 1,461 cmc (K9K 792) diesel 68 BREMBO 08.2958.14 pentru DACIA. \u2713 Cod: 08 \u2713 Brand: BREMBO \u2713 \u00cen stoc \u2713 Livrare 24h \u2713 Garan\u021bie!","og_url":"https:\/\/autorival.ro\/dacia\/product\/disc-frana-brembo-08-2958-14-dacia-logan-ls_-1461-cmc-k9k-792-diesel-68-brembo-08-2958-14\/","og_site_name":"DACIA","twitter_card":"summary_large_image","twitter_title":"Disc frana BREMBO 08.2958.14 DACIA LOGAN (LS_) 1,461 cmc (K9K 792) diesel 68 BREMBO 08.2958.14 DACIA | BREMBO - Autorival","twitter_description":"\u26a1 Disc frana BREMBO 08.2958.14 DACIA LOGAN (LS_) 1,461 cmc (K9K 792) diesel 68 BREMBO 08.2958.14 pentru DACIA. \u2713 Cod: 08 \u2713 Brand: BREMBO \u2713 \u00cen stoc \u2713 Livrare 24h \u2713 Garan\u021bie!","schema":{"@context":"https:\/\/schema.org","@graph":[{"@type":"WebPage","@id":"https:\/\/autorival.ro\/dacia\/product\/disc-frana-brembo-08-2958-14-dacia-logan-ls_-1461-cmc-k9k-792-diesel-68-brembo-08-2958-14\/","url":"https:\/\/autorival.ro\/dacia\/product\/disc-frana-brembo-08-2958-14-dacia-logan-ls_-1461-cmc-k9k-792-diesel-68-brembo-08-2958-14\/","name":"Disc frana BREMBO 08.2958.14 DACIA LOGAN (LS_) 1,461 cmc (K9K 792) diesel 68 BREMBO 08.2958.14 DACIA | BREMBO - Autorival","isPartOf":{"@id":"https:\/\/autorival.ro\/dacia\/#website"},"primaryImageOfPage":{"@id":"https:\/\/autorival.ro\/dacia\/product\/disc-frana-brembo-08-2958-14-dacia-logan-ls_-1461-cmc-k9k-792-diesel-68-brembo-08-2958-14\/#primaryimage"},"image":{"@id":"https:\/\/autorival.ro\/dacia\/product\/disc-frana-brembo-08-2958-14-dacia-logan-ls_-1461-cmc-k9k-792-diesel-68-brembo-08-2958-14\/#primaryimage"},"thumbnailUrl":"https:\/\/autorival.ro\/dacia\/wp-content\/uploads\/sites\/2\/2026\/04\/2058724_08295814-12.jpg","datePublished":"2026-04-08T12:11:52+00:00","description":"\u26a1 Disc frana BREMBO 08.2958.14 DACIA LOGAN (LS_) 1,461 cmc (K9K 792) diesel 68 BREMBO 08.2958.14 pentru DACIA. \u2713 Cod: 08 \u2713 Brand: BREMBO \u2713 \u00cen stoc \u2713 Livrare 24h \u2713 Garan\u021bie!","breadcrumb":{"@id":"https:\/\/autorival.ro\/dacia\/product\/disc-frana-brembo-08-2958-14-dacia-logan-ls_-1461-cmc-k9k-792-diesel-68-brembo-08-2958-14\/#breadcrumb"},"inLanguage":"en-US","potentialAction":[{"@type":"ReadAction","target":["https:\/\/autorival.ro\/dacia\/product\/disc-frana-brembo-08-2958-14-dacia-logan-ls_-1461-cmc-k9k-792-diesel-68-brembo-08-2958-14\/"]}]},{"@type":"ImageObject","inLanguage":"en-US","@id":"https:\/\/autorival.ro\/dacia\/product\/disc-frana-brembo-08-2958-14-dacia-logan-ls_-1461-cmc-k9k-792-diesel-68-brembo-08-2958-14\/#primaryimage","url":"https:\/\/autorival.ro\/dacia\/wp-content\/uploads\/sites\/2\/2026\/04\/2058724_08295814-12.jpg","contentUrl":"https:\/\/autorival.ro\/dacia\/wp-content\/uploads\/sites\/2\/2026\/04\/2058724_08295814-12.jpg","width":600,"height":400},{"@type":"BreadcrumbList","@id":"https:\/\/autorival.ro\/dacia\/product\/disc-frana-brembo-08-2958-14-dacia-logan-ls_-1461-cmc-k9k-792-diesel-68-brembo-08-2958-14\/#breadcrumb","itemListElement":[{"@type":"ListItem","position":1,"name":"Prima pagin\u0103","item":"https:\/\/autorival.ro\/dacia\/"},{"@type":"ListItem","position":2,"name":"Piese auto DACIA","item":"https:\/\/autorival.ro\/dacia\/"},{"@type":"ListItem","position":3,"name":"Disc frana BREMBO 08.2958.14 DACIA LOGAN (LS_) 1,461 cmc (K9K 792) diesel 68 BREMBO 08.2958.14"}]},{"@type":"WebSite","@id":"https:\/\/autorival.ro\/dacia\/#website","url":"https:\/\/autorival.ro\/dacia\/","name":"DACIA","description":"","potentialAction":[{"@type":"SearchAction","target":{"@type":"EntryPoint","urlTemplate":"https:\/\/autorival.ro\/dacia\/?s={search_term_string}"},"query-input":{"@type":"PropertyValueSpecification","valueRequired":true,"valueName":"search_term_string"}}],"inLanguage":"en-US"}]}},"_links":{"self":[{"href":"https:\/\/autorival.ro\/dacia\/wp-json\/wp\/v2\/product\/1528925","targetHints":{"allow":["GET"]}}],"collection":[{"href":"https:\/\/autorival.ro\/dacia\/wp-json\/wp\/v2\/product"}],"about":[{"href":"https:\/\/autorival.ro\/dacia\/wp-json\/wp\/v2\/types\/product"}],"replies":[{"embeddable":true,"href":"https:\/\/autorival.ro\/dacia\/wp-json\/wp\/v2\/comments?post=1528925"}],"wp:featuredmedia":[{"embeddable":true,"href":"https:\/\/autorival.ro\/dacia\/wp-json\/wp\/v2\/media\/1528926"}],"wp:attachment":[{"href":"https:\/\/autorival.ro\/dacia\/wp-json\/wp\/v2\/media?parent=1528925"}],"wp:term":[{"taxonomy":"product_brand","embeddable":true,"href":"https:\/\/autorival.ro\/dacia\/wp-json\/wp\/v2\/product_brand?post=1528925"},{"taxonomy":"product_cat","embeddable":true,"href":"https:\/\/autorival.ro\/dacia\/wp-json\/wp\/v2\/product_cat?post=1528925"},{"taxonomy":"product_tag","embeddable":true,"href":"https:\/\/autorival.ro\/dacia\/wp-json\/wp\/v2\/product_tag?post=1528925"}],"curies":[{"name":"wp","href":"https:\/\/api.w.org\/{rel}","templated":true}]}}