{"id":82,"date":"2025-06-09T20:22:36","date_gmt":"2025-06-09T20:22:36","guid":{"rendered":"https:\/\/autorival.ro\/citroen\/politica-de-confidentialitate\/"},"modified":"2025-06-09T20:22:36","modified_gmt":"2025-06-09T20:22:36","slug":"politica-de-confidentialitate","status":"publish","type":"page","link":"https:\/\/autorival.ro\/citroen\/politica-de-confidentialitate\/","title":{"rendered":"Politica de confiden\u021bialitate"},"content":{"rendered":"<p><b>Politica de confiden\u021bialitate Autorival<\/b><br \/>\nAceast\u0103 pagin\u0103 explic\u0103 modul \u00een care Autorival colecteaz\u0103, utilizeaz\u0103 \u0219i protejeaz\u0103 datele dvs. personale, conform legisla\u021biei europene \u0219i rom\u00e2ne privind protec\u021bia datelor (GDPR).<br \/>\n<b>Ce date colect\u0103m:<\/b><br \/>\n&#8211; Date de contact (nume, email, telefon etc. \u2013 dac\u0103 trimite\u021bi formular\/e-mail)<br \/>\n&#8211; Date de navigare (cookie-uri, IP, browser etc.)<br \/>\n<b>De ce colect\u0103m aceste date:<\/b><br \/>\n&#8211; Pentru func\u021bionarea corect\u0103 a site-ului<br \/>\n&#8211; Pentru analiz\u0103 trafic \u0219i optimizare<br \/>\n&#8211; Pentru a r\u0103spunde solicit\u0103rilor dvs.<br \/>\n<b>Cum folosim datele:<\/b><br \/>\n&#8211; Nu vindem \u0219i nu transfer\u0103m datele c\u0103tre ter\u021bi f\u0103r\u0103 consim\u021b\u0103m\u00e2ntul dvs.<br \/>\n&#8211; Datele pot fi stocate pe servere securizate \u00een UE.<br \/>\n<b>Drepturile dvs.:<\/b><br \/>\n&#8211; Dreptul la informare, acces, rectificare, \u0219tergere, restric\u021bionare, portabilitate, opozi\u021bie.<br \/>\n&#8211; Pentru orice solicitare: contact@autorival.ro<br \/>\n<b>Contact:<\/b><br \/>\nAutorival<br \/>\ncontact@autorival.ro<\/p>\n","protected":false},"excerpt":{"rendered":"<p>Politica de confiden\u021bialitate Autorival Aceast\u0103 pagin\u0103 explic\u0103 modul \u00een care Autorival colecteaz\u0103, utilizeaz\u0103 \u0219i protejeaz\u0103 datele dvs. personale, conform legisla\u021biei europene \u0219i rom\u00e2ne privind protec\u021bia datelor (GDPR). Ce date colect\u0103m: &#8211; Date de contact (nume, email, telefon etc. \u2013 dac\u0103 trimite\u021bi formular\/e-mail) &#8211; Date de navigare (cookie-uri, IP, browser etc.) De ce colect\u0103m aceste date: [&hellip;]<\/p>\n","protected":false},"author":1,"featured_media":0,"parent":0,"menu_order":0,"comment_status":"closed","ping_status":"closed","template":"","meta":{"footnotes":""},"class_list":["post-82","page","type-page","status-publish","hentry"],"yoast_head":"<!-- This site is optimized with the Yoast SEO plugin v27.4 - https:\/\/yoast.com\/product\/yoast-seo-wordpress\/ -->\n<title>Piese CITROEN | Politica de confiden\u021bialitate | Autorival<\/title>\n<meta name=\"description\" content=\"\u2b50 Politica de confiden\u021bialitate pentru CITROEN. \u2713 Piese originale \u0219i aftermarket \u2713 Garan\u021bie 2 ani \u2713 Livrare 24h!\" \/>\n<meta name=\"robots\" content=\"index, follow, max-snippet:-1, max-image-preview:large, max-video-preview:-1\" \/>\n<meta property=\"og:locale\" content=\"en_US\" \/>\n<meta property=\"og:type\" content=\"article\" \/>\n<meta property=\"og:title\" content=\"Piese CITROEN | Politica de confiden\u021bialitate | Autorival\" \/>\n<meta property=\"og:description\" content=\"\u2b50 Politica de confiden\u021bialitate pentru CITROEN. \u2713 Piese originale \u0219i aftermarket \u2713 Garan\u021bie 2 ani \u2713 Livrare 24h!\" \/>\n<meta property=\"og:url\" content=\"https:\/\/autorival.ro\/citroen\/politica-de-confidentialitate\/\" \/>\n<meta property=\"og:site_name\" content=\"CITROEN\" \/>\n<meta name=\"twitter:card\" content=\"summary_large_image\" \/>\n<meta name=\"twitter:label1\" content=\"Est. reading time\" \/>\n\t<meta name=\"twitter:data1\" content=\"1 minute\" \/>\n<script type=\"application\/ld+json\" class=\"yoast-schema-graph\">{\"@context\":\"https:\\\/\\\/schema.org\",\"@graph\":[{\"@type\":\"WebPage\",\"@id\":\"https:\\\/\\\/autorival.ro\\\/citroen\\\/politica-de-confidentialitate\\\/\",\"url\":\"https:\\\/\\\/autorival.ro\\\/citroen\\\/politica-de-confidentialitate\\\/\",\"name\":\"Piese CITROEN | Politica de confiden\u021bialitate | Autorival\",\"isPartOf\":{\"@id\":\"https:\\\/\\\/autorival.ro\\\/citroen\\\/#website\"},\"datePublished\":\"2025-06-09T20:22:36+00:00\",\"description\":\"\u2b50 Politica de confiden\u021bialitate pentru CITROEN. \u2713 Piese originale \u0219i aftermarket \u2713 Garan\u021bie 2 ani \u2713 Livrare 24h!\",\"breadcrumb\":{\"@id\":\"https:\\\/\\\/autorival.ro\\\/citroen\\\/politica-de-confidentialitate\\\/#breadcrumb\"},\"inLanguage\":\"en-US\",\"potentialAction\":[{\"@type\":\"ReadAction\",\"target\":[\"https:\\\/\\\/autorival.ro\\\/citroen\\\/politica-de-confidentialitate\\\/\"]}]},{\"@type\":\"BreadcrumbList\",\"@id\":\"https:\\\/\\\/autorival.ro\\\/citroen\\\/politica-de-confidentialitate\\\/#breadcrumb\",\"itemListElement\":[{\"@type\":\"ListItem\",\"position\":1,\"name\":\"Prima pagin\u0103\",\"item\":\"https:\\\/\\\/autorival.ro\\\/citroen\\\/\"},{\"@type\":\"ListItem\",\"position\":2,\"name\":\"Politica de confiden\u021bialitate\"}]},{\"@type\":\"WebSite\",\"@id\":\"https:\\\/\\\/autorival.ro\\\/citroen\\\/#website\",\"url\":\"https:\\\/\\\/autorival.ro\\\/citroen\\\/\",\"name\":\"CITROEN\",\"description\":\"\",\"potentialAction\":[{\"@type\":\"SearchAction\",\"target\":{\"@type\":\"EntryPoint\",\"urlTemplate\":\"https:\\\/\\\/autorival.ro\\\/citroen\\\/?s={search_term_string}\"},\"query-input\":{\"@type\":\"PropertyValueSpecification\",\"valueRequired\":true,\"valueName\":\"search_term_string\"}}],\"inLanguage\":\"en-US\"}]}<\/script>\n<!-- \/ Yoast SEO plugin. -->","yoast_head_json":{"title":"Piese CITROEN | Politica de confiden\u021bialitate | Autorival","description":"\u2b50 Politica de confiden\u021bialitate pentru CITROEN. \u2713 Piese originale \u0219i aftermarket \u2713 Garan\u021bie 2 ani \u2713 Livrare 24h!","robots":{"index":"index","follow":"follow","max-snippet":"max-snippet:-1","max-image-preview":"max-image-preview:large","max-video-preview":"max-video-preview:-1"},"og_locale":"en_US","og_type":"article","og_title":"Piese CITROEN | Politica de confiden\u021bialitate | Autorival","og_description":"\u2b50 Politica de confiden\u021bialitate pentru CITROEN. \u2713 Piese originale \u0219i aftermarket \u2713 Garan\u021bie 2 ani \u2713 Livrare 24h!","og_url":"https:\/\/autorival.ro\/citroen\/politica-de-confidentialitate\/","og_site_name":"CITROEN","twitter_card":"summary_large_image","twitter_misc":{"Est. reading time":"1 minute"},"schema":{"@context":"https:\/\/schema.org","@graph":[{"@type":"WebPage","@id":"https:\/\/autorival.ro\/citroen\/politica-de-confidentialitate\/","url":"https:\/\/autorival.ro\/citroen\/politica-de-confidentialitate\/","name":"Piese CITROEN | Politica de confiden\u021bialitate | Autorival","isPartOf":{"@id":"https:\/\/autorival.ro\/citroen\/#website"},"datePublished":"2025-06-09T20:22:36+00:00","description":"\u2b50 Politica de confiden\u021bialitate pentru CITROEN. \u2713 Piese originale \u0219i aftermarket \u2713 Garan\u021bie 2 ani \u2713 Livrare 24h!","breadcrumb":{"@id":"https:\/\/autorival.ro\/citroen\/politica-de-confidentialitate\/#breadcrumb"},"inLanguage":"en-US","potentialAction":[{"@type":"ReadAction","target":["https:\/\/autorival.ro\/citroen\/politica-de-confidentialitate\/"]}]},{"@type":"BreadcrumbList","@id":"https:\/\/autorival.ro\/citroen\/politica-de-confidentialitate\/#breadcrumb","itemListElement":[{"@type":"ListItem","position":1,"name":"Prima pagin\u0103","item":"https:\/\/autorival.ro\/citroen\/"},{"@type":"ListItem","position":2,"name":"Politica de confiden\u021bialitate"}]},{"@type":"WebSite","@id":"https:\/\/autorival.ro\/citroen\/#website","url":"https:\/\/autorival.ro\/citroen\/","name":"CITROEN","description":"","potentialAction":[{"@type":"SearchAction","target":{"@type":"EntryPoint","urlTemplate":"https:\/\/autorival.ro\/citroen\/?s={search_term_string}"},"query-input":{"@type":"PropertyValueSpecification","valueRequired":true,"valueName":"search_term_string"}}],"inLanguage":"en-US"}]}},"_links":{"self":[{"href":"https:\/\/autorival.ro\/citroen\/wp-json\/wp\/v2\/pages\/82","targetHints":{"allow":["GET"]}}],"collection":[{"href":"https:\/\/autorival.ro\/citroen\/wp-json\/wp\/v2\/pages"}],"about":[{"href":"https:\/\/autorival.ro\/citroen\/wp-json\/wp\/v2\/types\/page"}],"author":[{"embeddable":true,"href":"https:\/\/autorival.ro\/citroen\/wp-json\/wp\/v2\/users\/1"}],"replies":[{"embeddable":true,"href":"https:\/\/autorival.ro\/citroen\/wp-json\/wp\/v2\/comments?post=82"}],"version-history":[{"count":0,"href":"https:\/\/autorival.ro\/citroen\/wp-json\/wp\/v2\/pages\/82\/revisions"}],"wp:attachment":[{"href":"https:\/\/autorival.ro\/citroen\/wp-json\/wp\/v2\/media?parent=82"}],"curies":[{"name":"wp","href":"https:\/\/api.w.org\/{rel}","templated":true}]}}