{"id":224118,"date":"2025-05-03T11:30:43","date_gmt":"2025-05-03T11:30:43","guid":{"rendered":"https:\/\/autorival.ro\/chevrolet\/product\/placute-frana-chevrolet-spark-m300-1-0-benzina-65-cai-brembo-p-10-054\/"},"modified":"2025-05-03T11:30:44","modified_gmt":"2025-05-03T11:30:44","slug":"placute-frana-chevrolet-spark-m300-1-0-benzina-65-cai-brembo-p-10-054","status":"publish","type":"product","link":"https:\/\/autorival.ro\/chevrolet\/product\/placute-frana-chevrolet-spark-m300-1-0-benzina-65-cai-brembo-p-10-054\/","title":{"rendered":"Placute frana CHEVROLET SPARK (M300) 1.0 benzina 65 cai BREMBO P 10 054"},"content":{"rendered":"<p>Partea de montare: punte fata ->Latime [mm]: 133 ->Grosime [mm]: 18\u00cenaltime [mm]: 49Contact indicator uzura: cu avertizare acustica uzuraArticol extins\/Informatii de extindere: fara accesoriiSistem de fr\u00e2nare: AkebonoNum\u0103rul indicatorilor de uzur\u0103 [per ax\u0103]: 2Numar WVA: 25268, 25269, 25270<\/p>\n","protected":false},"excerpt":{"rendered":"<p>Producator: BREMBO Cod producator: P 10 054<\/p>\n","protected":false},"featured_media":99799,"comment_status":"open","ping_status":"closed","template":"","meta":[],"product_brand":[11094],"product_cat":[64767],"product_tag":[72332,72696,72279,72649,73065,72292],"class_list":{"0":"post-224118","1":"product","2":"type-product","3":"status-publish","4":"has-post-thumbnail","6":"product_brand-brembo","7":"product_cat-placute-frana-m300-1-0-benzina-65-3","8":"product_tag-m300","9":"product_tag-brembo","10":"product_tag-chevrolet","11":"product_tag-frana","12":"product_tag-placute","13":"product_tag-spark","15":"first","16":"instock","17":"shipping-taxable","18":"purchasable","19":"product-type-simple"},"yoast_head":"<!-- This site is optimized with the Yoast SEO plugin v27.3 - https:\/\/yoast.com\/product\/yoast-seo-wordpress\/ -->\n<title>Placute frana CHEVROLET SPARK (M300) 1.0 benzina 65 cai BREMBO P 10 054 CHEVROLET | BREMBO - Autorival<\/title>\n<meta name=\"description\" content=\"\u26a1 Placute frana CHEVROLET SPARK (M300) 1.0 benzina 65 cai BREMBO P 10 054 pentru CHEVROLET la doar 146.27 RON. \u2713 Cod: P \u2713 Brand: BREMBO \u2713 \u00cen stoc \u2713 Livrare 24h \u2713 Garan\u021bie!\" \/>\n<meta name=\"robots\" content=\"index, follow, max-snippet:-1, max-image-preview:large, max-video-preview:-1\" \/>\n<meta property=\"og:locale\" content=\"en_US\" \/>\n<meta property=\"og:type\" content=\"article\" \/>\n<meta property=\"og:title\" content=\"Placute frana CHEVROLET SPARK (M300) 1.0 benzina 65 cai BREMBO P 10 054 CHEVROLET | BREMBO - Autorival\" \/>\n<meta property=\"og:description\" content=\"\u26a1 Placute frana CHEVROLET SPARK (M300) 1.0 benzina 65 cai BREMBO P 10 054 pentru CHEVROLET la doar 146.27 RON. \u2713 Cod: P \u2713 Brand: BREMBO \u2713 \u00cen stoc \u2713 Livrare 24h \u2713 Garan\u021bie!\" \/>\n<meta property=\"og:url\" content=\"https:\/\/autorival.ro\/chevrolet\/product\/placute-frana-chevrolet-spark-m300-1-0-benzina-65-cai-brembo-p-10-054\/\" \/>\n<meta property=\"og:site_name\" content=\"CHEVROLET\" \/>\n<meta property=\"article:modified_time\" content=\"2025-05-03T11:30:44+00:00\" \/>\n<meta property=\"og:image\" content=\"https:\/\/autorival.ro\/chevrolet\/wp-content\/uploads\/sites\/7\/2025\/04\/p10054.jpg\" \/>\n\t<meta property=\"og:image:width\" content=\"2340\" \/>\n\t<meta property=\"og:image:height\" content=\"1655\" \/>\n\t<meta property=\"og:image:type\" content=\"image\/jpeg\" \/>\n<meta name=\"twitter:card\" content=\"summary_large_image\" \/>\n<meta name=\"twitter:title\" content=\"Placute frana CHEVROLET SPARK (M300) 1.0 benzina 65 cai BREMBO P 10 054 CHEVROLET | BREMBO - Autorival\" \/>\n<meta name=\"twitter:description\" content=\"\u26a1 Placute frana CHEVROLET SPARK (M300) 1.0 benzina 65 cai BREMBO P 10 054 pentru CHEVROLET la doar 146.27 RON. \u2713 Cod: P \u2713 Brand: BREMBO \u2713 \u00cen stoc \u2713 Livrare 24h \u2713 Garan\u021bie!\" \/>\n<script type=\"application\/ld+json\" class=\"yoast-schema-graph\">{\"@context\":\"https:\\\/\\\/schema.org\",\"@graph\":[{\"@type\":\"WebPage\",\"@id\":\"https:\\\/\\\/autorival.ro\\\/chevrolet\\\/product\\\/placute-frana-chevrolet-spark-m300-1-0-benzina-65-cai-brembo-p-10-054\\\/\",\"url\":\"https:\\\/\\\/autorival.ro\\\/chevrolet\\\/product\\\/placute-frana-chevrolet-spark-m300-1-0-benzina-65-cai-brembo-p-10-054\\\/\",\"name\":\"Placute frana CHEVROLET SPARK (M300) 1.0 benzina 65 cai BREMBO P 10 054 CHEVROLET | BREMBO - Autorival\",\"isPartOf\":{\"@id\":\"https:\\\/\\\/autorival.ro\\\/chevrolet\\\/#website\"},\"primaryImageOfPage\":{\"@id\":\"https:\\\/\\\/autorival.ro\\\/chevrolet\\\/product\\\/placute-frana-chevrolet-spark-m300-1-0-benzina-65-cai-brembo-p-10-054\\\/#primaryimage\"},\"image\":{\"@id\":\"https:\\\/\\\/autorival.ro\\\/chevrolet\\\/product\\\/placute-frana-chevrolet-spark-m300-1-0-benzina-65-cai-brembo-p-10-054\\\/#primaryimage\"},\"thumbnailUrl\":\"https:\\\/\\\/autorival.ro\\\/chevrolet\\\/wp-content\\\/uploads\\\/sites\\\/7\\\/2025\\\/04\\\/p10054.jpg\",\"datePublished\":\"2025-05-03T11:30:43+00:00\",\"dateModified\":\"2025-05-03T11:30:44+00:00\",\"description\":\"\u26a1 Placute frana CHEVROLET SPARK (M300) 1.0 benzina 65 cai BREMBO P 10 054 pentru CHEVROLET la doar 146.27 RON. \u2713 Cod: P \u2713 Brand: BREMBO \u2713 \u00cen stoc \u2713 Livrare 24h \u2713 Garan\u021bie!\",\"breadcrumb\":{\"@id\":\"https:\\\/\\\/autorival.ro\\\/chevrolet\\\/product\\\/placute-frana-chevrolet-spark-m300-1-0-benzina-65-cai-brembo-p-10-054\\\/#breadcrumb\"},\"inLanguage\":\"en-US\",\"potentialAction\":[{\"@type\":\"ReadAction\",\"target\":[\"https:\\\/\\\/autorival.ro\\\/chevrolet\\\/product\\\/placute-frana-chevrolet-spark-m300-1-0-benzina-65-cai-brembo-p-10-054\\\/\"]}]},{\"@type\":\"ImageObject\",\"inLanguage\":\"en-US\",\"@id\":\"https:\\\/\\\/autorival.ro\\\/chevrolet\\\/product\\\/placute-frana-chevrolet-spark-m300-1-0-benzina-65-cai-brembo-p-10-054\\\/#primaryimage\",\"url\":\"https:\\\/\\\/autorival.ro\\\/chevrolet\\\/wp-content\\\/uploads\\\/sites\\\/7\\\/2025\\\/04\\\/p10054.jpg\",\"contentUrl\":\"https:\\\/\\\/autorival.ro\\\/chevrolet\\\/wp-content\\\/uploads\\\/sites\\\/7\\\/2025\\\/04\\\/p10054.jpg\",\"width\":2340,\"height\":1655,\"caption\":\"Placute frana -> CHEVROLET SPARK (M300) 1.0 benzina 65 cai -> BREMBO P 10 054\"},{\"@type\":\"BreadcrumbList\",\"@id\":\"https:\\\/\\\/autorival.ro\\\/chevrolet\\\/product\\\/placute-frana-chevrolet-spark-m300-1-0-benzina-65-cai-brembo-p-10-054\\\/#breadcrumb\",\"itemListElement\":[{\"@type\":\"ListItem\",\"position\":1,\"name\":\"Prima pagin\u0103\",\"item\":\"https:\\\/\\\/autorival.ro\\\/chevrolet\\\/\"},{\"@type\":\"ListItem\",\"position\":2,\"name\":\"Piese auto CHEVROLET\",\"item\":\"https:\\\/\\\/autorival.ro\\\/chevrolet\\\/\"},{\"@type\":\"ListItem\",\"position\":3,\"name\":\"Placute frana CHEVROLET SPARK (M300) 1.0 benzina 65 cai BREMBO P 10 054\"}]},{\"@type\":\"WebSite\",\"@id\":\"https:\\\/\\\/autorival.ro\\\/chevrolet\\\/#website\",\"url\":\"https:\\\/\\\/autorival.ro\\\/chevrolet\\\/\",\"name\":\"CHEVROLET\",\"description\":\"\",\"potentialAction\":[{\"@type\":\"SearchAction\",\"target\":{\"@type\":\"EntryPoint\",\"urlTemplate\":\"https:\\\/\\\/autorival.ro\\\/chevrolet\\\/?s={search_term_string}\"},\"query-input\":{\"@type\":\"PropertyValueSpecification\",\"valueRequired\":true,\"valueName\":\"search_term_string\"}}],\"inLanguage\":\"en-US\"}]}<\/script>\n<!-- \/ Yoast SEO plugin. -->","yoast_head_json":{"title":"Placute frana CHEVROLET SPARK (M300) 1.0 benzina 65 cai BREMBO P 10 054 CHEVROLET | BREMBO - Autorival","description":"\u26a1 Placute frana CHEVROLET SPARK (M300) 1.0 benzina 65 cai BREMBO P 10 054 pentru CHEVROLET la doar 146.27 RON. \u2713 Cod: P \u2713 Brand: BREMBO \u2713 \u00cen stoc \u2713 Livrare 24h \u2713 Garan\u021bie!","robots":{"index":"index","follow":"follow","max-snippet":"max-snippet:-1","max-image-preview":"max-image-preview:large","max-video-preview":"max-video-preview:-1"},"og_locale":"en_US","og_type":"article","og_title":"Placute frana CHEVROLET SPARK (M300) 1.0 benzina 65 cai BREMBO P 10 054 CHEVROLET | BREMBO - Autorival","og_description":"\u26a1 Placute frana CHEVROLET SPARK (M300) 1.0 benzina 65 cai BREMBO P 10 054 pentru CHEVROLET la doar 146.27 RON. \u2713 Cod: P \u2713 Brand: BREMBO \u2713 \u00cen stoc \u2713 Livrare 24h \u2713 Garan\u021bie!","og_url":"https:\/\/autorival.ro\/chevrolet\/product\/placute-frana-chevrolet-spark-m300-1-0-benzina-65-cai-brembo-p-10-054\/","og_site_name":"CHEVROLET","article_modified_time":"2025-05-03T11:30:44+00:00","og_image":[{"width":2340,"height":1655,"url":"https:\/\/autorival.ro\/chevrolet\/wp-content\/uploads\/sites\/7\/2025\/04\/p10054.jpg","type":"image\/jpeg"}],"twitter_card":"summary_large_image","twitter_title":"Placute frana CHEVROLET SPARK (M300) 1.0 benzina 65 cai BREMBO P 10 054 CHEVROLET | BREMBO - Autorival","twitter_description":"\u26a1 Placute frana CHEVROLET SPARK (M300) 1.0 benzina 65 cai BREMBO P 10 054 pentru CHEVROLET la doar 146.27 RON. \u2713 Cod: P \u2713 Brand: BREMBO \u2713 \u00cen stoc \u2713 Livrare 24h \u2713 Garan\u021bie!","schema":{"@context":"https:\/\/schema.org","@graph":[{"@type":"WebPage","@id":"https:\/\/autorival.ro\/chevrolet\/product\/placute-frana-chevrolet-spark-m300-1-0-benzina-65-cai-brembo-p-10-054\/","url":"https:\/\/autorival.ro\/chevrolet\/product\/placute-frana-chevrolet-spark-m300-1-0-benzina-65-cai-brembo-p-10-054\/","name":"Placute frana CHEVROLET SPARK (M300) 1.0 benzina 65 cai BREMBO P 10 054 CHEVROLET | BREMBO - Autorival","isPartOf":{"@id":"https:\/\/autorival.ro\/chevrolet\/#website"},"primaryImageOfPage":{"@id":"https:\/\/autorival.ro\/chevrolet\/product\/placute-frana-chevrolet-spark-m300-1-0-benzina-65-cai-brembo-p-10-054\/#primaryimage"},"image":{"@id":"https:\/\/autorival.ro\/chevrolet\/product\/placute-frana-chevrolet-spark-m300-1-0-benzina-65-cai-brembo-p-10-054\/#primaryimage"},"thumbnailUrl":"https:\/\/autorival.ro\/chevrolet\/wp-content\/uploads\/sites\/7\/2025\/04\/p10054.jpg","datePublished":"2025-05-03T11:30:43+00:00","dateModified":"2025-05-03T11:30:44+00:00","description":"\u26a1 Placute frana CHEVROLET SPARK (M300) 1.0 benzina 65 cai BREMBO P 10 054 pentru CHEVROLET la doar 146.27 RON. \u2713 Cod: P \u2713 Brand: BREMBO \u2713 \u00cen stoc \u2713 Livrare 24h \u2713 Garan\u021bie!","breadcrumb":{"@id":"https:\/\/autorival.ro\/chevrolet\/product\/placute-frana-chevrolet-spark-m300-1-0-benzina-65-cai-brembo-p-10-054\/#breadcrumb"},"inLanguage":"en-US","potentialAction":[{"@type":"ReadAction","target":["https:\/\/autorival.ro\/chevrolet\/product\/placute-frana-chevrolet-spark-m300-1-0-benzina-65-cai-brembo-p-10-054\/"]}]},{"@type":"ImageObject","inLanguage":"en-US","@id":"https:\/\/autorival.ro\/chevrolet\/product\/placute-frana-chevrolet-spark-m300-1-0-benzina-65-cai-brembo-p-10-054\/#primaryimage","url":"https:\/\/autorival.ro\/chevrolet\/wp-content\/uploads\/sites\/7\/2025\/04\/p10054.jpg","contentUrl":"https:\/\/autorival.ro\/chevrolet\/wp-content\/uploads\/sites\/7\/2025\/04\/p10054.jpg","width":2340,"height":1655,"caption":"Placute frana -> CHEVROLET SPARK (M300) 1.0 benzina 65 cai -> BREMBO P 10 054"},{"@type":"BreadcrumbList","@id":"https:\/\/autorival.ro\/chevrolet\/product\/placute-frana-chevrolet-spark-m300-1-0-benzina-65-cai-brembo-p-10-054\/#breadcrumb","itemListElement":[{"@type":"ListItem","position":1,"name":"Prima pagin\u0103","item":"https:\/\/autorival.ro\/chevrolet\/"},{"@type":"ListItem","position":2,"name":"Piese auto CHEVROLET","item":"https:\/\/autorival.ro\/chevrolet\/"},{"@type":"ListItem","position":3,"name":"Placute frana CHEVROLET SPARK (M300) 1.0 benzina 65 cai BREMBO P 10 054"}]},{"@type":"WebSite","@id":"https:\/\/autorival.ro\/chevrolet\/#website","url":"https:\/\/autorival.ro\/chevrolet\/","name":"CHEVROLET","description":"","potentialAction":[{"@type":"SearchAction","target":{"@type":"EntryPoint","urlTemplate":"https:\/\/autorival.ro\/chevrolet\/?s={search_term_string}"},"query-input":{"@type":"PropertyValueSpecification","valueRequired":true,"valueName":"search_term_string"}}],"inLanguage":"en-US"}]}},"_links":{"self":[{"href":"https:\/\/autorival.ro\/chevrolet\/wp-json\/wp\/v2\/product\/224118","targetHints":{"allow":["GET"]}}],"collection":[{"href":"https:\/\/autorival.ro\/chevrolet\/wp-json\/wp\/v2\/product"}],"about":[{"href":"https:\/\/autorival.ro\/chevrolet\/wp-json\/wp\/v2\/types\/product"}],"replies":[{"embeddable":true,"href":"https:\/\/autorival.ro\/chevrolet\/wp-json\/wp\/v2\/comments?post=224118"}],"wp:featuredmedia":[{"embeddable":true,"href":"https:\/\/autorival.ro\/chevrolet\/wp-json\/wp\/v2\/media\/99799"}],"wp:attachment":[{"href":"https:\/\/autorival.ro\/chevrolet\/wp-json\/wp\/v2\/media?parent=224118"}],"wp:term":[{"taxonomy":"product_brand","embeddable":true,"href":"https:\/\/autorival.ro\/chevrolet\/wp-json\/wp\/v2\/product_brand?post=224118"},{"taxonomy":"product_cat","embeddable":true,"href":"https:\/\/autorival.ro\/chevrolet\/wp-json\/wp\/v2\/product_cat?post=224118"},{"taxonomy":"product_tag","embeddable":true,"href":"https:\/\/autorival.ro\/chevrolet\/wp-json\/wp\/v2\/product_tag?post=224118"}],"curies":[{"name":"wp","href":"https:\/\/api.w.org\/{rel}","templated":true}]}}