{"id":194703,"date":"2025-05-03T02:33:12","date_gmt":"2025-05-03T02:33:12","guid":{"rendered":"https:\/\/autorival.ro\/chevrolet\/product\/filtru-polen-chevrolet-aveo-hatchback-t300-1-2-lpg-benzina-autogaz-gpl-86-cai-mann-filter-fp-2442\/"},"modified":"2025-05-03T02:33:12","modified_gmt":"2025-05-03T02:33:12","slug":"filtru-polen-chevrolet-aveo-hatchback-t300-1-2-lpg-benzina-autogaz-gpl-86-cai-mann-filter-fp-2442","status":"publish","type":"product","link":"https:\/\/autorival.ro\/chevrolet\/product\/filtru-polen-chevrolet-aveo-hatchback-t300-1-2-lpg-benzina-autogaz-gpl-86-cai-mann-filter-fp-2442\/","title":{"rendered":"Filtru polen CHEVROLET AVEO hatchback (T300) 1.2 LPG Benzina\/Autogaz (GPL) 86 cai MANN-FILTER FP 2442"},"content":{"rendered":"<p>Tip filtru: Filtru carbune activ cu polifenol, cu efect antibacterial, Filtru praf fin (PM 2.5), cu efect fungicid, Filtru carbon activVersiunea de baz\u0103 (nr. art.): CU 2442Versiunea de baz\u0103 cu c\u0103rbune activ (nr. art.): CUK 2442Partea de montare: \u00een spatele torpedouluiTimp de montare [min]: 20 ->Lungime [mm]: 240 ->Latime [mm]: 204\u00cenaltime [mm]: 35<\/p>\n","protected":false},"excerpt":{"rendered":"<p>Producator: MANN-FILTER Cod producator: FP 2442<\/p>\n","protected":false},"featured_media":229,"comment_status":"open","ping_status":"closed","template":"","meta":[],"product_brand":[10936],"product_cat":[61862],"product_tag":[72280,72279,72665,72904,72281,72865,72896],"class_list":{"0":"post-194703","1":"product","2":"type-product","3":"status-publish","4":"has-post-thumbnail","6":"product_brand-mann-filter","7":"product_cat-filtru-polen","8":"product_tag-aveo","9":"product_tag-chevrolet","10":"product_tag-filtru","11":"product_tag-fp","12":"product_tag-lpg","13":"product_tag-mann","14":"product_tag-polen","16":"first","17":"instock","18":"shipping-taxable","19":"purchasable","20":"product-type-simple"},"yoast_head":"<!-- This site is optimized with the Yoast SEO plugin v27.3 - https:\/\/yoast.com\/product\/yoast-seo-wordpress\/ -->\n<title>Filtru polen CHEVROLET AVEO hatchback (T300) 1.2 LPG Benzina\/Autogaz (GPL) 86 cai MANN-FILTER FP 2442 CHEVROLET | MANN-FILTER - Autorival<\/title>\n<meta name=\"description\" content=\"\u26a1 Filtru polen CHEVROLET AVEO hatchback (T300) 1.2 LPG Benzina\/Autogaz (GPL) 86 cai MANN-FILTER FP 2442 pentru CHEVROLET la doar 165 RON. \u2713 Cod: FP \u2713 Brand: MANN-FILTER \u2713 \u00cen stoc \u2713 Livrare 24h \u2713 Garan\u021bie!\" \/>\n<meta name=\"robots\" content=\"index, follow, max-snippet:-1, max-image-preview:large, max-video-preview:-1\" \/>\n<meta property=\"og:locale\" content=\"en_US\" \/>\n<meta property=\"og:type\" content=\"article\" \/>\n<meta property=\"og:title\" content=\"Filtru polen CHEVROLET AVEO hatchback (T300) 1.2 LPG Benzina\/Autogaz (GPL) 86 cai MANN-FILTER FP 2442 CHEVROLET | MANN-FILTER - Autorival\" \/>\n<meta property=\"og:description\" content=\"\u26a1 Filtru polen CHEVROLET AVEO hatchback (T300) 1.2 LPG Benzina\/Autogaz (GPL) 86 cai MANN-FILTER FP 2442 pentru CHEVROLET la doar 165 RON. \u2713 Cod: FP \u2713 Brand: MANN-FILTER \u2713 \u00cen stoc \u2713 Livrare 24h \u2713 Garan\u021bie!\" \/>\n<meta property=\"og:url\" content=\"https:\/\/autorival.ro\/chevrolet\/product\/filtru-polen-chevrolet-aveo-hatchback-t300-1-2-lpg-benzina-autogaz-gpl-86-cai-mann-filter-fp-2442\/\" \/>\n<meta property=\"og:site_name\" content=\"CHEVROLET\" \/>\n<meta property=\"og:image\" content=\"https:\/\/autorival.ro\/chevrolet\/wp-content\/uploads\/sites\/7\/2025\/04\/fp_2442.jpg\" \/>\n\t<meta property=\"og:image:width\" content=\"1000\" \/>\n\t<meta property=\"og:image:height\" content=\"448\" \/>\n\t<meta property=\"og:image:type\" content=\"image\/jpeg\" \/>\n<meta name=\"twitter:card\" content=\"summary_large_image\" \/>\n<meta name=\"twitter:title\" content=\"Filtru polen CHEVROLET AVEO hatchback (T300) 1.2 LPG Benzina\/Autogaz (GPL) 86 cai MANN-FILTER FP 2442 CHEVROLET | MANN-FILTER - Autorival\" \/>\n<meta name=\"twitter:description\" content=\"\u26a1 Filtru polen CHEVROLET AVEO hatchback (T300) 1.2 LPG Benzina\/Autogaz (GPL) 86 cai MANN-FILTER FP 2442 pentru CHEVROLET la doar 165 RON. \u2713 Cod: FP \u2713 Brand: MANN-FILTER \u2713 \u00cen stoc \u2713 Livrare 24h \u2713 Garan\u021bie!\" \/>\n<script type=\"application\/ld+json\" class=\"yoast-schema-graph\">{\"@context\":\"https:\\\/\\\/schema.org\",\"@graph\":[{\"@type\":\"WebPage\",\"@id\":\"https:\\\/\\\/autorival.ro\\\/chevrolet\\\/product\\\/filtru-polen-chevrolet-aveo-hatchback-t300-1-2-lpg-benzina-autogaz-gpl-86-cai-mann-filter-fp-2442\\\/\",\"url\":\"https:\\\/\\\/autorival.ro\\\/chevrolet\\\/product\\\/filtru-polen-chevrolet-aveo-hatchback-t300-1-2-lpg-benzina-autogaz-gpl-86-cai-mann-filter-fp-2442\\\/\",\"name\":\"Filtru polen CHEVROLET AVEO hatchback (T300) 1.2 LPG Benzina\\\/Autogaz (GPL) 86 cai MANN-FILTER FP 2442 CHEVROLET | MANN-FILTER - Autorival\",\"isPartOf\":{\"@id\":\"https:\\\/\\\/autorival.ro\\\/chevrolet\\\/#website\"},\"primaryImageOfPage\":{\"@id\":\"https:\\\/\\\/autorival.ro\\\/chevrolet\\\/product\\\/filtru-polen-chevrolet-aveo-hatchback-t300-1-2-lpg-benzina-autogaz-gpl-86-cai-mann-filter-fp-2442\\\/#primaryimage\"},\"image\":{\"@id\":\"https:\\\/\\\/autorival.ro\\\/chevrolet\\\/product\\\/filtru-polen-chevrolet-aveo-hatchback-t300-1-2-lpg-benzina-autogaz-gpl-86-cai-mann-filter-fp-2442\\\/#primaryimage\"},\"thumbnailUrl\":\"https:\\\/\\\/autorival.ro\\\/chevrolet\\\/wp-content\\\/uploads\\\/sites\\\/7\\\/2025\\\/04\\\/fp_2442.jpg\",\"datePublished\":\"2025-05-03T02:33:12+00:00\",\"description\":\"\u26a1 Filtru polen CHEVROLET AVEO hatchback (T300) 1.2 LPG Benzina\\\/Autogaz (GPL) 86 cai MANN-FILTER FP 2442 pentru CHEVROLET la doar 165 RON. \u2713 Cod: FP \u2713 Brand: MANN-FILTER \u2713 \u00cen stoc \u2713 Livrare 24h \u2713 Garan\u021bie!\",\"breadcrumb\":{\"@id\":\"https:\\\/\\\/autorival.ro\\\/chevrolet\\\/product\\\/filtru-polen-chevrolet-aveo-hatchback-t300-1-2-lpg-benzina-autogaz-gpl-86-cai-mann-filter-fp-2442\\\/#breadcrumb\"},\"inLanguage\":\"en-US\",\"potentialAction\":[{\"@type\":\"ReadAction\",\"target\":[\"https:\\\/\\\/autorival.ro\\\/chevrolet\\\/product\\\/filtru-polen-chevrolet-aveo-hatchback-t300-1-2-lpg-benzina-autogaz-gpl-86-cai-mann-filter-fp-2442\\\/\"]}]},{\"@type\":\"ImageObject\",\"inLanguage\":\"en-US\",\"@id\":\"https:\\\/\\\/autorival.ro\\\/chevrolet\\\/product\\\/filtru-polen-chevrolet-aveo-hatchback-t300-1-2-lpg-benzina-autogaz-gpl-86-cai-mann-filter-fp-2442\\\/#primaryimage\",\"url\":\"https:\\\/\\\/autorival.ro\\\/chevrolet\\\/wp-content\\\/uploads\\\/sites\\\/7\\\/2025\\\/04\\\/fp_2442.jpg\",\"contentUrl\":\"https:\\\/\\\/autorival.ro\\\/chevrolet\\\/wp-content\\\/uploads\\\/sites\\\/7\\\/2025\\\/04\\\/fp_2442.jpg\",\"width\":1000,\"height\":448,\"caption\":\"Filtru polen -> CHEVROLET AVEO hatchback (T300) 1.2 benzina 69 cai -> MANN-FILTER FP 2442\"},{\"@type\":\"BreadcrumbList\",\"@id\":\"https:\\\/\\\/autorival.ro\\\/chevrolet\\\/product\\\/filtru-polen-chevrolet-aveo-hatchback-t300-1-2-lpg-benzina-autogaz-gpl-86-cai-mann-filter-fp-2442\\\/#breadcrumb\",\"itemListElement\":[{\"@type\":\"ListItem\",\"position\":1,\"name\":\"Prima pagin\u0103\",\"item\":\"https:\\\/\\\/autorival.ro\\\/chevrolet\\\/\"},{\"@type\":\"ListItem\",\"position\":2,\"name\":\"Piese auto CHEVROLET\",\"item\":\"https:\\\/\\\/autorival.ro\\\/chevrolet\\\/\"},{\"@type\":\"ListItem\",\"position\":3,\"name\":\"Filtru polen CHEVROLET AVEO hatchback (T300) 1.2 LPG Benzina\\\/Autogaz (GPL) 86 cai MANN-FILTER FP 2442\"}]},{\"@type\":\"WebSite\",\"@id\":\"https:\\\/\\\/autorival.ro\\\/chevrolet\\\/#website\",\"url\":\"https:\\\/\\\/autorival.ro\\\/chevrolet\\\/\",\"name\":\"CHEVROLET\",\"description\":\"\",\"potentialAction\":[{\"@type\":\"SearchAction\",\"target\":{\"@type\":\"EntryPoint\",\"urlTemplate\":\"https:\\\/\\\/autorival.ro\\\/chevrolet\\\/?s={search_term_string}\"},\"query-input\":{\"@type\":\"PropertyValueSpecification\",\"valueRequired\":true,\"valueName\":\"search_term_string\"}}],\"inLanguage\":\"en-US\"}]}<\/script>\n<!-- \/ Yoast SEO plugin. -->","yoast_head_json":{"title":"Filtru polen CHEVROLET AVEO hatchback (T300) 1.2 LPG Benzina\/Autogaz (GPL) 86 cai MANN-FILTER FP 2442 CHEVROLET | MANN-FILTER - Autorival","description":"\u26a1 Filtru polen CHEVROLET AVEO hatchback (T300) 1.2 LPG Benzina\/Autogaz (GPL) 86 cai MANN-FILTER FP 2442 pentru CHEVROLET la doar 165 RON. \u2713 Cod: FP \u2713 Brand: MANN-FILTER \u2713 \u00cen stoc \u2713 Livrare 24h \u2713 Garan\u021bie!","robots":{"index":"index","follow":"follow","max-snippet":"max-snippet:-1","max-image-preview":"max-image-preview:large","max-video-preview":"max-video-preview:-1"},"og_locale":"en_US","og_type":"article","og_title":"Filtru polen CHEVROLET AVEO hatchback (T300) 1.2 LPG Benzina\/Autogaz (GPL) 86 cai MANN-FILTER FP 2442 CHEVROLET | MANN-FILTER - Autorival","og_description":"\u26a1 Filtru polen CHEVROLET AVEO hatchback (T300) 1.2 LPG Benzina\/Autogaz (GPL) 86 cai MANN-FILTER FP 2442 pentru CHEVROLET la doar 165 RON. \u2713 Cod: FP \u2713 Brand: MANN-FILTER \u2713 \u00cen stoc \u2713 Livrare 24h \u2713 Garan\u021bie!","og_url":"https:\/\/autorival.ro\/chevrolet\/product\/filtru-polen-chevrolet-aveo-hatchback-t300-1-2-lpg-benzina-autogaz-gpl-86-cai-mann-filter-fp-2442\/","og_site_name":"CHEVROLET","og_image":[{"width":1000,"height":448,"url":"https:\/\/autorival.ro\/chevrolet\/wp-content\/uploads\/sites\/7\/2025\/04\/fp_2442.jpg","type":"image\/jpeg"}],"twitter_card":"summary_large_image","twitter_title":"Filtru polen CHEVROLET AVEO hatchback (T300) 1.2 LPG Benzina\/Autogaz (GPL) 86 cai MANN-FILTER FP 2442 CHEVROLET | MANN-FILTER - Autorival","twitter_description":"\u26a1 Filtru polen CHEVROLET AVEO hatchback (T300) 1.2 LPG Benzina\/Autogaz (GPL) 86 cai MANN-FILTER FP 2442 pentru CHEVROLET la doar 165 RON. \u2713 Cod: FP \u2713 Brand: MANN-FILTER \u2713 \u00cen stoc \u2713 Livrare 24h \u2713 Garan\u021bie!","schema":{"@context":"https:\/\/schema.org","@graph":[{"@type":"WebPage","@id":"https:\/\/autorival.ro\/chevrolet\/product\/filtru-polen-chevrolet-aveo-hatchback-t300-1-2-lpg-benzina-autogaz-gpl-86-cai-mann-filter-fp-2442\/","url":"https:\/\/autorival.ro\/chevrolet\/product\/filtru-polen-chevrolet-aveo-hatchback-t300-1-2-lpg-benzina-autogaz-gpl-86-cai-mann-filter-fp-2442\/","name":"Filtru polen CHEVROLET AVEO hatchback (T300) 1.2 LPG Benzina\/Autogaz (GPL) 86 cai MANN-FILTER FP 2442 CHEVROLET | MANN-FILTER - Autorival","isPartOf":{"@id":"https:\/\/autorival.ro\/chevrolet\/#website"},"primaryImageOfPage":{"@id":"https:\/\/autorival.ro\/chevrolet\/product\/filtru-polen-chevrolet-aveo-hatchback-t300-1-2-lpg-benzina-autogaz-gpl-86-cai-mann-filter-fp-2442\/#primaryimage"},"image":{"@id":"https:\/\/autorival.ro\/chevrolet\/product\/filtru-polen-chevrolet-aveo-hatchback-t300-1-2-lpg-benzina-autogaz-gpl-86-cai-mann-filter-fp-2442\/#primaryimage"},"thumbnailUrl":"https:\/\/autorival.ro\/chevrolet\/wp-content\/uploads\/sites\/7\/2025\/04\/fp_2442.jpg","datePublished":"2025-05-03T02:33:12+00:00","description":"\u26a1 Filtru polen CHEVROLET AVEO hatchback (T300) 1.2 LPG Benzina\/Autogaz (GPL) 86 cai MANN-FILTER FP 2442 pentru CHEVROLET la doar 165 RON. \u2713 Cod: FP \u2713 Brand: MANN-FILTER \u2713 \u00cen stoc \u2713 Livrare 24h \u2713 Garan\u021bie!","breadcrumb":{"@id":"https:\/\/autorival.ro\/chevrolet\/product\/filtru-polen-chevrolet-aveo-hatchback-t300-1-2-lpg-benzina-autogaz-gpl-86-cai-mann-filter-fp-2442\/#breadcrumb"},"inLanguage":"en-US","potentialAction":[{"@type":"ReadAction","target":["https:\/\/autorival.ro\/chevrolet\/product\/filtru-polen-chevrolet-aveo-hatchback-t300-1-2-lpg-benzina-autogaz-gpl-86-cai-mann-filter-fp-2442\/"]}]},{"@type":"ImageObject","inLanguage":"en-US","@id":"https:\/\/autorival.ro\/chevrolet\/product\/filtru-polen-chevrolet-aveo-hatchback-t300-1-2-lpg-benzina-autogaz-gpl-86-cai-mann-filter-fp-2442\/#primaryimage","url":"https:\/\/autorival.ro\/chevrolet\/wp-content\/uploads\/sites\/7\/2025\/04\/fp_2442.jpg","contentUrl":"https:\/\/autorival.ro\/chevrolet\/wp-content\/uploads\/sites\/7\/2025\/04\/fp_2442.jpg","width":1000,"height":448,"caption":"Filtru polen -> CHEVROLET AVEO hatchback (T300) 1.2 benzina 69 cai -> MANN-FILTER FP 2442"},{"@type":"BreadcrumbList","@id":"https:\/\/autorival.ro\/chevrolet\/product\/filtru-polen-chevrolet-aveo-hatchback-t300-1-2-lpg-benzina-autogaz-gpl-86-cai-mann-filter-fp-2442\/#breadcrumb","itemListElement":[{"@type":"ListItem","position":1,"name":"Prima pagin\u0103","item":"https:\/\/autorival.ro\/chevrolet\/"},{"@type":"ListItem","position":2,"name":"Piese auto CHEVROLET","item":"https:\/\/autorival.ro\/chevrolet\/"},{"@type":"ListItem","position":3,"name":"Filtru polen CHEVROLET AVEO hatchback (T300) 1.2 LPG Benzina\/Autogaz (GPL) 86 cai MANN-FILTER FP 2442"}]},{"@type":"WebSite","@id":"https:\/\/autorival.ro\/chevrolet\/#website","url":"https:\/\/autorival.ro\/chevrolet\/","name":"CHEVROLET","description":"","potentialAction":[{"@type":"SearchAction","target":{"@type":"EntryPoint","urlTemplate":"https:\/\/autorival.ro\/chevrolet\/?s={search_term_string}"},"query-input":{"@type":"PropertyValueSpecification","valueRequired":true,"valueName":"search_term_string"}}],"inLanguage":"en-US"}]}},"_links":{"self":[{"href":"https:\/\/autorival.ro\/chevrolet\/wp-json\/wp\/v2\/product\/194703","targetHints":{"allow":["GET"]}}],"collection":[{"href":"https:\/\/autorival.ro\/chevrolet\/wp-json\/wp\/v2\/product"}],"about":[{"href":"https:\/\/autorival.ro\/chevrolet\/wp-json\/wp\/v2\/types\/product"}],"replies":[{"embeddable":true,"href":"https:\/\/autorival.ro\/chevrolet\/wp-json\/wp\/v2\/comments?post=194703"}],"wp:featuredmedia":[{"embeddable":true,"href":"https:\/\/autorival.ro\/chevrolet\/wp-json\/wp\/v2\/media\/229"}],"wp:attachment":[{"href":"https:\/\/autorival.ro\/chevrolet\/wp-json\/wp\/v2\/media?parent=194703"}],"wp:term":[{"taxonomy":"product_brand","embeddable":true,"href":"https:\/\/autorival.ro\/chevrolet\/wp-json\/wp\/v2\/product_brand?post=194703"},{"taxonomy":"product_cat","embeddable":true,"href":"https:\/\/autorival.ro\/chevrolet\/wp-json\/wp\/v2\/product_cat?post=194703"},{"taxonomy":"product_tag","embeddable":true,"href":"https:\/\/autorival.ro\/chevrolet\/wp-json\/wp\/v2\/product_tag?post=194703"}],"curies":[{"name":"wp","href":"https:\/\/api.w.org\/{rel}","templated":true}]}}